CREATE TABLE IF NOT EXISTS `field_revision_field_taxonomy_issues` (
  `entity_type` varchar(128) CHARACTER SET latin1 NOT NULL DEFAULT '' COMMENT 'The entity type this data is attached to',
  `bundle` varchar(128) CHARACTER SET latin1 NOT NULL DEFAULT '' COMMENT 'The field instance bundle to which this row belongs, used when deleting a field instance',
  `deleted` tinyint(4) NOT NULL DEFAULT '0' COMMENT 'A boolean indicating whether this data item has been deleted',
  `entity_id` int(10) UNSIGNED NOT NULL COMMENT 'The entity id this data is attached to',
  `revision_id` int(10) UNSIGNED NOT NULL COMMENT 'The entity revision id this data is attached to',
  `language` varchar(32) CHARACTER SET latin1 NOT NULL DEFAULT '' COMMENT 'The language for this data item.',
  `delta` int(10) UNSIGNED NOT NULL COMMENT 'The sequence number for this data item, used for multi-value fields',
  `field_taxonomy_issues_tid` int(10) UNSIGNED DEFAULT NULL,
  PRIMARY KEY (`entity_type`,`entity_id`,`revision_id`,`deleted`,`delta`,`language`),
  KEY `entity_type` (`entity_type`),
  KEY `bundle` (`bundle`),
  KEY `deleted` (`deleted`),
  KEY `entity_id` (`entity_id`),
  KEY `revision_id` (`revision_id`),
  KEY `language` (`language`),
  KEY `field_taxonomy_issues_tid` (`field_taxonomy_issues_tid`)
) ENGINE=InnoDB DEFAULT CHARSET=utf8 COMMENT='Revision archive storage for field 37 (field_taxonomy...';

-- --------------------------------------------------------

--
-- Структура таблицы `field_revision_field_thumbnail_image`
--

CREATE TABLE IF NOT EXISTS `field_revision_field_thumbnail_image` (
  `entity_type` varchar(128) CHARACTER SET latin1 NOT NULL DEFAULT '' COMMENT 'The entity type this data is attached to',
  `bundle` varchar(128) CHARACTER SET latin1 NOT NULL DEFAULT '' COMMENT 'The field instance bundle to which this row belongs, used when deleting a field instance',
  `deleted` tinyint(4) NOT NULL DEFAULT '0' COMMENT 'A boolean indicating whether this data item has been deleted',
  `entity_id` int(10) UNSIGNED NOT NULL COMMENT 'The entity id this data is attached to',
  `revision_id` int(10) UNSIGNED NOT NULL COMMENT 'The entity revision id this data is attached to',
  `language` varchar(32) CHARACTER SET latin1 NOT NULL DEFAULT '' COMMENT 'The language for this data item.',
  `delta` int(10) UNSIGNED NOT NULL COMMENT 'The sequence number for this data item, used for multi-value fields',
  `field_thumbnail_image_fid` int(10) UNSIGNED DEFAULT NULL COMMENT 'The file_managed.fid being referenced in this field.',
  `field_thumbnail_image_alt` varchar(512) CHARACTER SET latin1 DEFAULT NULL COMMENT 'Alternative image text, for the imageâ€™s â€™altâ€™ attribute.',
  `field_thumbnail_image_title` varchar(1024) CHARACTER SET latin1 DEFAULT NULL COMMENT 'Image title text, for the imageâ€™s â€™titleâ€™ attribute.',
  `field_thumbnail_image_width` int(10) UNSIGNED DEFAULT NULL COMMENT 'The width of the image in pixels.',
  `field_thumbnail_image_height` int(10) UNSIGNED DEFAULT NULL COMMENT 'The height of the image in pixels.',
  PRIMARY KEY (`entity_type`,`entity_id`,`revision_id`,`deleted`,`delta`,`language`),
  KEY `entity_type` (`entity_type`),
  KEY `bundle` (`bundle`),
  KEY `deleted` (`deleted`),
  KEY `entity_id` (`entity_id`),
  KEY `revision_id` (`revision_id`),
  KEY `language` (`language`),
  KEY `field_thumbnail_image_fid` (`field_thumbnail_image_fid`)
) ENGINE=InnoDB DEFAULT CHARSET=utf8 COMMENT='Revision archive storage for field 29 (field_thumbnail...';

--
-- Дамп данных таблицы `field_revision_field_thumbnail_image`
--

INSERT INTO `field_revision_field_thumbnail_image` (`entity_type`, `bundle`, `deleted`, `entity_id`, `revision_id`, `language`, `delta`, `field_thumbnail_image_fid`, `field_thumbnail_image_alt`, `field_thumbnail_image_title`, `field_thumbnail_image_width`, `field_thumbnail_image_height`) VALUES
('node', 'document', 0, 60, 69, 'und', 0, 117, '', '', 80, 104),
('node', 'document', 0, 75, 91, 'und', 0, 118, '', '', 80, 104),
('node', 'home_page_feature', 0, 76, 92, 'und', 0, 116, '', '', 800, 582),
('node', 'document', 0, 77, 93, 'und', 0, 124, '', '', 80, 103),
('node', 'document', 0, 78, 94, 'und', 0, 123, '', '', 81, 111),
('node', 'document', 0, 79, 95, 'und', 0, 126, '', '', 80, 103),
('node', 'document', 0, 80, 96, 'und', 0, 128, '', '', 80, 104),
('node', 'document', 0, 84, 101, 'und', 0, 132, '', '', 80, 101),
('node', 'document', 0, 85, 102, 'und', 0, 134, '', '', 80, 103),
('node', 'document', 0, 86, 103, 'und', 0, 137, '', '', 100, 129),
('node', 'home_page_feature', 0, 477, 839, 'und', 0, 738, '', '', 975, 1125),
('node', 'home_page_feature', 0, 477, 840, 'und', 0, 738, '', '', 975, 1125),
('node', 'home_page_feature', 0, 477, 841, 'und', 0, 738, '', '', 975, 1125),
('node', 'home_page_feature', 0, 477, 842, 'und', 0, 738, '', '', 975, 1125),
('node', 'home_page_feature', 0, 477, 843, 'und', 0, 738, '', '', 975, 1125),
('node', 'home_page_feature', 0, 477, 844, 'und', 0, 738, '', '', 975, 1125),
('node', 'home_page_feature', 0, 477, 845, 'und', 0, 738, '', '', 975, 1125),
('node', 'home_page_feature', 0, 477, 867, 'und', 0, 738, '', '', 975, 1125),
('node', 'home_page_feature', 0, 477, 868, 'und', 0, 738, '', '', 975, 1125),
('node', 'home_page_feature', 0, 477, 869, 'und', 0, 738, '', '', 975, 1125),
('node', 'home_page_feature', 0, 477, 871, 'und', 0, 738, '', '', 975, 1125),
('node', 'home_page_feature', 0, 477, 872, 'und', 0, 738, '', '', 975, 1125),
('node', 'home_page_feature', 0, 477, 899, 'und', 0, 738, '', '', 975, 1125),
('node', 'home_page_feature', 0, 477, 1074, 'und', 0, 738, '', '', 975, 1125),
('node', 'document', 0, 485, 870, 'und', 0, 748, '', '', 83, 110),
('node', 'document', 0, 640, 1266, 'und', 0, 950, '', '', 83, 107),
('node', 'document', 0, 680, 1391, 'und', 0, 1005, '', '', 83, 107),
('node', 'document', 0, 759, 1554, 'und', 0, 1144, '', '', 83, 107),
('node', 'home_page_feature', 0, 763, 1565, 'und', 0, 1163, '', '', 665, 348);

-- --------------------------------------------------------

--
-- Структура таблицы `field_revision_field_url`
--

CREATE TABLE IF NOT EXISTS `field_revision_field_url` (
  `entity_type` varchar(128) CHARACTER SET latin1 NOT NULL DEFAULT '' COMMENT 'The entity type this data is attached to',
  `bundle` varchar(128) CHARACTER SET latin1 NOT NULL DEFAULT '' COMMENT 'The field instance bundle to which this row belongs, used when deleting a field instance',
  `deleted` tinyint(4) NOT NULL DEFAULT '0' COMMENT 'A boolean indicating whether this data item has been deleted',
  `entity_id` int(10) UNSIGNED NOT NULL COMMENT 'The entity id this data is attached to',
  `revision_id` int(10) UNSIGNED NOT NULL COMMENT 'The entity revision id this data is attached to',
  `language` varchar(32) CHARACTER SET latin1 NOT NULL DEFAULT '' COMMENT 'The language for this data item.',
  `delta` int(10) UNSIGNED NOT NULL COMMENT 'The sequence number for this data item, used for multi-value fields',
  `field_url_value` varchar(255) CHARACTER SET latin1 DEFAULT NULL,
  `field_url_format` varchar(255) CHARACTER SET latin1 DEFAULT NULL,
  PRIMARY KEY (`entity_type`,`entity_id`,`revision_id`,`deleted`,`delta`,`language`),
  KEY `entity_type` (`entity_type`),
  KEY `bundle` (`bundle`),
  KEY `deleted` (`deleted`),
  KEY `entity_id` (`entity_id`),
  KEY `revision_id` (`revision_id`),
  KEY `language` (`language`),
  KEY `field_url_format` (`field_url_format`)
) ENGINE=InnoDB DEFAULT CHARSET=utf8 COMMENT='Revision archive storage for field 30 (field_url)';

--
-- Дамп данных таблицы `field_revision_field_url`
--

INSERT INTO `field_revision_field_url` (`entity_type`, `bundle`, `deleted`, `entity_id`, `revision_id`, `language`, `delta`, `field_url_value`, `field_url_format`) VALUES
('node', 'home_page_feature', 0, 58, 64, 'und', 0, 'http://pfarmenia.wordpress.com/2012/01/25/armenias-economy-since-independence/', NULL),
('node', 'home_page_feature', 0, 58, 830, 'und', 0, 'http://pfa-dr.ectostarpark.com/press-release/pfas-co-founder-spoke-carnegie-endowment', NULL),
('node', 'home_page_feature', 0, 58, 1075, 'und', 0, 'http://www.pf-armenia.org/press-release/pfas-co-founder-spoke-carnegie-endowment', NULL),
('node', 'home_page_feature', 0, 58, 1436, 'und', 0, 'http://www.pf-armenia.org/press-release/pfas-co-founder-spoke-carnegie-endowment', NULL),
('node', 'home_page_feature', 0, 58, 1447, 'und', 0, 'http://www.pf-armenia.org/press-release/pfas-co-founder-spoke-carnegie-endowment', NULL),
('node', 'home_page_feature', 0, 76, 92, 'und', 0, 'http://www.pf-armenia.org/events/single-event-view/evening-in-memory-of-vigen-babayan/', NULL),
('node', 'home_page_feature', 0, 76, 367, 'und', 0, 'http://www.pf-armenia.org/events/single-event-view/evening-in-memory-of-vigen-babayan/', NULL),
('node', 'home_page_feature', 0, 76, 409, 'und', 0, 'http://www.pf-armenia.org/events/single-event-view/evening-in-memory-of-vigen-babayan/', NULL),
('node', 'home_page_feature', 0, 76, 411, 'und', 0, 'site-page/evening-memory-vigen-babayan', NULL),
('node', 'home_page_feature', 0, 76, 412, 'und', 0, 'site-page/evening-memory-vigen-babayan', NULL),
('node', 'home_page_feature', 0, 76, 536, 'und', 0, 'site-page/evening-memory-vigen-babayan', NULL),
('node', 'home_page_feature', 0, 76, 835, 'und', 0, 'site-page/evening-memory-vigen-babayan', NULL),
('node', 'home_page_feature', 0, 76, 836, 'und', 0, 'site-page/evening-memory-vigen-babayan', NULL),
('node', 'home_page_feature', 0, 76, 1448, 'und', 0, 'site-page/evening-memory-vigen-babayan', NULL),
('node', 'home_page_feature', 0, 278, 447, 'und', 0, 'event/high-level-economic-forum-yerevan', NULL),
('node', 'home_page_feature', 0, 278, 476, 'und', 0, 'event/high-level-economic-forum-yerevan', NULL),
('node', 'home_page_feature', 0, 278, 1076, 'und', 0, 'http://www.pf-armenia.org/event/pfas-2nd-annual-forum-armenia-diaspora-relations', NULL),
('node', 'home_page_feature', 0, 278, 1079, 'und', 0, 'http://www.pf-armenia.org/event/high-level-economic-forum-yerevan', NULL),
('node', 'home_page_feature', 0, 278, 1080, 'und', 0, 'http://www.pf-armenia.org/event/high-level-economic-forum-yerevan', NULL),
('node', 'home_page_feature', 0, 477, 839, 'und', 0, 'http://pfa-dr.ectostarpark.com/document/armenia-averting-economic-catastrophe', NULL),
('node', 'home_page_feature', 0, 477, 840, 'und', 0, 'http://pfa-dr.ectostarpark.com/document/armenia-averting-economic-catastrophe', NULL),
('node', 'home_page_feature', 0, 477, 841, 'und', 0, 'http://pfa-dr.ectostarpark.com/document/armenia-averting-economic-catastrophe', NULL),
('node', 'home_page_feature', 0, 477, 842, 'und', 0, 'http://pfa-dr.ectostarpark.com/document/armenia-averting-economic-catastrophe', NULL),
('node', 'home_page_feature', 0, 477, 843, 'und', 0, 'http://pfa-dr.ectostarpark.com/document/armenia-averting-economic-catastrophe', NULL),
('node', 'home_page_feature', 0, 477, 844, 'und', 0, 'http://pfa-dr.ectostarpark.com/document/armenia-averting-economic-catastrophe', NULL),
('node', 'home_page_feature', 0, 477, 845, 'und', 0, 'http://pfa-dr.ectostarpark.com/document/armenia-averting-economic-catastrophe', NULL),
('node', 'home_page_feature', 0, 477, 867, 'und', 0, 'http://pfa-dr.ectostarpark.com/document/armenia-averting-economic-catastrophe', NULL),
('node', 'home_page_feature', 0, 477, 868, 'und', 0, 'http://pfa-dr.ectostarpark.com/document/armenia-averting-economic-catastrophe', NULL),
('node', 'home_page_feature', 0, 477, 869, 'und', 0, 'http://pfa-dr.ectostarpark.com/document/armenia-averting-economic-catastrophe', NULL),
('node', 'home_page_feature', 0, 477, 871, 'und', 0, 'http://pfa-dr.ectostarpark.com/document/pfa-special-report-armenias-2012-parliamentary-election', NULL),
('node', 'home_page_feature', 0, 477, 872, 'und', 0, 'http://pfa-dr.ectostarpark.com/document/armenias-2012-parliamentary-election', NULL),
('node', 'home_page_feature', 0, 477, 899, 'und', 0, 'http://pfa-dr.ectostarpark.com/press-release/pfa-special-report-armenias-2012-parliamentary-election', NULL),
('node', 'home_page_feature', 0, 477, 1074, 'und', 0, 'http://www.pf-armenia.org/press-release/pfa-special-report-armenias-2012-parliamentary-election', NULL),
('node', 'home_page_feature', 0, 642, 1270, 'und', 0, 'document/pfas-report-corruption-armenia', NULL),
('node', 'home_page_feature', 0, 642, 1285, 'und', 0, 'http://www.pf-armenia.org/press-release/new-report-deconstructs-corruption-armenia-and-sounds-alarm-political-reform', NULL),
('node', 'home_page_feature', 0, 642, 1286, 'und', 0, 'http://www.pf-armenia.org/press-release/new-report-deconstructs-corruption-armenia-and-sounds-alarm-political-reform', NULL),
('node', 'home_page_feature', 0, 642, 1287, 'und', 0, 'http://www.pf-armenia.org/press-release/new-report-deconstructs-corruption-armenia-and-sounds-alarm-political-reform', NULL),
('node', 'home_page_feature', 0, 642, 1371, 'und', 0, 'http://www.pf-armenia.org/press-release/new-report-deconstructs-corruption-armenia-and-sounds-alarm-political-reform', NULL),
('node', 'home_page_feature', 0, 678, 1364, 'und', 0, 'http://www.pf-armenia.org/press-release/pfa%E2%80%99s-new-report-lays-out-roadmap-armenia%E2%80%99s-relations-west-and-new-vision-caucasus', NULL),
('node', 'home_page_feature', 0, 678, 1365, 'und', 0, 'http://www.pf-armenia.org/press-release/pfa%E2%80%99s-new-report-lays-out-roadmap-armenia%E2%80%99s-relations-west-and-new-vision-caucasus', NULL),
('node', 'home_page_feature', 0, 678, 1366, 'und', 0, 'http://www.pf-armenia.org/press-release/pfa%E2%80%99s-new-report-lays-out-roadmap-armenia%E2%80%99s-relations-west-and-new-vision-caucasus', NULL),
('node', 'home_page_feature', 0, 678, 1367, 'und', 0, 'http://www.pf-armenia.org/press-release/pfa%E2%80%99s-new-report-lays-out-roadmap-armenia%E2%80%99s-relations-west-and-new-vision-caucasus', NULL),
('node', 'home_page_feature', 0, 678, 1368, 'und', 0, 'http://www.pf-armenia.org/press-release/pfa%E2%80%99s-new-report-lays-out-roadmap-armenia%E2%80%99s-relations-west-and-new-vision-caucasus', NULL),
('node', 'home_page_feature', 0, 678, 1369, 'und', 0, 'http://www.pf-armenia.org/press-release/pfa%E2%80%99s-new-report-lays-out-roadmap-armenia%E2%80%99s-relations-west-and-new-vision-caucasus', NULL),
('node', 'home_page_feature', 0, 678, 1370, 'und', 0, 'http://www.pf-armenia.org/press-release/pfa%E2%80%99s-new-report-lays-out-roadmap-armenia%E2%80%99s-relations-west-and-new-vision-caucasus', NULL),
('node', 'home_page_feature', 0, 678, 1372, 'und', 0, 'http://www.pf-armenia.org/press-release/pfa%E2%80%99s-new-report-lays-out-roadmap-armenia%E2%80%99s-relations-west-and-new-vision-caucasus', NULL),
('node', 'home_page_feature', 0, 678, 1373, 'und', 0, 'http://www.pf-armenia.org/press-release/pfa%E2%80%99s-new-report-lays-out-roadmap-armenia%E2%80%99s-relations-west-and-new-vision-caucasus', NULL),
('node', 'home_page_feature', 0, 678, 1374, 'und', 0, 'http://www.pf-armenia.org/press-release/pfa%E2%80%99s-new-report-lays-out-roadmap-armenia%E2%80%99s-relations-west-and-new-vision-caucasus', NULL),
('node', 'home_page_feature', 0, 678, 1375, 'und', 0, 'http://www.pf-armenia.org/press-release/pfa%E2%80%99s-new-report-lays-out-roadmap-armenia%E2%80%99s-relations-west-and-new-vision-caucasus', NULL),
('node', 'home_page_feature', 0, 678, 1376, 'und', 0, 'http://www.pf-armenia.org/press-release/pfa%E2%80%99s-new-report-lays-out-roadmap-armenia%E2%80%99s-relations-west-and-new-vision-caucasus', NULL),
('node', 'home_page_feature', 0, 678, 1377, 'und', 0, 'http://www.pf-armenia.org/press-release/pfa%E2%80%99s-new-report-lays-out-roadmap-armenia%E2%80%99s-relations-west-and-new-vision-caucasus', NULL),
('node', 'home_page_feature', 0, 678, 1379, 'und', 0, 'http://www.pf-armenia.org/sites/default/files/documents/files/Armenia%20and%20the%20West--FINAL%20%281%29.pdf', NULL),
('node', 'home_page_feature', 0, 678, 1380, 'und', 0, 'http://www.pf-armenia.org/document/armenia-and-west-new-vision-caucasus', NULL),
('node', 'home_page_feature', 0, 678, 1389, 'und', 0, 'http://www.pf-armenia.org/document/armenia-and-west-new-vision-caucasus', NULL),
('node', 'home_page_feature', 0, 678, 1390, 'und', 0, 'http://www.pf-armenia.org/document/armenia-and-west-new-vision-caucasus', NULL),
('node', 'home_page_feature', 0, 698, 1438, 'und', 0, 'https://pfarmenia.wordpress.com/2016/06/14/monopoly-profits-in-the-wheat-flour-market-in-armenia/', NULL),
('node', 'home_page_feature', 0, 698, 1439, 'und', 0, 'https://pfarmenia.wordpress.com/2016/06/14/monopoly-profits-in-the-wheat-flour-market-in-armenia/', NULL),
('node', 'home_page_feature', 0, 698, 1440, 'und', 0, 'https://pfarmenia.wordpress.com/2016/06/14/monopoly-profits-in-the-wheat-flour-market-in-armenia/', NULL),
('node', 'home_page_feature', 0, 702, 1449, 'und', 0, 'https://pfarmenia.wordpress.com/2016/07/25/when-people-are-fed-up/', NULL),
('node', 'home_page_feature', 0, 702, 1576, 'und', 0, 'https://pfarmenia.wordpress.com/2016/07/25/when-people-are-fed-up/', NULL),
('node', 'home_page_feature', 0, 763, 1565, 'und', 0, 'press-release/launch-database-wall-election-falsifiers', NULL),
('node', 'home_page_feature', 0, 763, 1567, 'und', 0, 'press-release/launch-database-wall-election-falsifiers', NULL);

-- --------------------------------------------------------

--
-- Структура таблицы `file_display`
--

CREATE TABLE IF NOT EXISTS `file_display` (
  `name` varchar(255) NOT NULL COMMENT 'A combined string (FILE_TYPE__VIEW_MODE__FILE_FORMATTER) identifying a file display configuration. For integration with CTools Exportables, stored as a single string rather than as a compound primary key.',
  `weight` int(11) NOT NULL DEFAULT '0' COMMENT 'Weight of formatter within the display chain for the associated file type and view mode. A file is rendered using the lowest weighted enabled display configuration that matches the file type and view mode and that is capable of displaying the file.',
  `status` tinyint(3) UNSIGNED NOT NULL DEFAULT '0' COMMENT 'The status of the display. (1 = enabled, 0 = disabled)',
  `settings` longblob COMMENT 'A serialized array of name value pairs that store the formatter settings for the display.',
  PRIMARY KEY (`name`)
) ENGINE=InnoDB DEFAULT CHARSET=utf8 COMMENT='Stores configuration options for file displays.';

--
-- Дамп данных таблицы `file_display`
--

INSERT INTO `file_display` (`name`, `weight`, `status`, `settings`) VALUES
('image__full__file_image', 5, 1, 0x613a313a7b733a31313a22696d6167655f7374796c65223b733a353a226c61726765223b7d),
('image__media_original__file_image', 5, 1, 0x613a313a7b733a31313a22696d6167655f7374796c65223b733a303a22223b7d),
('image__preview__file_image', 5, 1, 0x613a313a7b733a31313a22696d6167655f7374796c65223b733a31363a227371756172655f7468756d626e61696c223b7d),
('image__teaser__file_image', 5, 1, 0x613a313a7b733a31313a22696d6167655f7374796c65223b733a363a226d656469756d223b7d);

-- --------------------------------------------------------

--
-- Структура таблицы `file_managed`
--

CREATE TABLE IF NOT EXISTS `file_managed` (
  `fid` int(10) UNSIGNED NOT NULL AUTO_INCREMENT COMMENT 'File ID.',
  `uid` int(10) UNSIGNED NOT NULL DEFAULT '0' COMMENT 'The users.uid of the user who is associated with the file.',
  `filename` varchar(255) NOT NULL DEFAULT '' COMMENT 'Name of the file with no path components. This may differ from the basename of the URI if the file is renamed to avoid overwriting an existing file.',
  `uri` varchar(255) CHARACTER SET utf8 COLLATE utf8_bin NOT NULL DEFAULT '' COMMENT 'The URI to access the file (either local or remote).',
  `filemime` varchar(255) CHARACTER SET latin1 NOT NULL DEFAULT '' COMMENT 'The fileâ€™s MIME type.',
  `filesize` bigint(20) UNSIGNED NOT NULL DEFAULT '0' COMMENT 'The size of the file in bytes.',
  `status` tinyint(4) NOT NULL DEFAULT '0' COMMENT 'A field indicating the status of the file. Two status are defined in core: temporary (0) and permanent (1). Temporary files older than DRUPAL_MAXIMUM_TEMP_FILE_AGE will be removed during a cron run.',
  `timestamp` int(10) UNSIGNED NOT NULL DEFAULT '0' COMMENT 'UNIX timestamp for when the file was added.',
  `type` varchar(50) NOT NULL DEFAULT 'undefined' COMMENT 'The type of this file.',
  PRIMARY KEY (`fid`),
  UNIQUE KEY `uri` (`uri`),
  KEY `uid` (`uid`),
  KEY `status` (`status`),
  KEY `timestamp` (`timestamp`),
  KEY `file_type` (`type`)
) ENGINE=InnoDB AUTO_INCREMENT=1182 DEFAULT CHARSET=utf8 COMMENT='Stores information for uploaded files.';

--
-- Дамп данных таблицы `file_managed`
--

INSERT INTO `file_managed` (`fid`, `uid`, `filename`, `uri`, `filemime`, `filesize`, `status`, `timestamp`, `type`) VALUES
(1, 0, 'Laura.jpg', 'public://Laura.jpg', 'image/jpeg', 21661, 1, 1331051424, 'image'),
(2, 0, 'press-kit.pdf', 'public://press-kit.pdf', 'application/pdf', 27252, 1, 1331051424, 'application'),
(3, 0, 'guy_in_suit_2.jpeg', 'public://guy_in_suit_2.jpeg', 'image/jpeg', 28657, 1, 1331051424, 'image'),
(4, 0, 'education.jpg', 'public://education.jpg', 'image/jpeg', 103657, 1, 1331051424, 'image'),
(5, 0, 'Scroll_legislation.jpg', 'public://Scroll_legislation.jpg', 'image/jpeg', 37764, 1, 1331051424, 'image'),
(6, 0, '800px-San_Francisco_at_Sunset.jpg', 'public://800px-San_Francisco_at_Sunset.jpg', 'image/jpeg', 91951, 1, 1331051424, 'image'),
(7, 0, '120px-San_Francisco_at_Sunset.jpg', 'public://120px-San_Francisco_at_Sunset.jpg', 'image/jpeg', 3360, 1, 1331051424, 'image'),
(8, 0, 'Capital_Building.JPG', 'public://Capital_Building.JPG', 'image/jpeg', 693804, 1, 1331051424, 'image'),
(9, 0, 'research.jpg', 'public://research.jpg', 'image/jpeg', 144662, 1, 1331051424, 'image'),
(10, 0, 'edu.jpg', 'public://edu.jpg', 'image/jpeg', 6820, 1, 1331051424, 'image'),
(11, 0, 'services1.jpg', 'public://services1.jpg', 'image/jpeg', 22998, 1, 1331051424, 'image'),
(12, 0, 'photo130x80v3.jpg', 'public://photo130x80v3.jpg', 'image/jpeg', 9401, 1, 1331051424, 'image'),
(13, 0, 'grant.jpg', 'public://grant.jpg', 'image/jpeg', 76967, 1, 1331051424, 'image'),
(14, 0, 'Open Government Directive.pdf', 'public://Open Government Directive.pdf', 'application/pdf', 82455, 1, 1331051424, 'application'),
(15, 0, 'President\'s Memorandum On Open Government.pdf', 'public://President\'s Memorandum On Open Government.pdf', 'application/pdf', 56769, 1, 1331051424, 'application'),
(16, 0, 'GarzÃ³n_ValdÃ©s.jpg', 'public://GarzÃ³n_ValdÃ©s.jpg', 'image/jpeg', 42008, 1, 1331051424, 'image'),
(17, 0, 'abe_lincoln.jpeg', 'public://abe_lincoln.jpeg', 'image/jpeg', 2947, 1, 1331051424, 'image'),
(18, 0, 'Everett_dirksen_painting.jpg (610Ã—828)-1.jpg', 'public://Everett_dirksen_painting.jpg (610Ã—828)-1.jpg', 'image/jpeg', 16686, 1, 1331051424, 'image'),
(19, 0, 'photo95x95-blank.jpg', 'public://photo95x95-blank.jpg', 'image/jpeg', 1514, 1, 1331051424, 'image'),
(20, 0, 'education.jpg', 'public://education_0.jpg', 'image/jpeg', 103657, 1, 1331051424, 'image'),
(21, 0, 'captialbldg_flags.jpg', 'public://captialbldg_flags.jpg', 'image/jpeg', 57812, 1, 1331051424, 'image'),
(22, 0, 'captialbldg_flags.jpg', 'public://captialbldg_flags_0.jpg', 'image/jpeg', 57812, 1, 1331051424, 'image'),
(23, 0, '90px-37_Lyndon_Johnson_3x4.jpg', 'public://90px-37_Lyndon_Johnson_3x4.jpg', 'image/jpeg', 3645, 1, 1331051424, 'image'),
(24, 0, 'captialbldg_flags.jpg', 'public://captialbldg_flags_1.jpg', 'image/jpeg', 57812, 1, 1331052132, 'image'),
(25, 0, 'captialbldg_flags.jpg', 'public://captialbldg_flags_2.jpg', 'image/jpeg', 57812, 1, 1331052132, 'image'),
(26, 0, 'Capitols.jpg', 'public://Capitols.jpg', 'image/jpeg', 153089, 1, 1331052132, 'image'),
(27, 0, 'Before my time.jpg', 'public://Before my time.jpg', 'image/jpeg', 114450, 1, 1331052132, 'image'),
(28, 0, 'Supreme.jpg', 'public://Supreme.jpg', 'image/jpeg', 141171, 1, 1331052132, 'image'),
(29, 0, '90px-37_Lyndon_Johnson_3x4.jpg', 'public://90px-37_Lyndon_Johnson_3x4_0.jpg', 'image/jpeg', 3645, 1, 1331052132, 'image'),
(30, 0, 'photo95x95-blank.jpg', 'public://photo95x95-blank_0.jpg', 'image/jpeg', 1514, 1, 1331052132, 'image'),
(31, 0, 'research.jpg', 'public://research_0.jpg', 'image/jpeg', 144662, 1, 1331052132, 'image'),
(32, 0, 'edu.jpg', 'public://edu_0.jpg', 'image/jpeg', 6820, 1, 1331052132, 'image'),
(33, 0, 'flag_close.jpg', 'public://flag_close.jpg', 'image/jpeg', 115941, 1, 1331052132, 'image'),
(34, 0, 'flag_industrial.jpg', 'public://flag_industrial.jpg', 'image/jpeg', 118318, 1, 1331052132, 'image'),
(35, 0, '800px-San_Francisco_at_Sunset.jpg', 'public://800px-San_Francisco_at_Sunset_0.jpg', 'image/jpeg', 91951, 1, 1331052132, 'image'),
(36, 0, '120px-San_Francisco_at_Sunset.jpg', 'public://120px-San_Francisco_at_Sunset_0.jpg', 'image/jpeg', 3360, 1, 1331052132, 'image'),
(37, 0, 'services1.jpg', 'public://services1_0.jpg', 'image/jpeg', 22998, 1, 1331052132, 'image'),
(38, 0, 'photo130x80v3.jpg', 'public://photo130x80v3_0.jpg', 'image/jpeg', 9401, 1, 1331052132, 'image'),
(39, 0, 'Scroll_legislation.jpg', 'public://Scroll_legislation_0.jpg', 'image/jpeg', 37764, 1, 1331052132, 'image'),
(40, 0, 'education.jpg', 'public://education_1.jpg', 'image/jpeg', 103657, 1, 1331052132, 'image'),
(41, 0, 'Flag_Maryland.jpg', 'public://Flag_Maryland.jpg', 'image/jpeg', 192612, 1, 1331052132, 'image'),
(42, 0, 'flag_multiple.jpg', 'public://flag_multiple.jpg', 'image/jpeg', 119878, 1, 1331052132, 'image'),
(43, 0, 'Flag_Flapping.jpg', 'public://Flag_Flapping.jpg', 'image/jpeg', 10470, 1, 1331052132, 'image'),
(44, 0, 'Our Government.jpg', 'public://Our Government.jpg', 'image/jpeg', 118870, 1, 1331052132, 'image'),
(45, 0, 'education.jpg', 'public://education_2.jpg', 'image/jpeg', 103657, 1, 1331052132, 'image'),
(46, 0, 'President\'s Memorandum On Open Government.pdf', 'public://President\'s Memorandum On Open Government_0.pdf', 'application/pdf', 56769, 1, 1331052132, 'application'),
(47, 0, 'guy_in_suit_2.jpeg', 'public://guy_in_suit_2_0.jpeg', 'image/jpeg', 28657, 1, 1331052132, 'image'),
(48, 0, 'Laura.jpg', 'public://Laura_0.jpg', 'image/jpeg', 21661, 1, 1331052132, 'image'),
(49, 0, 'press-kit.pdf', 'public://press-kit_0.pdf', 'application/pdf', 27252, 1, 1331052132, 'application'),
(50, 0, 'Everett_dirksen_painting.jpg (610Ã—828)-1.jpg', 'public://Everett_dirksen_painting.jpg (610Ã—828)-1_0.jpg', 'image/jpeg', 16686, 1, 1331052132, 'image'),
(51, 0, 'GarzÃ³n_ValdÃ©s.jpg', 'public://GarzÃ³n_ValdÃ©s_0.jpg', 'image/jpeg', 42008, 1, 1331052132, 'image'),
(52, 0, 'Open Government Directive.pdf', 'public://Open Government Directive_0.pdf', 'application/pdf', 82455, 1, 1331052132, 'application'),
(53, 0, 'grant.jpg', 'public://grant_0.jpg', 'image/jpeg', 76967, 1, 1331052132, 'image'),
(54, 0, 'abe_lincoln.jpeg', 'public://abe_lincoln_0.jpeg', 'image/jpeg', 2947, 1, 1331052132, 'image'),
(55, 0, 'Capital_Building.JPG', 'public://Capital_Building_0.JPG', 'image/jpeg', 693804, 1, 1331052132, 'image'),
(56, 0, 'project-mapper-logo.png', 'public://apps/project-mapper-logo.png', 'image/png', 29747, 1, 1374612831, 'image'),
(57, 0, 'project-mapper-screenshot1.jpg', 'public://apps/project-mapper-screenshot1.jpg', 'image/jpeg', 185506, 1, 1374612831, 'image'),
(58, 0, 'openpublic-demo-content-logo.png', 'public://apps/openpublic-demo-content-logo.png', 'image/png', 3709, 1, 1374612831, 'image'),
(59, 0, 'openpublic_demo_content_screenshot1.jpg', 'public://apps/openpublic_demo_content_screenshot1.jpg', 'image/jpeg', 147328, 1, 1374612831, 'image'),
(60, 0, 'ideation.jpg', 'public://apps/ideation.jpg', 'image/jpeg', 11638, 1, 1374612831, 'image'),
(61, 0, 'ideation-screenshot1.jpg', 'public://apps/ideation-screenshot1.jpg', 'image/jpeg', 196819, 1, 1374612831, 'image'),
(62, 0, 'openpublic-event-logo.png', 'public://apps/openpublic-event-logo.png', 'image/png', 13920, 1, 1374612831, 'image'),
(63, 0, 'openpublic-event-screenshot.jpg', 'public://apps/openpublic-event-screenshot.jpg', 'image/jpeg', 26244, 1, 1331052132, 'image'),
(89, 0, 'press-kit.pdf', 'public://press-kit_1.pdf', 'application/pdf', 27252, 1, 1331052132, 'application'),
(98, 1, '33f8f056d8.jpg', 'public://profiles/photos/33f8f056d8.jpg', 'image/jpeg', 5765, 1, 1331436829, 'image'),
(99, 1, 'a1d5b90089.jpg', 'public://profiles/photos/a1d5b90089.jpg', 'image/jpeg', 4109, 1, 1331440065, 'image'),
(100, 1, 'Econ_Panel_2_sm.jpg', 'public://Econ_Panel_2_sm.jpg', 'image/jpeg', 56028, 1, 1331440863, 'image'),
(106, 1, 'PFA_Crisis_Special_Report.pdf', 'public://documents/files/PFA_Crisis_Special_Report_0.pdf', 'application/pdf', 789977, 1, 1331442793, 'application'),
(107, 1, 'd7d31a7fc7.jpg', 'public://d7d31a7fc7.jpg', 'image/jpeg', 55928, 1, 1331443033, 'image'),
(108, 1, 'bc9438a160.jpg', 'public://bc9438a160.jpg', 'image/jpeg', 40968, 1, 1331443126, 'image'),
(109, 1, 'baa60e2844.jpg', 'public://baa60e2844.jpg', 'image/jpeg', 28753, 1, 1331443172, 'image'),
(110, 1, '32692d5530.jpg', 'public://32692d5530.jpg', 'image/jpeg', 21272, 1, 1331443209, 'image'),
(111, 1, 'a696c54faf.jpg', 'public://a696c54faf.jpg', 'image/jpeg', 35144, 1, 1331443397, 'image'),
(113, 1, 'PFA_Environmental_Report.pdf', 'public://documents/files/PFA_Environmental_Report.pdf', 'application/pdf', 635064, 1, 1331445370, 'application'),
(115, 1, 'de43e561cb.jpg', 'public://de43e561cb.jpg', 'image/jpeg', 82290, 1, 1331445656, 'image'),
(116, 1, 'de43e561cb.jpg', 'public://de43e561cb_0.jpg', 'image/jpeg', 82290, 1, 1331445656, 'image'),
(117, 1, 'crisis_spec_rep_cover.jpg', 'public://crisis_spec_rep_cover.jpg', 'image/jpeg', 51113, 1, 1331448508, 'image'),
(118, 1, 'RTEmagicC_PFA_SOTN_Cover_2_01.jpg.jpg', 'public://RTEmagicC_PFA_SOTN_Cover_2_01.jpg.jpg', 'image/jpeg', 48683, 1, 1331448603, 'image'),
(122, 1, 'Yerevan_Municipal_Election_Report--FINAL.pdf', 'public://documents/files/Yerevan_Municipal_Election_Report--FINAL.pdf', 'application/pdf', 299633, 1, 1331520171, 'application'),
(123, 1, 'RTEmagicC_Yerevan_Municipal_Election_Report-thumbnail_03.jpg.jpg', 'public://RTEmagicC_Yerevan_Municipal_Election_Report-thumbnail_03.jpg.jpg', 'image/jpeg', 1138, 1, 1331520171, 'image'),
(124, 1, 'PFA_SOTN_Cover_sm.jpg', 'public://PFA_SOTN_Cover_sm_1.jpg', 'image/jpeg', 45556, 1, 1331520483, 'image'),
(125, 1, 'CRISIS_REPORT--FINAL.pdf', 'public://documents/files/CRISIS_REPORT--FINAL.pdf', 'application/pdf', 531110, 1, 1331520603, 'application'),
(126, 1, 'CRISIS_REPORT--COVER_80x103.jpg', 'public://CRISIS_REPORT--COVER_80x103.jpg', 'image/jpeg', 4048, 1, 1331520603, 'image'),
(127, 1, 'PFA_Election_Report--FINAL.pdf', 'public://documents/files/PFA_Election_Report--FINAL.pdf', 'application/pdf', 583472, 1, 1331520653, 'application'),
(128, 1, 'PFA_Election_Report--FINAL0.jpg', 'public://PFA_Election_Report--FINAL0.jpg', 'image/jpeg', 3194, 1, 1331520653, 'image'),
(131, 1, 'PFA_prospectus.pdf', 'public://documents/files/PFA_prospectus.pdf', 'application/pdf', 69426, 1, 1331524157, 'application'),
(132, 1, 'PFA_prospectus1.jpg', 'public://PFA_prospectus1.jpg', 'image/jpeg', 6711, 1, 1331524157, 'image'),
(133, 1, 'AnnualReport2008--FINAL.pdf', 'public://documents/files/AnnualReport2008--FINAL.pdf', 'application/pdf', 437065, 1, 1331524275, 'application'),
(134, 1, 'AR_2008_Cover_page--small--v2.jpg', 'public://AR_2008_Cover_page--small--v2.jpg', 'image/jpeg', 1617, 1, 1331524275, 'image'),
(137, 1, 'PFA-Document-cover.jpg', 'public://PFA-Document-cover_0.jpg', 'image/jpeg', 9605, 1, 1331528170, 'image'),
(139, 1, 'tasima15_beitrag_USAID_2010_08-26.pdf', 'public://tasima15_beitrag_USAID_2010_08-26.pdf', 'application/pdf', 5710102, 1, 1331563839, 'application'),
(140, 1, 'election_report_2008.pdf', 'public://election_report_2008.pdf', 'application/pdf', 952, 1, 1331563935, 'application'),
(144, 1, 'd7c4568e03.jpg', 'public://d7c4568e03.jpg', 'image/jpeg', 18369, 1, 1331598356, 'image'),
(145, 1, '16d4aa83b5.jpg', 'public://16d4aa83b5_0.jpg', 'image/jpeg', 19928, 1, 1331598678, 'image'),
(146, 1, '402711951c.jpg', 'public://402711951c.jpg', 'image/jpeg', 18591, 1, 1331598793, 'image'),
(147, 1, 'a637a13803.jpg', 'public://a637a13803.jpg', 'image/jpeg', 12452, 1, 1331598991, 'image'),
(148, 0, 'openpublic-event-screenshot.png', 'public://apps/openpublic-event-screenshot.png', 'image/png', 58845, 1, 1374612831, 'image'),
(149, 0, 'translation-app-icon.png', 'public://apps/translation-app-icon.png', 'image/png', 8458, 1, 1374612831, 'image'),
(150, 0, 'nseries_03.jpg', 'public://apps/nseries_03.jpg', 'image/jpeg', 397644, 1, 1332424539, 'image'),
(153, 4, 'Sardarapat_logo_01.gif', 'public://Sardarapat_logo_01.gif', 'image/gif', 6547, 1, 1346507509, 'image'),
(155, 4, 'socrat_arakelyan.jpg', 'public://profiles/photos/socrat_arakelyan.jpg', 'image/jpeg', 4945, 1, 1347120471, 'image'),
(157, 4, 'vahagn_asatryan.jpg', 'public://profiles/photos/vahagn_asatryan.jpg', 'image/jpeg', 4731, 1, 1347120591, 'image'),
(158, 4, 'Narine_badasyan.jpg', 'public://profiles/photos/Narine_badasyan.jpg', 'image/jpeg', 5291, 1, 1347120672, 'image'),
(159, 4, 'edik_baghdasaryan.jpg', 'public://profiles/photos/edik_baghdasaryan.jpg', 'image/jpeg', 6218, 1, 1347120755, 'image'),
(163, 4, 'davit_davtian.jpg', 'public://profiles/photos/davit_davtian.jpg', 'image/jpeg', 5697, 1, 1347121089, 'image'),
(164, 4, 'annie_demirchian.jpg', 'public://profiles/photos/annie_demirchian.jpg', 'image/jpeg', 7194, 1, 1347121166, 'image'),
(166, 4, 'areg_gharabegian.jpg', 'public://profiles/photos/areg_gharabegian.jpg', 'image/jpeg', 5561, 1, 1347121282, 'image'),
(167, 4, 'hilda_grigorian.jpg', 'public://profiles/photos/hilda_grigorian.jpg', 'image/jpeg', 6593, 1, 1347121341, 'image'),
(168, 4, 'anush_hakobyan.jpg', 'public://profiles/photos/anush_hakobyan.jpg', 'image/jpeg', 7005, 1, 1347121391, 'image'),
(169, 4, 'naira_harutyunyan.jpg', 'public://profiles/photos/naira_harutyunyan.jpg', 'image/jpeg', 9857, 1, 1347121443, 'image'),
(170, 4, 'vahe_heboyan.jpg', 'public://profiles/photos/vahe_heboyan.jpg', 'image/jpeg', 7003, 1, 1347121498, 'image'),
(171, 4, 'Armen_Hovakimian.jpg', 'public://profiles/photos/Armen_Hovakimian.jpg', 'image/jpeg', 6022, 1, 1347121563, 'image'),
(172, 4, 'armine_ishkanian.jpg', 'public://profiles/photos/armine_ishkanian.jpg', 'image/jpeg', 4732, 1, 1347121628, 'image'),
(173, 4, 'anna_jenderedjian.jpg', 'public://profiles/photos/anna_jenderedjian.jpg', 'image/jpeg', 21287, 1, 1347121680, 'image'),
(174, 4, 'zaven_kalayjian.jpg', 'public://profiles/photos/zaven_kalayjian.jpg', 'image/jpeg', 25468, 1, 1347121793, 'image'),
(176, 4, 'ursula_kazarian.jpg', 'public://profiles/photos/ursula_kazarian.jpg', 'image/jpeg', 5137, 1, 1347121889, 'image'),
(177, 4, 'arthur_kachikian.jpg', 'public://profiles/photos/arthur_kachikian.jpg', 'image/jpeg', 6401, 1, 1347121946, 'image'),
(178, 4, 'arpine_korekyan.jpg', 'public://profiles/photos/arpine_korekyan.jpg', 'image/jpeg', 14046, 1, 1347121991, 'image'),
(179, 4, 'hrant_kostanyan.jpg', 'public://profiles/photos/hrant_kostanyan.jpg', 'image/jpeg', 14436, 1, 1347122050, 'image'),
(180, 4, 'asbed_kotchikian.jpg', 'public://profiles/photos/asbed_kotchikian.jpg', 'image/jpeg', 7761, 1, 1347122110, 'image'),
(182, 20, 'A. Manoogian.jpg', 'public://profiles/photos/A. Manoogian.jpg', 'image/jpeg', 4155, 1, 1349885772, 'image'),
(185, 20, 'J. Masarjian.jpg', 'public://profiles/photos/J. Masarjian.jpg', 'image/jpeg', 7051, 1, 1349960221, 'image'),
(187, 20, 'S.A. Mkhitaryan .jpg', 'public://profiles/photos/S.A. Mkhitaryan .jpg', 'image/jpeg', 20687, 1, 1349960583, 'image'),
(189, 20, 'Ohanian.jpg', 'public://profiles/photos/Ohanian.jpg', 'image/jpeg', 6620, 1, 1349961162, 'image'),
(190, 20, 'A. Papoyan.jpg', 'public://profiles/photos/A. Papoyan.jpg', 'image/jpeg', 6099, 1, 1349961323, 'image'),
(191, 20, 'G. Petrosian .jpg', 'public://profiles/photos/G. Petrosian .jpg', 'image/jpeg', 12726, 1, 1349961478, 'image'),
(192, 20, 'Rev. Vertanes Kalayjian.jpg', 'public://profiles/photos/Rev. Vertanes Kalayjian.jpg', 'image/jpeg', 4674, 1, 1349961653, 'image'),
(193, 20, 'Sahakyan.jpg', 'public://profiles/photos/Sahakyan.jpg', 'image/jpeg', 4927, 1, 1349961790, 'image'),
(194, 20, 'H. Sargsyan.jpg', 'public://profiles/photos/H. Sargsyan.jpg', 'image/jpeg', 4746, 1, 1349962002, 'image'),
(195, 20, 'Selian Audrey.jpg', 'public://profiles/photos/Selian Audrey.jpg', 'image/jpeg', 4237, 1, 1349962225, 'image'),
(196, 20, 'J. Sohigian .jpg', 'public://profiles/photos/J. Sohigian .jpg', 'image/jpeg', 6670, 1, 1349962384, 'image'),
(197, 20, 'A. Stepanyan.jpg', 'public://profiles/photos/A. Stepanyan.jpg', 'image/jpeg', 4729, 1, 1349962507, 'image'),
(200, 20, 'Vanoyan Mais.jpg', 'public://profiles/photos/Vanoyan Mais.jpg', 'image/jpeg', 4685, 1, 1349962914, 'image'),
(215, 20, 'G. Yegnukian.jpg', 'public://profiles/photos/G. Yegnukian.jpg', 'image/jpeg', 5873, 1, 1352237309, 'image'),
(219, 15, 'Armenia.doc', 'public://Armenia.doc', 'application/msword', 228352, 1, 1352407599, 'application'),
(220, 15, 'PFA Document FNL09-10.pdf', 'public://documents/files/PFA Document FNL09-10.pdf', 'application/pdf', 5960021, 1, 1352445207, 'application'),
(221, 15, 'Raffi_Hovannisian_s_Hunger_Strike.pdf', 'public://Raffi_Hovannisian_s_Hunger_Strike.pdf', 'application/pdf', 193528, 1, 1352522758, 'application'),
(227, 20, 'PFA-Tamar.jpg', 'public://profiles/photos/PFA-Tamar.jpg', 'image/jpeg', 45250, 1, 1352738068, 'image'),
(229, 20, 'Gassia-PFA.jpg', 'public://profiles/photos/Gassia-PFA.jpg', 'image/jpeg', 13526, 1, 1352738654, 'image'),
(233, 20, 'Marine-PFA.jpg', 'public://profiles/photos/Marine-PFA.jpg', 'image/jpeg', 42034, 1, 1352741549, 'image'),
(237, 15, 'Statement_on_Artak_Nazaryan_s_death--Armenian.pdf', 'public://Statement_on_Artak_Nazaryan_s_death--Armenian_0.pdf', 'application/pdf', 143808, 1, 1353276442, 'application'),
(239, 20, 'Prof  Terzian\'s Interview-9.jpg', 'public://Prof  Terzian\'s Interview-9.jpg', 'image/jpeg', 676760, 1, 1353945855, 'image'),
(240, 20, 'PFA.jpg', 'public://PFA.jpg', 'image/jpeg', 40968, 1, 1353946064, 'image'),
(241, 20, 'PFA1.jpg', 'public://PFA1.jpg', 'image/jpeg', 28753, 1, 1353946184, 'image'),
(243, 20, 'PFA1.jpg', 'public://PFA1_1.jpg', 'image/jpeg', 40433, 1, 1353946253, 'image'),
(258, 4, 'PFA_May_28_141.JPG', 'public://PFA_May_28_141.JPG', 'image/jpeg', 2877620, 1, 1354160603, 'image'),
(262, 4, 'PFA_May_28_141.JPG', 'public://PFA_May_28_141_2.JPG', 'image/jpeg', 128330, 1, 1354161266, 'image'),
(264, 4, 'PFA_May_28_148.JPG', 'public://PFA_May_28_148.JPG', 'image/jpeg', 95936, 1, 1354161408, 'image'),
(265, 4, 'PFA_May_28_162.JPG', 'public://PFA_May_28_162.JPG', 'image/jpeg', 131812, 1, 1354161442, 'image'),
(266, 4, 'PFA_May_28_170.JPG', 'public://PFA_May_28_170.JPG', 'image/jpeg', 94619, 1, 1354161476, 'image'),
(267, 4, 'PFA_May_28_191.JPG', 'public://PFA_May_28_191.JPG', 'image/jpeg', 72402, 1, 1354161507, 'image'),
(268, 4, 'PFA_May_28_212.JPG', 'public://PFA_May_28_212.JPG', 'image/jpeg', 67062, 1, 1354161549, 'image'),
(269, 4, 'PFA_May_28_222.JPG', 'public://PFA_May_28_222.JPG', 'image/jpeg', 74698, 1, 1354161606, 'image'),
(270, 4, 'PFA_May_28_231.JPG', 'public://PFA_May_28_231.JPG', 'image/jpeg', 73721, 1, 1354161653, 'image'),
(272, 4, 'PFA_May_28_266.JPG', 'public://PFA_May_28_266_0.JPG', 'image/jpeg', 66832, 1, 1354161694, 'image'),
(273, 20, 'Hrach Kalsahakiam.jpg', 'public://profiles/photos/Hrach Kalsahakiam.jpg', 'image/jpeg', 18921, 1, 1354240987, 'image'),
(275, 4, 'babayan.jpg', 'public://babayan.jpg', 'image/jpeg', 73794, 1, 1354577989, 'image'),
(276, 4, 'Forum_Poster_sm.jpg', 'public://Forum_Poster_sm.jpg', 'image/jpeg', 81336, 1, 1354623598, 'image'),
(277, 4, 'Second_Annual_Forum_Poster.jpg', 'public://Second_Annual_Forum_Poster.jpg', 'image/jpeg', 85020, 1, 1354623747, 'image'),
(278, 20, 'V.Babayan.jpg', 'public://V.Babayan.jpg', 'image/jpeg', 10439, 1, 1354641887, 'image'),
(289, 4, '33.jpg', 'public://33_1.jpg', 'image/jpeg', 34841, 1, 1354681520, 'image'),
(357, 20, 'phps9vVJNAM.jpg', 'public://profiles/photos/phps9vVJNAM.jpg', 'image/jpeg', 6835, 1, 1354724169, 'image'),
(358, 20, 'phpakxNwOAM.jpg', 'public://profiles/photos/phpakxNwOAM.jpg', 'image/jpeg', 17710, 1, 1354724339, 'image'),
(360, 20, 'php6uRr4BAM.jpg', 'public://profiles/photos/php6uRr4BAM.jpg', 'image/jpeg', 8851, 1, 1354725457, 'image'),
(367, 20, 'phpIN03WMAM.jpg', 'public://profiles/photos/phpIN03WMAM.jpg', 'image/jpeg', 13875, 1, 1354728817, 'image'),
(368, 20, 'phpYX0aavAM.jpg', 'public://profiles/photos/phpYX0aavAM.jpg', 'image/jpeg', 18235, 1, 1354729454, 'image'),
(369, 20, 'c6eff1dfc4.jpg', 'public://c6eff1dfc4.jpg', 'image/jpeg', 49958, 1, 1354731709, 'image'),
(373, 15, 'Armen Avagyan PFA.JPG', 'public://profiles/photos/Armen Avagyan PFA.JPG', 'image/jpeg', 20227, 1, 1354734539, 'image'),
(376, 15, 'Picture of Talin.jpg', 'public://profiles/photos/Picture of Talin.jpg', 'image/jpeg', 5199, 1, 1354734798, 'image'),
(377, 15, 'Evelina (1).jpg', 'public://profiles/photos/Evelina (1)_0.jpg', 'image/jpeg', 2892, 1, 1354734852, 'image'),
(378, 15, 'hamo_danielyan.jpg', 'public://profiles/photos/hamo_danielyan_1.jpg', 'image/jpeg', 3832, 1, 1354734965, 'image'),
(381, 15, 'Sosseh_CED Ambass. Photo.jpg', 'public://profiles/photos/Sosseh_CED Ambass. Photo_0.jpg', 'image/jpeg', 9992, 1, 1354735713, 'image'),
(382, 20, '1b4462981c-1.jpg', 'public://1b4462981c-1.jpg', 'image/jpeg', 10710, 1, 1354736406, 'image'),
(383, 20, 'ba8875a09d.jpg', 'public://ba8875a09d.jpg', 'image/jpeg', 28912, 1, 1354738081, 'image'),
(384, 20, 'panoramic_02.jpg', 'public://panoramic_02.jpg', 'image/jpeg', 149952, 1, 1354739125, 'image'),
(385, 20, 'q_a_01.jpg', 'public://q_a_01.jpg', 'image/jpeg', 213527, 1, 1354739125, 'image'),
(386, 20, 'discussants2_01.jpg', 'public://discussants2_01.jpg', 'image/jpeg', 188990, 1, 1354739125, 'image'),
(387, 20, 'panoramic_02.jpg', 'public://panoramic_02_0.jpg', 'image/jpeg', 149952, 1, 1354739195, 'image'),
(388, 20, 'panoramic_02.jpg', 'public://panoramic_02_1.jpg', 'image/jpeg', 149952, 1, 1354739356, 'image'),
(389, 20, 'panoramic_02.jpg', 'public://panoramic_02_2.jpg', 'image/jpeg', 149952, 1, 1354739547, 'image'),
(390, 20, 'discussants2_01.jpg', 'public://discussants2_01_0.jpg', 'image/jpeg', 188990, 1, 1354739606, 'image'),
(391, 20, 'q_a_01.jpg', 'public://q_a_01_0.jpg', 'image/jpeg', 213527, 1, 1354739641, 'image'),
(392, 20, 'Seminar_1.jpg', 'public://Seminar_1.jpg', 'image/jpeg', 17390, 1, 1354740591, 'image'),
(393, 4, '65.jpg', 'public://65.jpg', 'image/jpeg', 39323, 1, 1354763606, 'image'),
(545, 4, '21.jpg', 'public://21_4.jpg', 'image/jpeg', 37381, 1, 1354766574, 'image'),
(546, 4, '19.jpg', 'public://19_2.jpg', 'image/jpeg', 31266, 1, 1354766574, 'image'),
(547, 4, '18.jpg', 'public://18_4.jpg', 'image/jpeg', 43221, 1, 1354766574, 'image'),
(548, 4, '17.jpg', 'public://17_4.jpg', 'image/jpeg', 35970, 1, 1354766574, 'image'),
(549, 4, '22.jpg', 'public://22_1.jpg', 'image/jpeg', 30530, 1, 1354766574, 'image'),
(550, 4, '23.jpg', 'public://23_1.jpg', 'image/jpeg', 33233, 1, 1354766574, 'image'),
(551, 4, '35.jpg', 'public://35.jpg', 'image/jpeg', 35210, 1, 1354766574, 'image'),
(552, 4, '33.jpg', 'public://33_0.jpg', 'image/jpeg', 34841, 1, 1354766574, 'image'),
(553, 4, '26.jpg', 'public://26_1.jpg', 'image/jpeg', 36722, 1, 1354766574, 'image'),
(554, 4, '15.jpg', 'public://15_4.jpg', 'image/jpeg', 22012, 1, 1354766574, 'image'),
(555, 4, '14.jpg', 'public://14_4.jpg', 'image/jpeg', 25291, 1, 1354766574, 'image'),
(556, 4, '5.jpg', 'public://5_10.jpg', 'image/jpeg', 52072, 1, 1354766574, 'image'),
(557, 4, '4.jpg', 'public://4_10.jpg', 'image/jpeg', 44159, 1, 1354766574, 'image'),
(558, 4, '2.jpg', 'public://2_7.jpg', 'image/jpeg', 59084, 1, 1354766574, 'image'),
(559, 4, '9.jpg', 'public://9_4.jpg', 'image/jpeg', 50852, 1, 1354766574, 'image'),
(560, 4, '10.jpg', 'public://10_7.jpg', 'image/jpeg', 35572, 1, 1354766574, 'image'),
(561, 4, '11.jpg', 'public://11_4.jpg', 'image/jpeg', 44054, 1, 1354766574, 'image'),
(562, 4, '10_04.jpg', 'public://10_04.jpg', 'image/jpeg', 102416, 1, 1354766574, 'image'),
(563, 4, '10_03.jpg', 'public://10_03.jpg', 'image/jpeg', 35572, 1, 1354766574, 'image'),
(564, 4, '1.jpg', 'public://1_7.jpg', 'image/jpeg', 41264, 1, 1354766574, 'image'),
(565, 4, '78.jpg', 'public://78.jpg', 'image/jpeg', 25257, 1, 1354767776, 'image'),
(566, 4, '75.jpg', 'public://75.jpg', 'image/jpeg', 39830, 1, 1354767776, 'image'),
(567, 4, '85.jpg', 'public://85.jpg', 'image/jpeg', 59874, 1, 1354767776, 'image'),
(568, 4, '65.jpg', 'public://65_0.jpg', 'image/jpeg', 39323, 1, 1354767776, 'image'),
(569, 4, '66_03.jpg', 'public://66_03.jpg', 'image/jpeg', 51861, 1, 1354767776, 'image'),
(570, 4, '67.jpg', 'public://67.jpg', 'image/jpeg', 38819, 1, 1354767776, 'image'),
(571, 4, '71.jpg', 'public://71.jpg', 'image/jpeg', 40850, 1, 1354767776, 'image'),
(572, 20, '65_01.jpg', 'public://65_01.jpg', 'image/jpeg', 39323, 1, 1354807802, 'image'),
(573, 20, '9b50b68b0a.jpg', 'public://9b50b68b0a.jpg', 'image/jpeg', 12724, 1, 1354810863, 'image'),
(574, 20, '762b6507da.jpg', 'public://762b6507da.jpg', 'image/jpeg', 13127, 1, 1354810863, 'image'),
(575, 20, '2fe8d6f96d.jpg', 'public://2fe8d6f96d.jpg', 'image/jpeg', 12816, 1, 1354810863, 'image'),
(576, 20, '8fb5c891c3.jpg', 'public://8fb5c891c3.jpg', 'image/jpeg', 12962, 1, 1354810863, 'image'),
(577, 20, '9b50b68b0a.jpg', 'public://9b50b68b0a_0.jpg', 'image/jpeg', 12724, 1, 1354810909, 'image'),
(578, 20, '762b6507da.jpg', 'public://762b6507da_0.jpg', 'image/jpeg', 13127, 1, 1354810981, 'image'),
(584, 20, '1_01.JPG', 'public://1_01_2.JPG', 'image/jpeg', 159967, 1, 1354811302, 'image'),
(588, 20, 'phprBlbkmPM-1.jpg', 'public://profiles/photos/phprBlbkmPM-1.jpg', 'image/jpeg', 13440, 1, 1354912664, 'image'),
(589, 4, 'babayan_scaled.jpg', 'public://babayan_scaled.jpg', 'image/jpeg', 33199, 1, 1354937577, 'image'),
(593, 15, 'Tsov-portrait_2012_by Vardine.jpg', 'public://profiles/photos/Tsov-portrait_2012_by Vardine_0.jpg', 'image/jpeg', 4463, 1, 1354955470, 'image'),
(594, 20, 'DSC_5362-1.JPG', 'public://DSC_5362-1.JPG', 'image/jpeg', 1255144, 1, 1354982666, 'image'),
(595, 20, 'DSC_5429.JPG', 'public://DSC_5429.JPG', 'image/jpeg', 5352561, 1, 1354982722, 'image'),
(597, 20, 'DSC_5369.JPG', 'public://DSC_5369_0.JPG', 'image/jpeg', 1456452, 1, 1354982768, 'image'),
(599, 20, 'DSC_5401.JPG', 'public://DSC_5401_0.JPG', 'image/jpeg', 2017847, 1, 1354982817, 'image'),
(600, 20, 'DSC_5439.JPG', 'public://DSC_5439.JPG', 'image/jpeg', 1701245, 1, 1354982860, 'image'),
(601, 20, 'DSC_5479.JPG', 'public://DSC_5479.JPG', 'image/jpeg', 1590746, 1, 1354982920, 'image'),
(603, 15, 'Diana_Khachaturyan.jpg', 'public://profiles/photos/Diana_Khachaturyan_0.jpg', 'image/jpeg', 14788, 1, 1355005028, 'image'),
(604, 20, '1-1.jpg', 'public://1-1.jpg', 'image/jpeg', 41264, 1, 1355081757, 'image'),
(608, 20, '3.jpg', 'public://3_2.jpg', 'image/jpeg', 32061, 1, 1355081904, 'image'),
(615, 20, '11.jpg', 'public://11.jpg', 'image/jpeg', 44054, 1, 1355082313, 'image'),
(616, 20, '11.jpg', 'public://11_0.jpg', 'image/jpeg', 44054, 1, 1355082324, 'image'),
(620, 20, '79.jpg', 'public://79.jpg', 'image/jpeg', 35873, 1, 1355082519, 'image'),
(621, 20, '80.jpg', 'public://80.jpg', 'image/jpeg', 30050, 1, 1355082585, 'image'),
(622, 20, '18.jpg', 'public://18.jpg', 'image/jpeg', 43221, 1, 1355082629, 'image'),
(623, 20, '22.jpg', 'public://22.jpg', 'image/jpeg', 30530, 1, 1355082689, 'image'),
(624, 20, '28.jpg', 'public://28.jpg', 'image/jpeg', 31378, 1, 1355082741, 'image'),
(625, 20, '40.jpg', 'public://40.jpg', 'image/jpeg', 46324, 1, 1355082781, 'image'),
(626, 20, '47.jpg', 'public://47.jpg', 'image/jpeg', 32069, 1, 1355082830, 'image'),
(627, 20, '51.jpg', 'public://51.jpg', 'image/jpeg', 40995, 1, 1355082882, 'image'),
(628, 20, '49.jpg', 'public://49.jpg', 'image/jpeg', 50323, 1, 1355082935, 'image'),
(629, 20, '54.jpg', 'public://54.jpg', 'image/jpeg', 34593, 1, 1355082966, 'image'),
(630, 20, '54.jpg', 'public://54_0.jpg', 'image/jpeg', 34593, 1, 1355083009, 'image'),
(631, 20, '55.jpg', 'public://55.jpg', 'image/jpeg', 33718, 1, 1355083042, 'image'),
(632, 20, '56.jpg', 'public://56.jpg', 'image/jpeg', 33588, 1, 1355083079, 'image'),
(633, 20, '59.jpg', 'public://59.jpg', 'image/jpeg', 36150, 1, 1355083101, 'image'),
(634, 20, '60.jpg', 'public://60.jpg', 'image/jpeg', 32784, 1, 1355083150, 'image'),
(635, 20, '61.jpg', 'public://61.jpg', 'image/jpeg', 28849, 1, 1355083175, 'image'),
(636, 20, '62.jpg', 'public://62.jpg', 'image/jpeg', 31705, 1, 1355083219, 'image'),
(637, 20, '41.jpg', 'public://41.jpg', 'image/jpeg', 31631, 1, 1355083284, 'image'),
(638, 20, '39.jpg', 'public://39.jpg', 'image/jpeg', 27209, 1, 1355083313, 'image'),
(639, 20, '81.jpg', 'public://81.jpg', 'image/jpeg', 35315, 1, 1355083357, 'image'),
(642, 20, '67.jpg', 'public://67_0.jpg', 'image/jpeg', 38819, 1, 1355083503, 'image'),
(644, 20, '73.jpg', 'public://73.jpg', 'image/jpeg', 36818, 1, 1355083577, 'image'),
(645, 20, '77.jpg', 'public://77.jpg', 'image/jpeg', 56152, 1, 1355083621, 'image'),
(647, 20, '85.jpg', 'public://85_0.jpg', 'image/jpeg', 59874, 1, 1355083679, 'image'),
(658, 15, 'VikenAttarian_Portrait.jpg', 'public://profiles/photos/VikenAttarian_Portrait.jpg', 'image/jpeg', 14707, 1, 1355163292, 'image'),
(659, 15, 'BIO_2012_Karamanian.jpg', 'public://profiles/photos/BIO_2012_Karamanian_0.jpg', 'image/jpeg', 26040, 1, 1355163556, 'image'),
(660, 15, 'LevonBARKHUDARYAN.jpg', 'public://profiles/photos/LevonBARKHUDARYAN.jpg', 'image/jpeg', 11778, 1, 1355163660, 'image'),
(661, 15, 'GregAftandillian.jpg', 'public://profiles/photos/GregAftandillian_0.jpg', 'image/jpeg', 17132, 1, 1355164311, 'image'),
(663, 20, 'Hovnanian Gala 1.jpg', 'public://Hovnanian Gala 1.jpg', 'image/jpeg', 1119454, 1, 1355164540, 'image'),
(664, 20, '2_02.jpg', 'public://2_02.jpg', 'image/jpeg', 153892, 1, 1355164907, 'image'),
(665, 20, '2_02.jpg', 'public://2_02_0.jpg', 'image/jpeg', 153892, 1, 1355164997, 'image'),
(667, 20, 'DSC_8840.JPG', 'public://DSC_8840.JPG', 'image/jpeg', 187903, 1, 1355165439, 'image'),
(668, 15, '8_01.jpg', 'public://8_01.jpg', 'image/jpeg', 169686, 1, 1355167729, 'image'),
(673, 15, '8_02.JPG', 'public://8_02.JPG', 'image/jpeg', 173257, 1, 1355167984, 'image'),
(674, 15, '8_03.JPG', 'public://8_03.JPG', 'image/jpeg', 150157, 1, 1355168015, 'image'),
(675, 15, '8_05.JPG', 'public://8_05.JPG', 'image/jpeg', 167332, 1, 1355168047, 'image'),
(676, 15, '8_04.JPG', 'public://8_04.JPG', 'image/jpeg', 159117, 1, 1355168080, 'image'),
(677, 15, '1.JPG', 'public://1.JPG', 'image/jpeg', 150882, 1, 1355168307, 'image'),
(678, 15, '2.JPG', 'public://2.JPG', 'image/jpeg', 160589, 1, 1355168334, 'image'),
(679, 15, '3.jpg', 'public://3_0.jpg', 'image/jpeg', 148996, 1, 1355168359, 'image'),
(680, 15, '4.JPG', 'public://4.JPG', 'image/jpeg', 189127, 1, 1355168391, 'image'),
(681, 15, '5.JPG', 'public://5_0.JPG', 'image/jpeg', 171936, 1, 1355168426, 'image'),
(682, 15, '6.JPG', 'public://6.JPG', 'image/jpeg', 155296, 1, 1355168454, 'image'),
(683, 15, '7.JPG', 'public://7.JPG', 'image/jpeg', 143926, 1, 1355168481, 'image'),
(684, 15, '8.JPG', 'public://8_0.JPG', 'image/jpeg', 168349, 1, 1355168514, 'image'),
(685, 15, '9.JPG', 'public://9_0.JPG', 'image/jpeg', 168713, 1, 1355168560, 'image'),
(686, 15, 'DSC_8832.JPG', 'public://DSC_8832.JPG', 'image/jpeg', 167377, 1, 1355168735, 'image'),
(687, 15, 'DSC_8836.JPG', 'public://DSC_8836.JPG', 'image/jpeg', 176096, 1, 1355168765, 'image'),
(688, 15, 'DSC_8839.JPG', 'public://DSC_8839.JPG', 'image/jpeg', 200471, 1, 1355168792, 'image'),
(689, 15, 'DSC_8840.JPG', 'public://DSC_8840_0.JPG', 'image/jpeg', 187903, 1, 1355168823, 'image'),
(691, 15, 'DSC_8843.JPG', 'public://DSC_8843_0.JPG', 'image/jpeg', 202082, 1, 1355168857, 'image'),
(692, 15, 'DSC_8849.JPG', 'public://DSC_8849.JPG', 'image/jpeg', 193505, 1, 1355168890, 'image'),
(693, 15, 'DSC_8851.JPG', 'public://DSC_8851.JPG', 'image/jpeg', 201793, 1, 1355168922, 'image'),
(694, 15, 'DSC_8854.JPG', 'public://DSC_8854.JPG', 'image/jpeg', 190943, 1, 1355168954, 'image'),
(695, 15, 'DSC_8855.JPG', 'public://DSC_8855.JPG', 'image/jpeg', 204886, 1, 1355168988, 'image'),
(696, 15, 'DSC_8857.JPG', 'public://DSC_8857.JPG', 'image/jpeg', 196116, 1, 1355169030, 'image'),
(697, 15, 'DSC_8863.JPG', 'public://DSC_8863.JPG', 'image/jpeg', 194031, 1, 1355169070, 'image'),
(698, 15, 'DSC_8865.JPG', 'public://DSC_8865.JPG', 'image/jpeg', 205880, 1, 1355169102, 'image'),
(699, 15, '11.JPG', 'public://11_2.JPG', 'image/jpeg', 190849, 1, 1355169496, 'image'),
(700, 15, '12.JPG', 'public://12.JPG', 'image/jpeg', 195594, 1, 1355169528, 'image'),
(701, 15, '13.JPG', 'public://13_0.JPG', 'image/jpeg', 195173, 1, 1355169566, 'image'),
(702, 15, '14.JPG', 'public://14.JPG', 'image/jpeg', 201069, 1, 1355169604, 'image'),
(703, 15, '15.JPG', 'public://15.JPG', 'image/jpeg', 175065, 1, 1355169633, 'image'),
(704, 15, '16.JPG', 'public://16.JPG', 'image/jpeg', 196788, 1, 1355169667, 'image'),
(705, 15, '17.JPG', 'public://17.JPG', 'image/jpeg', 175943, 1, 1355169703, 'image'),
(706, 15, '18.JPG', 'public://18_0.JPG', 'image/jpeg', 158689, 1, 1355169740, 'image'),
(707, 15, '19.JPG', 'public://19.JPG', 'image/jpeg', 188359, 1, 1355169770, 'image'),
(708, 15, '20.JPG', 'public://20.JPG', 'image/jpeg', 146026, 1, 1355169810, 'image'),
(709, 15, '21.JPG', 'public://21.JPG', 'image/jpeg', 154395, 1, 1355169835, 'image'),
(710, 15, '22.JPG', 'public://22_0.JPG', 'image/jpeg', 124299, 1, 1355169863, 'image'),
(711, 15, '23.JPG', 'public://23.JPG', 'image/jpeg', 165176, 1, 1355169894, 'image'),
(712, 15, '24.JPG', 'public://24.JPG', 'image/jpeg', 171416, 1, 1355169945, 'image'),
(713, 15, '25.jpg', 'public://25.jpg', 'image/jpeg', 172273, 1, 1355169973, 'image'),
(714, 15, '26.jpg', 'public://26.jpg', 'image/jpeg', 102416, 1, 1355170002, 'image'),
(715, 15, '27.jpg', 'public://27.jpg', 'image/jpeg', 94294, 1, 1355170029, 'image'),
(716, 15, '28.jpg', 'public://28_0.jpg', 'image/jpeg', 101836, 1, 1355170057, 'image'),
(717, 15, '29.jpg', 'public://29.jpg', 'image/jpeg', 94855, 1, 1355170091, 'image'),
(718, 15, '30.jpg', 'public://30.jpg', 'image/jpeg', 161044, 1, 1355170122, 'image'),
(719, 15, '31.jpg', 'public://31.jpg', 'image/jpeg', 127756, 1, 1355170163, 'image'),
(720, 15, '32.jpg', 'public://32.jpg', 'image/jpeg', 86809, 1, 1355170192, 'image'),
(721, 15, '33.jpg', 'public://33_2.jpg', 'image/jpeg', 73734, 1, 1355170247, 'image'),
(722, 15, 'vladimir.airapetian.jpg', 'public://profiles/photos/vladimir.airapetian.jpg', 'image/jpeg', 8629, 1, 1355172441, 'image'),
(723, 20, '3.JPG', 'public://3.JPG', 'image/jpeg', 301373, 1, 1355174300, 'image'),
(724, 20, 'IMG_6083.JPG', 'public://IMG_6083.JPG', 'image/jpeg', 41995, 1, 1355174517, 'image'),
(725, 15, '2.jpg', 'public://2_0.jpg', 'image/jpeg', 317087, 1, 1355175414, 'image'),
(726, 15, '3.jpg', 'public://3_1.jpg', 'image/jpeg', 321600, 1, 1355175442, 'image'),
(727, 15, '4.jpg', 'public://4_1.jpg', 'image/jpeg', 257919, 1, 1355175844, 'image'),
(728, 15, '5.jpg', 'public://5_1.jpg', 'image/jpeg', 305091, 1, 1355175898, 'image'),
(729, 15, '6.jpg', 'public://6_0.jpg', 'image/jpeg', 65724, 1, 1355175941, 'image'),
(730, 15, '11.jpg', 'public://11_3.jpg', 'image/jpeg', 16382, 1, 1355177299, 'image'),
(731, 15, '12.jpg', 'public://12_0.jpg', 'image/jpeg', 16118, 1, 1355177854, 'image'),
(732, 15, '13.jpg', 'public://13_1.jpg', 'image/jpeg', 22000, 1, 1355177924, 'image'),
(733, 15, 'stephanastourian.jpg', 'public://profiles/photos/stephanastourian.jpg', 'image/jpeg', 9126, 1, 1355185858, 'image'),
(735, 15, 'anno_jb-ischool-2012-0072.jpg', 'public://profiles/photos/anno_jb-ischool-2012-0072_0.jpg', 'image/jpeg', 22576, 1, 1355196098, 'image'),
(737, 20, 'phpLQcnkMPM.jpg', 'public://phpLQcnkMPM.jpg', 'image/jpeg', 37399, 1, 1355202167, 'image'),
(738, 20, 'Figure 3 frequency copy.jpg', 'public://Figure 3 frequency copy.jpg', 'image/jpeg', 135355, 1, 1355256452, 'image'),
(739, 20, 'Figure 3 frequency copy.jpg', 'public://Figure 3 frequency copy_0.jpg', 'image/jpeg', 135355, 1, 1355256546, 'image'),
(740, 20, 'Figure 3 frequency copy.jpg', 'public://Figure 3 frequency copy_1.jpg', 'image/jpeg', 157974, 1, 1355256851, 'image'),
(741, 20, 'phpcD4af2PM.jpg', 'public://phpcD4af2PM.jpg', 'image/jpeg', 53547, 1, 1355260959, 'image'),
(742, 4, 'Election_report_figure.jpg', 'public://Election_report_figure.jpg', 'image/jpeg', 27227, 1, 1355265757, 'image'),
(743, 4, 'Election_report_figure.jpg', 'public://Election_report_figure_0.jpg', 'image/jpeg', 24675, 1, 1355265909, 'image'),
(748, 20, 'phpK9g6pwPM.jpg', 'public://phpK9g6pwPM.jpg', 'image/jpeg', 34967, 1, 1355268834, 'image'),
(749, 20, '5dac260dcd.jpg', 'public://5dac260dcd.jpg', 'image/jpeg', 34780, 1, 1355284075, 'image'),
(750, 15, '1_01.JPG', 'public://1_01.JPG', 'image/jpeg', 159967, 1, 1355288507, 'image'),
(751, 15, '2.JPG', 'public://2_1.JPG', 'image/jpeg', 181518, 1, 1355288555, 'image'),
(752, 15, '3.JPG', 'public://3_4.JPG', 'image/jpeg', 143219, 1, 1355288640, 'image'),
(753, 15, '4.JPG', 'public://4_2.JPG', 'image/jpeg', 135430, 1, 1355288682, 'image'),
(754, 15, '5.JPG', 'public://5_2.JPG', 'image/jpeg', 138948, 1, 1355288736, 'image'),
(756, 15, '6.JPG', 'public://6_2.JPG', 'image/jpeg', 121960, 1, 1355288812, 'image'),
(757, 15, '7.JPG', 'public://7_0.JPG', 'image/jpeg', 118528, 1, 1355288845, 'image'),
(758, 15, '8.JPG', 'public://8_1.JPG', 'image/jpeg', 123516, 1, 1355288872, 'image'),
(759, 15, '9.JPG', 'public://9_1.JPG', 'image/jpeg', 127894, 1, 1355288900, 'image'),
(760, 15, '10.JPG', 'public://10_0.JPG', 'image/jpeg', 137457, 1, 1355288937, 'image'),
(761, 15, '11.JPG', 'public://11_5.JPG', 'image/jpeg', 154018, 1, 1355289000, 'image'),
(762, 15, '12.JPG', 'public://12_1.JPG', 'image/jpeg', 143908, 1, 1355289042, 'image'),
(763, 15, '13.JPG', 'public://13_2.JPG', 'image/jpeg', 144577, 1, 1355289093, 'image'),
(764, 15, '14.JPG', 'public://14_0.JPG', 'image/jpeg', 127877, 1, 1355289132, 'image'),
(765, 15, '15.JPG', 'public://15_0.JPG', 'image/jpeg', 118577, 1, 1355289194, 'image'),
(768, 20, 'PFA - Report 12.12 web.pdf', 'public://documents/files/PFA - Report 12.12 web.pdf', 'application/pdf', 1760862, 1, 1355341758, 'application'),
(769, 20, 'ok.jpg', 'public://ok.jpg', 'image/jpeg', 19854, 1, 1355341956, 'image'),
(770, 20, 'PR in Armenian final .pdf', 'public://PR in Armenian final .pdf', 'application/pdf', 182827, 1, 1355347039, 'application'),
(772, 20, 'php7LXYlMPM.jpg', 'public://profiles/photos/php7LXYlMPM.jpg', 'image/jpeg', 6238, 1, 1355348782, 'image'),
(773, 20, 'PDF Final Armenian .pdf', 'public://PDF Final Armenian .pdf', 'application/pdf', 191983, 1, 1355367200, 'application'),
(774, 15, '1.jpg', 'public://1_0.jpg', 'image/jpeg', 51861, 1, 1355378566, 'image'),
(775, 15, '2.jpg', 'public://2_2.jpg', 'image/jpeg', 59084, 1, 1355378596, 'image'),
(776, 15, 'Kapinos_and_Aleksashenko.jpg', 'public://Kapinos_and_Aleksashenko.jpg', 'image/jpeg', 1316290, 1, 1355378640, 'image'),
(778, 15, '1.jpg', 'public://1_1.jpg', 'image/jpeg', 51861, 1, 1355381855, 'image'),
(779, 15, '2.jpg', 'public://2_3.jpg', 'image/jpeg', 59084, 1, 1355381885, 'image'),
(780, 15, 'DSCN2629.JPG', 'public://DSCN2629.JPG', 'image/jpeg', 3260760, 1, 1355381944, 'image'),
(781, 15, 'DSCN2632.JPG', 'public://DSCN2632.JPG', 'image/jpeg', 3376845, 1, 1355382058, 'image'),
(782, 15, 'Kapinos_and_Aleksashenko.jpg', 'public://Kapinos_and_Aleksashenko_0.jpg', 'image/jpeg', 1316290, 1, 1355382118, 'image'),
(785, 15, 'Welcoming_Talk.jpg', 'public://Welcoming_Talk.jpg', 'image/jpeg', 1416442, 1, 1355382273, 'image'),
(786, 15, 'DSCN2633.JPG', 'public://DSCN2633.JPG', 'image/jpeg', 3361256, 1, 1355382409, 'image'),
(788, 15, 'DSCN2635.JPG', 'public://DSCN2635.JPG', 'image/jpeg', 3038531, 1, 1355382506, 'image'),
(791, 15, 'Add.JPG', 'public://Add.JPG', 'image/jpeg', 2723505, 1, 1355383350, 'image'),
(792, 15, 'Add2.JPG', 'public://Add2.JPG', 'image/jpeg', 3166417, 1, 1355383749, 'image'),
(793, 15, 'Welcoming_Talk.jpg', 'public://Welcoming_Talk_1.jpg', 'image/jpeg', 1416442, 1, 1355383990, 'image'),
(794, 15, '1.jpg', 'public://1_2.jpg', 'image/jpeg', 51861, 1, 1355384015, 'image'),
(796, 15, 'Add.JPG', 'public://Add_0.JPG', 'image/jpeg', 2723505, 1, 1355384104, 'image'),
(798, 15, 'Add3.JPG', 'public://Add3.JPG', 'image/jpeg', 3271738, 1, 1355384194, 'image'),
(799, 15, 'DSCN2629.JPG', 'public://DSCN2629_0.JPG', 'image/jpeg', 3260760, 1, 1355384238, 'image'),
(801, 15, 'DSCN2632.JPG', 'public://DSCN2632_0.JPG', 'image/jpeg', 3376845, 1, 1355384333, 'image'),
(802, 15, 'DSCN2633.JPG', 'public://DSCN2633_0.JPG', 'image/jpeg', 3361256, 1, 1355384395, 'image'),
(803, 15, 'DSCN2634.JPG', 'public://DSCN2634.JPG', 'image/jpeg', 3348216, 1, 1355384441, 'image'),
(804, 15, 'DSCN2635.JPG', 'public://DSCN2635_0.JPG', 'image/jpeg', 3038531, 1, 1355384526, 'image'),
(805, 15, 'DSCN2639.JPG', 'public://DSCN2639.JPG', 'image/jpeg', 3166417, 1, 1355384569, 'image'),
(807, 15, 'Kapinos_and_Aleksashenko.jpg', 'public://Kapinos_and_Aleksashenko_1.jpg', 'image/jpeg', 1316290, 1, 1355384666, 'image'),
(809, 15, 'Session_II.jpg', 'public://Session_II.jpg', 'image/jpeg', 1330999, 1, 1355384754, 'image'),
(810, 15, 'Session_III.jpg', 'public://Session_III.jpg', 'image/jpeg', 1350354, 1, 1355384794, 'image'),
(811, 15, 'Session_IV.jpg', 'public://Session_IV.jpg', 'image/jpeg', 5833, 1, 1355384827, 'image'),
(812, 15, 'Add4.JPG', 'public://Add4.JPG', 'image/jpeg', 3207736, 1, 1355385183, 'image'),
(814, 20, 'PFA - Report 12.12 ARM.pdf', 'public://PFA - Report 12.12 ARM.pdf', 'application/pdf', 948857, 1, 1355864741, 'application'),
(815, 8, 'PFA Diaspora Report.pdf', 'public://documents/files/PFA Diaspora Report.pdf', 'application/pdf', 890910, 1, 1357282120, 'application'),
(817, 8, 'PFA Special Report on Crisis--Armenian.pdf', 'public://PFA Special Report on Crisis--Armenian_0.pdf', 'application/pdf', 773107, 1, 1357283416, 'application'),
(818, 8, 'Election Report--Armenian.pdf', 'public://Election Report--Armenian.pdf', 'application/pdf', 871464, 1, 1357284437, 'application'),
(819, 20, 'Diana_Khachaturyan_0.jpg', 'public://profiles/photos/Diana_Khachaturyan_0_0.jpg', 'image/jpeg', 14788, 1, 1357665392, 'image'),
(820, 20, 'armenianbarassociation.jpg', 'public://armenianbarassociation.jpg', 'image/jpeg', 70276, 1, 1357755475, 'image'),
(821, 20, 'IMG_0971.JPG', 'public://IMG_0971.JPG', 'image/jpeg', 2114026, 1, 1358184858, 'image'),
(823, 20, 'IMG_0977.JPG', 'public://IMG_0977.JPG', 'image/jpeg', 2397885, 1, 1358184920, 'image'),
(824, 20, 'IMG_0979.JPG', 'public://IMG_0979.JPG', 'image/jpeg', 2158096, 1, 1358184953, 'image'),
(825, 20, 'IMG_0983.JPG', 'public://IMG_0983.JPG', 'image/jpeg', 2130454, 1, 1358184989, 'image'),
(826, 20, 'IMG_0987.JPG', 'public://IMG_0987.JPG', 'image/jpeg', 2054112, 1, 1358185023, 'image'),
(827, 20, 'IMG_0991.JPG', 'public://IMG_0991.JPG', 'image/jpeg', 2129049, 1, 1358185054, 'image'),
(828, 20, 'Statement Re Death of Artak Nazaryan.pdf', 'public://Statement Re Death of Artak Nazaryan.pdf', 'application/pdf', 75943, 1, 1358185518, 'application'),
(829, 20, 'Statement on Artak Nazaryan\'s death--Armenian.pdf', 'public://Statement on Artak Nazaryan\'s death--Armenian.pdf', 'application/pdf', 143808, 1, 1358185579, 'application'),
(831, 20, 'Letter to International Observers January 2013.pdf', 'public://Letter to International Observers January 2013.pdf', 'application/pdf', 350448, 1, 1358354584, 'application'),
(832, 20, 'Letter to International Observers January 2013.pdf', 'public://Letter to International Observers January 2013_0.pdf', 'application/pdf', 350448, 1, 1358357344, 'application'),
(833, 8, 'Letter to International Observers January 2013.pdf', 'public://Letter to International Observers January 2013_1.pdf', 'application/pdf', 350139, 1, 1358360494, 'application'),
(835, 20, 'phpxpbPiBAM.jpg', 'public://profiles/photos/phpxpbPiBAM.jpg', 'image/jpeg', 33395, 1, 1359128705, 'image'),
(836, 20, '41338_427939418174_6187564_n.jpg', 'public://41338_427939418174_6187564_n.jpg', 'image/jpeg', 67785, 1, 1359423691, 'image'),
(837, 20, '58653_427939903174_5838663_n.jpg', 'public://58653_427939903174_5838663_n.jpg', 'image/jpeg', 58051, 1, 1359423722, 'image'),
(838, 20, '41058_427939933174_1526518_n.jpg', 'public://41058_427939933174_1526518_n.jpg', 'image/jpeg', 60359, 1, 1359423751, 'image'),
(839, 20, '47980_427940083174_720259_n.jpg', 'public://47980_427940083174_720259_n.jpg', 'image/jpeg', 68323, 1, 1359423779, 'image'),
(841, 20, '58708_427939988174_3203667_n.jpg', 'public://58708_427939988174_3203667_n_0.jpg', 'image/jpeg', 60046, 1, 1359423844, 'image'),
(842, 20, '58708_427939998174_6529549_n.jpg', 'public://58708_427939998174_6529549_n.jpg', 'image/jpeg', 75984, 1, 1359423871, 'image'),
(843, 20, 'IMG_6204.JPG', 'public://IMG_6204.JPG', 'image/jpeg', 2765651, 1, 1359424575, 'image'),
(844, 20, 'IMG_6176.JPG', 'public://IMG_6176.JPG', 'image/jpeg', 3360934, 1, 1359424642, 'image'),
(845, 20, 'IMG_6186.JPG', 'public://IMG_6186.JPG', 'image/jpeg', 3643401, 1, 1359424674, 'image'),
(846, 20, 'IMG_6191.JPG', 'public://IMG_6191.JPG', 'image/jpeg', 3238322, 1, 1359424707, 'image'),
(847, 20, 'phpXqG3bCAM.jpg', 'public://profiles/photos/phpXqG3bCAM.jpg', 'image/jpeg', 23013, 1, 1359918188, 'image'),
(848, 20, 'Statement .pdf', 'public://Statement .pdf', 'application/pdf', 758304, 1, 1361541513, 'application'),
(849, 20, 'Figure 1.pdf', 'public://Figure 1.pdf', 'application/pdf', 119583, 1, 1361546704, 'application'),
(850, 20, 'Figure 2.pdf', 'public://Figure 2.pdf', 'application/pdf', 392935, 1, 1361546897, 'application'),
(851, 20, 'Figure 3.pdf', 'public://Figure 3.pdf', 'application/pdf', 84024, 1, 1361546961, 'application'),
(852, 20, '2013 Election Statement-1.pdf', 'public://2013 Election Statement-1.pdf', 'application/pdf', 546136, 1, 1361600063, 'application'),
(853, 20, '2013 Election Statement-updated.pdf', 'public://2013 Election Statement-updated.pdf', 'application/pdf', 545067, 1, 1361645974, 'application'),
(854, 20, '2013 Election Statement-3.pdf', 'public://2013 Election Statement-3.pdf', 'application/pdf', 545069, 1, 1361647528, 'application'),
(857, 20, 'Black List - Final .pdf', 'public://Black List - Final .pdf', 'application/pdf', 53021, 1, 1362501766, 'application'),
(858, 20, 'Black List .pdf', 'public://Black List .pdf', 'application/pdf', 67494, 1, 1362502471, 'application'),
(859, 20, 'Pre-Election Statement 2013--FINAL.pdf', 'public://Pre-Election Statement 2013--FINAL.pdf', 'application/pdf', 143959, 1, 1362540143, 'application'),
(861, 20, 'PFA Appeal to the Diaspora - 01.doc', 'public://PFA Appeal to the Diaspora - 01.doc', 'application/msword', 38400, 1, 1364785462, 'application'),
(862, 20, 'PFA Appeal to the Diaspora - 01.pdf', 'public://PFA Appeal to the Diaspora - 01.pdf', 'application/pdf', 65520, 1, 1364785775, 'application'),
(868, 20, 'phpHr8i26PM.jpg', 'public://phpHr8i26PM.jpg', 'image/jpeg', 43907, 1, 1365026580, 'image'),
(869, 20, 'photo-4.JPG', 'public://photo-4.JPG', 'image/jpeg', 128642, 1, 1366126082, 'image'),
(870, 20, 'photo-5.JPG', 'public://photo-5.JPG', 'image/jpeg', 118606, 1, 1366126108, 'image'),
(871, 20, 'photo-6.JPG', 'public://photo-6.JPG', 'image/jpeg', 118081, 1, 1366126136, 'image'),
(872, 20, 'Presidential Elections 2013.pptx', 'public://Presidential Elections 2013.pptx', 'application/vnd.openxmlformats-officedocument.presentationml.presentation', 1836281, 1, 1366738896, 'application'),
(875, 20, 'GWU_PFA_3.pdf', 'public://GWU_PFA_3.pdf', 'application/pdf', 4909629, 1, 1366739759, 'application'),
(876, 20, 'Screen Shot 2013-04-29 at 12.29.43 PM.png', 'public://Screen Shot 2013-04-29 at 12.29.43 PM.png', 'image/png', 34399, 1, 1367253072, 'image'),
(878, 20, 'logo-1.png', 'public://logo-1.png', 'image/png', 33428, 1, 1367256912, 'image'),
(879, 0, 'languageApp%20Screenshot.png', 'public://apps/languageApp%20Screenshot.png', 'image/png', 124644, 1, 1367332396, 'image'),
(880, 0, 'languageApp%20Screenshot_0.png', 'public://apps/languageApp%20Screenshot_0.png', 'image/png', 72638, 1, 1424655538, 'image'),
(883, 20, 'Truth or Consequences 2013 D.JPG', 'public://Truth or Consequences 2013 D.JPG', 'image/jpeg', 5630888, 1, 1367853729, 'image'),
(884, 20, 'Truth or Consequences 2013 C.JPG', 'public://Truth or Consequences 2013 C.JPG', 'image/jpeg', 5457215, 1, 1367853766, 'image'),
(885, 20, '532180_10200441649781625_1984488086_n.jpg', 'public://532180_10200441649781625_1984488086_n.jpg', 'image/jpeg', 91329, 1, 1367853879, 'image'),
(886, 20, '66865_10200441646261537_1236383513_n.jpg', 'public://66865_10200441646261537_1236383513_n.jpg', 'image/jpeg', 92316, 1, 1367853903, 'image'),
(889, 8, 'Raffi2.jpg', 'public://Raffi2.jpg', 'image/jpeg', 5818, 1, 1369857276, 'image'),
(893, 20, 'phppO9eleAM.jpg', 'public://phppO9eleAM.jpg', 'image/jpeg', 65771, 1, 1370526705, 'image'),
(895, 20, '0157-M.jpg', 'public://0157-M.jpg', 'image/jpeg', 50126, 1, 1370635004, 'image'),
(896, 20, '0202-M.jpg', 'public://0202-M.jpg', 'image/jpeg', 87165, 1, 1370635045, 'image'),
(897, 20, '0144-M.jpg', 'public://0144-M.jpg', 'image/jpeg', 99388, 1, 1370635069, 'image'),
(898, 20, '0116-M.jpg', 'public://0116-M.jpg', 'image/jpeg', 88575, 1, 1370635098, 'image'),
(899, 20, '0031-M.jpg', 'public://0031-M.jpg', 'image/jpeg', 82415, 1, 1370635127, 'image'),
(900, 20, '0007-M.jpg', 'public://0007-M.jpg', 'image/jpeg', 67123, 1, 1370635156, 'image'),
(901, 20, '0016-M.jpg', 'public://0016-M.jpg', 'image/jpeg', 81075, 1, 1370635186, 'image'),
(902, 20, '0012-M.jpg', 'public://0012-M.jpg', 'image/jpeg', 82849, 1, 1370635228, 'image'),
(904, 20, '0030-M.jpg', 'public://0030-M.jpg', 'image/jpeg', 81008, 1, 1370661866, 'image'),
(905, 20, '0066-M.jpg', 'public://0066-M.jpg', 'image/jpeg', 52361, 1, 1370661927, 'image'),
(906, 20, '0061-M.jpg', 'public://0061-M.jpg', 'image/jpeg', 67299, 1, 1370662004, 'image'),
(907, 20, '0087-M.jpg', 'public://0087-M.jpg', 'image/jpeg', 40366, 1, 1370662265, 'image'),
(909, 20, 'phpJRoN5iPM.jpg', 'public://profiles/photos/phpJRoN5iPM.jpg', 'image/jpeg', 38526, 1, 1371593639, 'image'),
(911, 20, 'phpA0LHjGPM.jpg', 'public://profiles/photos/phpA0LHjGPM.jpg', 'image/jpeg', 9606, 1, 1371593865, 'image'),
(912, 0, 'security_app_1_icon.png', 'public://apps/security_app_1_icon.png', 'image/png', 12939, 1, 1460065842, 'image'),
(913, 0, 'security_app_icon_0.png', 'public://apps/security_app_icon_0.png', 'image/png', 9847, 1, 1374612831, 'image'),
(914, 0, 'securityApp_screenshot_0.png', 'public://apps/securityApp_screenshot_0.png', 'image/png', 99111, 1, 1417131598, 'image'),
(917, 20, 'DSC02151.JPG', 'public://DSC02151.JPG', 'image/jpeg', 1550168, 1, 1378090061, 'image'),
(918, 20, 'DSC02147.JPG', 'public://DSC02147.JPG', 'image/jpeg', 3859871, 1, 1378090102, 'image'),
(919, 20, 'DSC02140.JPG', 'public://DSC02140.JPG', 'image/jpeg', 4496231, 1, 1378090146, 'image'),
(920, 20, 'DSC02144.JPG', 'public://DSC02144.JPG', 'image/jpeg', 3347067, 1, 1378090181, 'image'),
(921, 0, 'lingotek-icon.png', 'public://apps/lingotek-icon.png', 'image/png', 9715, 1, 1378305061, 'image'),
(922, 0, 'Translation.png', 'public://apps/Translation.png', 'image/png', 16449, 1, 1417131598, 'image'),
(923, 0, 'Analytics.png', 'public://apps/Analytics.png', 'image/png', 47954, 1, 1378305061, 'image'),
(924, 0, 'Billing.png', 'public://apps/Billing.png', 'image/png', 112026, 1, 1378305061, 'image');
INSERT INTO `file_managed` (`fid`, `uid`, `filename`, `uri`, `filemime`, `filesize`, `status`, `timestamp`, `type`) VALUES
(926, 20, 'phpJi88rVAM.jpg', 'public://phpJi88rVAM.jpg', 'image/jpeg', 28730, 1, 1378835973, 'image'),
(927, 0, 'OP-Security_0.png', 'public://apps/OP-Security_0.png', 'image/png', 2481, 1, 1423324905, 'image'),
(928, 0, 'OP-Translation.png', 'public://apps/OP-Translation.png', 'image/png', 2395, 1, 1424655538, 'image'),
(936, 15, 'Money_rotate.jpg', 'public://Money_rotate_0.jpg', 'image/jpeg', 48791, 1, 1382325738, 'image'),
(940, 15, 'Press Release Corruption Report--ARMENIAN.pdf', 'public://documents/files/Press Release Corruption Report--ARMENIAN.pdf', 'application/pdf', 115515, 1, 1382360234, 'application'),
(941, 15, 'Press Release Corruption Report--ARMENIAN.pdf', 'public://Press Release Corruption Report--ARMENIAN.pdf', 'application/pdf', 115515, 1, 1382382720, 'application'),
(948, 15, 'PFA_Corruption_Report.pdf', 'public://documents/files/PFA_Corruption_Report.pdf', 'application/pdf', 2448153, 1, 1383923934, 'application'),
(950, 15, 'cover.jpg', 'public://cover_0.jpg', 'image/jpeg', 3428, 1, 1383924074, 'image'),
(951, 15, 'armine photo.jpg', 'public://profiles/photos/armine photo.jpg', 'image/jpeg', 19828, 1, 1389152630, 'image'),
(952, 15, 'LusineJ.jpg', 'public://profiles/photos/LusineJ.jpg', 'image/jpeg', 21823, 1, 1389152740, 'image'),
(953, 20, 'PFA.jpg', 'public://PFA_0.jpg', 'image/jpeg', 42142, 1, 1403811016, 'image'),
(957, 20, 'Hrach Gregorian photo.jpg', 'public://profiles/photos/Hrach Gregorian photo.jpg', 'image/jpeg', 8660, 1, 1404574094, 'image'),
(962, 20, 'php98eFHxPM.jpg', 'public://php98eFHxPM.jpg', 'image/jpeg', 17346, 1, 1404776810, 'image'),
(963, 20, '26.jpg', 'public://26_0.jpg', 'image/jpeg', 338886, 1, 1404777374, 'image'),
(964, 20, '16.jpg', 'public://16_0.jpg', 'image/jpeg', 340774, 1, 1404777395, 'image'),
(967, 20, '1-2.jpg', 'public://1-2_1.jpg', 'image/jpeg', 328327, 1, 1404777425, 'image'),
(968, 20, '5.jpg', 'public://5.jpg', 'image/jpeg', 270815, 1, 1404777451, 'image'),
(969, 20, '12.jpg', 'public://12_2.jpg', 'image/jpeg', 303434, 1, 1404777571, 'image'),
(970, 20, '30.jpg', 'public://30_0.jpg', 'image/jpeg', 289919, 1, 1404777596, 'image'),
(971, 20, '35.jpg', 'public://35_0.jpg', 'image/jpeg', 268939, 1, 1404777622, 'image'),
(972, 20, '37.jpg', 'public://37.jpg', 'image/jpeg', 326740, 1, 1404777651, 'image'),
(973, 20, '10.jpg', 'public://10.jpg', 'image/jpeg', 261333, 1, 1404777745, 'image'),
(974, 20, '1-2.jpg', 'public://1-2_2.jpg', 'image/jpeg', 328327, 1, 1404777843, 'image'),
(975, 20, '11 (2).jpg', 'public://11 (2).jpg', 'image/jpeg', 255154, 1, 1404783286, 'image'),
(976, 20, '7 (2).jpg', 'public://7 (2).jpg', 'image/jpeg', 296090, 1, 1404783316, 'image'),
(977, 20, '6 (1).jpg', 'public://6 (1).jpg', 'image/jpeg', 348472, 1, 1404783395, 'image'),
(978, 20, '9.jpg', 'public://9.jpg', 'image/jpeg', 310169, 1, 1404783421, 'image'),
(979, 20, '10 (1).jpg', 'public://10 (1).jpg', 'image/jpeg', 323417, 1, 1404783442, 'image'),
(984, 15, 'picture_Yelena.jpg', 'public://profiles/photos/picture_Yelena.jpg', 'image/jpeg', 14618, 1, 1404963891, 'image'),
(986, 0, '', '', 'application/octet-stream', 0, 0, 1407172297, 'application'),
(995, 15, 'Press Release--Armenian version.docx', 'public://Press Release--Armenian version.docx', 'application/vnd.openxmlformats-officedocument.wordprocessingml.document', 160720, 1, 1412236710, 'application'),
(996, 8, 'PFA-Map.jpg', 'public://PFA-Map.jpg', 'image/jpeg', 256101, 1, 1412275822, 'image'),
(998, 0, 'icon-workflow.png', 'public://apps/icon-workflow.png', 'image/png', 3004, 1, 1423484828, 'image'),
(999, 0, 'screenshot.png', 'public://apps/screenshot.png', 'image/png', 37156, 1, 1512573162, 'image'),
(1000, 214, 'Armenia and the West--FINAL.pdf', 'public://documents/files/Armenia and the West--FINAL.pdf', 'application/pdf', 980620, 1, 1417318580, 'application'),
(1005, 214, 'Armenia_West_cover.jpg', 'public://Armenia_West_cover_2.jpg', 'image/jpeg', 5792, 1, 1417319757, 'image'),
(1007, 15, 'Eduard Abrahamyan2.jpg', 'public://profiles/photos/Eduard Abrahamyan2.jpg', 'image/jpeg', 67396, 1, 1418368428, 'image'),
(1008, 20, 'Statement for the Constitutional Court.pdf', 'public://Statement for the Constitutional Court.pdf', 'application/pdf', 1841130, 1, 1427724004, 'application'),
(1009, 1, 'Armenia-and-the-West-FINAL.pdf', 'public://Armenia-and-the-West-FINAL.pdf', 'application/pdf', 1308456, 1, 1443174455, 'application'),
(1013, 8, 'FullSizeRender_5--modified.jpg', 'public://FullSizeRender_5--modified_0.jpg', 'image/jpeg', 56775, 1, 1462306005, 'image'),
(1019, 226, 'Tatevik Khudinyan Spring 2016.JPG', 'public://profiles/photos/Tatevik Khudinyan Spring 2016.JPG', 'image/jpeg', 10256, 1, 1462424454, 'image'),
(1020, 226, 'Harutyunyan.JPG', 'public://profiles/photos/Harutyunyan.JPG', 'image/jpeg', 32022, 1, 1465406718, 'image'),
(1021, 214, 'blog_pic.png', 'public://blog_pic.png', 'image/png', 1439914, 1, 1465960408, 'image'),
(1022, 214, 'logo_top.png', 'public://profiles/photos/logo_top.png', 'image/png', 13354, 1, 1469501410, 'image'),
(1023, 214, 'erebuni-protests.jpg', 'public://erebuni-protests.jpg', 'image/jpeg', 57019, 1, 1469502655, 'image'),
(1024, 8, 'Davit Davtyan.jpg', 'public://profiles/photos/Davit Davtyan.jpg', 'image/jpeg', 4741, 1, 1471481382, 'image'),
(1045, 214, 'HyeGWU_600px.jpg', 'public://HyeGWU_600px.jpg', 'image/jpeg', 128478, 1, 1473778202, 'image'),
(1046, 214, 'July events in Armenia POSTER.jpg', 'public://July events in Armenia POSTER.jpg', 'image/jpeg', 311058, 1, 1473778334, 'image'),
(1049, 214, 'July events in Armenia POSTER.pdf', 'public://documents/files/July events in Armenia POSTER.pdf', 'application/pdf', 258518, 1, 1473817437, 'application'),
(1072, 8, 'HyeGWU-1280-q80-9625.jpg', 'public://HyeGWU-1280-q80-9625_3.jpg', 'image/jpeg', 342413, 1, 1473827307, 'image'),
(1074, 8, 'HyeGWU-1280-q80-9658.jpg', 'public://HyeGWU-1280-q80-9658_2.jpg', 'image/jpeg', 415081, 1, 1473827357, 'image'),
(1075, 8, 'HyeGWU-1280-q80-9625.jpg', 'public://HyeGWU-1280-q80-9625_4.jpg', 'image/jpeg', 342413, 1, 1473828043, 'image'),
(1076, 8, 'HyeGWU-1280-q80-9628.jpg', 'public://HyeGWU-1280-q80-9628_2.jpg', 'image/jpeg', 465652, 1, 1473828228, 'image'),
(1080, 8, 'HyeGWU-1280-q80-9625.jpg', 'public://HyeGWU-1280-q80-9625_5.jpg', 'image/jpeg', 342413, 1, 1473828279, 'image'),
(1081, 8, 'HyeGWU-1280-q80-9658.jpg', 'public://HyeGWU-1280-q80-9658_3.jpg', 'image/jpeg', 415081, 1, 1473828307, 'image'),
(1082, 8, 'HyeGWU-1280-q80-9641.jpg', 'public://HyeGWU-1280-q80-9641_1.jpg', 'image/jpeg', 282198, 1, 1473828330, 'image'),
(1083, 8, 'HyeGWU-1280-q80-9693.jpg', 'public://HyeGWU-1280-q80-9693_1.jpg', 'image/jpeg', 334692, 1, 1473828363, 'image'),
(1084, 8, 'HyeGWU-1280-q80-9714.jpg', 'public://HyeGWU-1280-q80-9714_1.jpg', 'image/jpeg', 401016, 1, 1473828387, 'image'),
(1086, 8, 'HyeGWU-1280-q80-9753.jpg', 'public://HyeGWU-1280-q80-9753_1.jpg', 'image/jpeg', 294206, 1, 1473828436, 'image'),
(1087, 8, 'HyeGWU-1280-q80-9768.jpg', 'public://HyeGWU-1280-q80-9768_1.jpg', 'image/jpeg', 321956, 1, 1473828457, 'image'),
(1088, 8, 'HyeGWU-1280-q80-9762.jpg', 'public://HyeGWU-1280-q80-9762_1.jpg', 'image/jpeg', 295917, 1, 1473828477, 'image'),
(1089, 8, 'HyeGWU-1280-q80-9628.jpg', 'public://HyeGWU-1280-q80-9628_3.jpg', 'image/jpeg', 465652, 1, 1473829248, 'image'),
(1090, 8, 'HyeGWU-1280-q80-9658.jpg', 'public://HyeGWU-1280-q80-9658_4.jpg', 'image/jpeg', 415081, 1, 1473829279, 'image'),
(1091, 8, 'HyeGWU-1280-q80-9625.jpg', 'public://HyeGWU-1280-q80-9625_6.jpg', 'image/jpeg', 342413, 1, 1473829300, 'image'),
(1092, 8, 'HyeGWU-1280-q80-9641.jpg', 'public://HyeGWU-1280-q80-9641_2.jpg', 'image/jpeg', 282198, 1, 1473829322, 'image'),
(1093, 8, 'HyeGWU-1280-q80-9693.jpg', 'public://HyeGWU-1280-q80-9693_2.jpg', 'image/jpeg', 334692, 1, 1473829348, 'image'),
(1094, 8, 'HyeGWU-1280-q80-9714.jpg', 'public://HyeGWU-1280-q80-9714_2.jpg', 'image/jpeg', 401016, 1, 1473829369, 'image'),
(1095, 8, 'HyeGWU-1280-q80-9753.jpg', 'public://HyeGWU-1280-q80-9753_2.jpg', 'image/jpeg', 294206, 1, 1473829400, 'image'),
(1096, 8, 'HyeGWU-1280-q80-9768.jpg', 'public://HyeGWU-1280-q80-9768_2.jpg', 'image/jpeg', 321956, 1, 1473829424, 'image'),
(1097, 8, 'HyeGWU-1280-q80-9762.jpg', 'public://HyeGWU-1280-q80-9762_2.jpg', 'image/jpeg', 295917, 1, 1473829444, 'image'),
(1128, 8, 'FullSizeRender_4.jpg', 'public://FullSizeRender_4.jpg', 'image/jpeg', 801336, 1, 1476676041, 'image'),
(1130, 8, 'FullSizeRender_2.jpg', 'public://FullSizeRender_2.jpg', 'image/jpeg', 714635, 1, 1476676159, 'image'),
(1131, 8, 'FullSizeRender_1.jpg', 'public://FullSizeRender_1.jpg', 'image/jpeg', 643620, 1, 1476676193, 'image'),
(1132, 8, 'FullSizeRender_3.jpg', 'public://FullSizeRender_3_1.jpg', 'image/jpeg', 488594, 1, 1476676225, 'image'),
(1133, 8, '1.png', 'public://1_6.png', 'image/png', 4340354, 1, 1476676251, 'image'),
(1134, 8, '5.png', 'public://5.png', 'image/png', 3808550, 1, 1476676291, 'image'),
(1135, 8, '2.png', 'public://2_2.png', 'image/png', 3843249, 1, 1476676314, 'image'),
(1136, 8, 'IMG_8434.JPG', 'public://IMG_8434.JPG', 'image/jpeg', 5896940, 1, 1476676340, 'image'),
(1138, 8, 'IMG_8442.JPG', 'public://IMG_8442_0.JPG', 'image/jpeg', 5697344, 1, 1476676578, 'image'),
(1139, 8, 'FullSizeRender_4.pdf', 'public://FullSizeRender_4.pdf', 'application/pdf', 811706, 1, 1476677286, 'application'),
(1140, 8, 'Poster-2.jpg', 'public://Poster-2.jpg', 'image/jpeg', 181825, 1, 1476764040, 'image'),
(1142, 8, 'FullSizeRender_small.jpg', 'public://FullSizeRender_small.jpg', 'image/jpeg', 44872, 1, 1476764333, 'image'),
(1144, 8, 'Thumbnail.jpg', 'public://Thumbnail_0.jpg', 'image/jpeg', 21967, 1, 1481028757, 'image'),
(1148, 8, 'Kristin Cavoukian Headshot small-v2.jpg', 'public://profiles/photos/Kristin Cavoukian Headshot small-v2.jpg', 'image/jpeg', 32748, 1, 1483065693, 'image'),
(1149, 214, 'PFA DECEMBER REPORT.pdf', 'public://documents/files/PFA DECEMBER REPORT.pdf', 'application/pdf', 581635, 1, 1485144768, 'application'),
(1163, 214, 'Election Violators\' Wall.JPG', 'public://Election Violators\' Wall_0.JPG', 'image/jpeg', 58227, 1, 1490289030, 'image'),
(1164, 214, 'Election Violators\' Wall.JPG', 'public://Election Violators\' Wall_1.JPG', 'image/jpeg', 58227, 1, 1490289134, 'image'),
(1165, 0, 'icon-workflow.png', 'public://apps/openpublic_workflow/icon-workflow.png', 'image/png', 3004, 1, 1514565565, 'image'),
(1166, 0, 'screenshot.png', 'public://apps/openpublic_workflow/screenshot.png', 'image/png', 37156, 1, 1514565565, 'image'),
(1167, 0, 'lingotek-icon.png', 'public://apps/lingotek_app/lingotek-icon.png', 'image/png', 9715, 1, 1514565565, 'image'),
(1168, 0, 'Translation.png', 'public://apps/lingotek_app/Translation.png', 'image/png', 16449, 1, 1514565565, 'image'),
(1169, 0, 'Analytics.png', 'public://apps/lingotek_app/Analytics.png', 'image/png', 47954, 1, 1514565565, 'image'),
(1170, 0, 'Billing.png', 'public://apps/lingotek_app/Billing.png', 'image/png', 112026, 1, 1514565565, 'image'),
(1171, 0, 'security_app_1_icon.png', 'public://apps/openpublic_password/security_app_1_icon.png', 'image/png', 12939, 1, 1514565565, 'image'),
(1172, 0, 'ideation.jpg', 'public://apps/ideation/ideation.jpg', 'image/jpeg', 11638, 1, 1514565565, 'image'),
(1173, 0, 'ideation-screenshot1.jpg', 'public://apps/ideation/ideation-screenshot1.jpg', 'image/jpeg', 196819, 1, 1514565565, 'image'),
(1174, 0, 'project-mapper-logo.png', 'public://apps/openpublic_projects/project-mapper-logo.png', 'image/png', 29747, 1, 1514565565, 'image'),
(1175, 0, 'project-mapper-screenshot1.jpg', 'public://apps/openpublic_projects/project-mapper-screenshot1.jpg', 'image/jpeg', 185506, 1, 1514565565, 'image'),
(1176, 0, 'OP-Security_0.png', 'public://apps/openpublic_advanced_security/OP-Security_0.png', 'image/png', 2481, 1, 1514565565, 'image'),
(1177, 0, 'securityApp_screenshot_0.png', 'public://apps/openpublic_advanced_security/securityApp_screenshot_0.png', 'image/png', 99111, 1, 1514565565, 'image'),
(1178, 0, 'OP-Translation.png', 'public://apps/openpublic_translation_content/OP-Translation.png', 'image/png', 2395, 1, 1514565565, 'image'),
(1179, 0, 'languageApp%20Screenshot_0.png', 'public://apps/openpublic_translation_content/languageApp%20Screenshot_0.png', 'image/png', 72638, 1, 1514565565, 'image'),
(1181, 8, 'Astghik-Grigoryan-Passport.jpg', 'public://profiles/photos/Astghik-Grigoryan-Passport.jpg', 'image/jpeg', 28076, 1, 1523848460, 'image');

-- --------------------------------------------------------

--
-- Структура таблицы `file_metadata`
--

CREATE TABLE IF NOT EXISTS `file_metadata` (
  `fid` int(10) UNSIGNED NOT NULL DEFAULT '0' COMMENT 'The file_managed.fid of the metadata.',
  `name` varchar(255) NOT NULL COMMENT 'The name of the metadata (e.g. ’width’).',
  `value` longblob COMMENT 'The value of the metadata (e.g. ’200px’).',
  PRIMARY KEY (`fid`,`name`)
) ENGINE=InnoDB DEFAULT CHARSET=utf8 COMMENT='Stores file metadata in a key/value store.';

--
-- Дамп данных таблицы `file_metadata`
--

INSERT INTO `file_metadata` (`fid`, `name`, `value`) VALUES
(44, 'height', 0x693a3430343b),
(44, 'width', 0x693a3631323b),
(56, 'height', 0x693a3134333b),
(56, 'width', 0x693a3134353b),
(57, 'height', 0x693a3631393b),
(57, 'width', 0x693a3932333b),
(58, 'height', 0x693a3130303b),
(58, 'width', 0x693a3130303b),
(59, 'height', 0x693a3830393b),
(59, 'width', 0x693a3938343b),
(60, 'height', 0x693a3132303b),
(60, 'width', 0x693a3131373b),
(61, 'height', 0x693a3336383b),
(61, 'width', 0x693a3538373b),
(62, 'height', 0x693a3130303b),
(62, 'width', 0x693a3130303b),
(98, 'height', 0x693a3230323b),
(98, 'width', 0x693a3136303b),
(99, 'height', 0x693a3138343b),
(99, 'width', 0x693a3136303b),
(100, 'height', 0x693a3336313b),
(100, 'width', 0x693a3534303b),
(107, 'height', 0x693a3533343b),
(107, 'width', 0x693a3430303b),
(108, 'height', 0x693a3236373b),
(108, 'width', 0x693a3430303b),
(109, 'height', 0x693a3236373b),
(109, 'width', 0x693a3430303b),
(110, 'height', 0x693a3236373b),
(110, 'width', 0x693a3430303b),
(111, 'height', 0x693a3330303b),
(111, 'width', 0x693a3430303b),
(115, 'height', 0x693a3538323b),
(115, 'width', 0x693a3830303b),
(116, 'height', 0x693a3538323b),
(116, 'width', 0x693a3830303b),
(117, 'height', 0x693a3130343b),
(117, 'width', 0x693a38303b),
(118, 'height', 0x693a3130343b),
(118, 'width', 0x693a38303b),
(123, 'height', 0x693a3131313b),
(123, 'width', 0x693a38313b),
(124, 'height', 0x693a3130333b),
(124, 'width', 0x693a38303b),
(126, 'height', 0x693a3130333b),
(126, 'width', 0x693a38303b),
(128, 'height', 0x693a3130343b),
(128, 'width', 0x693a38303b),
(132, 'height', 0x693a3130313b),
(132, 'width', 0x693a38303b),
(134, 'height', 0x693a3130333b),
(134, 'width', 0x693a38303b),
(137, 'height', 0x693a3132393b),
(137, 'width', 0x693a3130303b),
(144, 'height', 0x693a3138303b),
(144, 'width', 0x693a3234303b),
(145, 'height', 0x693a3138303b),
(145, 'width', 0x693a3234303b),
(146, 'height', 0x693a3138303b),
(146, 'width', 0x693a3234303b),
(147, 'height', 0x693a3136303b),
(147, 'width', 0x693a3234303b),
(148, 'height', 0x693a3432313b),
(148, 'width', 0x693a3539303b),
(149, 'height', 0x693a3130303b),
(149, 'width', 0x693a3130303b),
(150, 'height', 0x693a3438303b),
(150, 'width', 0x693a3830303b),
(153, 'height', 0x693a3138303b),
(153, 'width', 0x693a3233343b),
(155, 'height', 0x693a3139373b),
(155, 'width', 0x693a3136303b),
(157, 'height', 0x693a3139313b),
(157, 'width', 0x693a3136303b),
(158, 'height', 0x693a3139393b),
(158, 'width', 0x693a3136303b),
(159, 'height', 0x693a3230353b),
(159, 'width', 0x693a3136303b),
(163, 'height', 0x693a3136303b),
(163, 'width', 0x693a3136303b),
(1165, 'height', 0x693a3130303b),
(1165, 'width', 0x693a3130303b),
(1166, 'height', 0x693a3239383b),
(1166, 'width', 0x693a3738333b),
(1167, 'height', 0x693a3130303b),
(1167, 'width', 0x693a3130303b),
(1168, 'height', 0x693a3338363b),
(1168, 'width', 0x693a3633333b),
(1169, 'height', 0x693a3436383b),
(1169, 'width', 0x693a3633343b),
(1170, 'height', 0x693a3833383b),
(1170, 'width', 0x693a313232343b),
(1171, 'height', 0x693a3130303b),
(1171, 'width', 0x693a3130303b),
(1172, 'height', 0x693a3132303b),
(1172, 'width', 0x693a3131373b),
(1173, 'height', 0x693a3336383b),
(1173, 'width', 0x693a3538373b),
(1174, 'height', 0x693a3134333b),
(1174, 'width', 0x693a3134353b),
(1175, 'height', 0x693a3631393b),
(1175, 'width', 0x693a3932333b),
(1176, 'height', 0x693a3130303b),
(1176, 'width', 0x693a3130303b),
(1177, 'height', 0x693a3733353b),
(1177, 'width', 0x693a313234343b),
(1178, 'height', 0x693a3130303b),
(1178, 'width', 0x693a3130303b),
(1179, 'height', 0x693a3536373b),
(1179, 'width', 0x693a3930383b),
(1181, 'height', 0x693a3138303b),
(1181, 'width', 0x693a3133383b);

-- --------------------------------------------------------

--
-- Структура таблицы `file_type`
--

CREATE TABLE IF NOT EXISTS `file_type` (
  `type` varchar(255) NOT NULL DEFAULT '' COMMENT 'The machine name of the file type.',
  `label` varchar(255) NOT NULL DEFAULT '' COMMENT 'The human readable name of the file type.',
  `description` mediumtext NOT NULL COMMENT 'A brief description of this file type.',
  `mimetypes` longblob COMMENT 'Mimetypes mapped to this file type.',
  PRIMARY KEY (`type`)
) ENGINE=InnoDB DEFAULT CHARSET=utf8 COMMENT='Stores the settings for file types.';

--
-- Дамп данных таблицы `file_type`
--

INSERT INTO `file_type` (`type`, `label`, `description`, `mimetypes`) VALUES
('application', 'Application', 'Multipurpose type - kept to support older sites.', 0x613a303a7b7d),
('audio', 'Audio', 'An <em>Audio</em> file is a sound recording.', 0x613a31393a7b693a303b733a31303a22617564696f2f6d706567223b693a313b733a393a22617564696f2f6f6767223b693a323b733a31343a22617564696f2f782d6d732d776d61223b693a333b733a31313a22617564696f2f6261736963223b693a343b733a31303a22617564696f2f6d696469223b693a353b733a393a22617564696f2f6d7034223b693a363b733a31333a22617564696f2f7072732e736964223b693a373b733a31303a22617564696f2f7765626d223b693a383b733a31323a22617564696f2f782d61696666223b693a393b733a31313a22617564696f2f782d67736d223b693a31303b733a31363a22617564696f2f782d6d6174726f736b61223b693a31313b733a31353a22617564696f2f782d6d70656775726c223b693a31323b733a31343a22617564696f2f782d6d732d776178223b693a31333b733a32303a22617564696f2f782d706e2d7265616c617564696f223b693a31343b733a31373a22617564696f2f782d7265616c617564696f223b693a31353b733a31333a22617564696f2f782d7363706c73223b693a31363b733a31313a22617564696f2f782d736432223b693a31373b733a31313a22617564696f2f782d776176223b693a31383b733a373a22617564696f2f2a223b7d),
('document', 'Document', 'A <em>Document</em> file is written information.', 0x[encoded data, 4994 characters]),
('image', 'Image', 'An <em>Image</em> file is a still visual.', 0x613a33303a7b693a303b733a31303a22696d6167652f6a706567223b693a313b733a31303a22696d6167652f6a706567223b693a323b733a393a22696d6167652f676966223b693a333b733a393a22696d6167652f706e67223b693a343b733a31303a22696d6167652f74696666223b693a353b733a393a22696d6167652f696566223b693a363b733a393a22696d6167652f706378223b693a373b733a31333a22696d6167652f7376672b786d6c223b693a383b733a31343a22696d6167652f766e642e646a7675223b693a393b733a32343a22696d6167652f766e642e6d6963726f736f66742e69636f6e223b693a31303b733a31383a22696d6167652f766e642e7761702e77626d70223b693a31313b733a31303a22696d6167652f77656270223b693a31323b733a31383a22696d6167652f782d636d752d726173746572223b693a31333b733a31373a22696d6167652f782d636f72656c64726177223b693a31343b733a32343a22696d6167652f782d636f72656c647261777061747465726e223b693a31353b733a32353a22696d6167652f782d636f72656c6472617774656d706c617465223b693a31363b733a32333a22696d6167652f782d636f72656c70686f746f7061696e74223b693a31373b733a31303a22696d6167652f782d6a67223b693a31383b733a31313a22696d6167652f782d6a6e67223b693a31393b733a31343a22696d6167652f782d6d732d626d70223b693a32303b733a31373a22696d6167652f782d70686f746f73686f70223b693a32313b733a32333a22696d6167652f782d706f727461626c652d616e796d6170223b693a32323b733a32333a22696d6167652f782d706f727461626c652d6269746d6170223b693a32333b733a32343a22696d6167652f782d706f727461626c652d677261796d6170223b693a32343b733a32333a22696d6167652f782d706f727461626c652d7069786d6170223b693a32353b733a31313a22696d6167652f782d726762223b693a32363b733a31353a22696d6167652f782d786269746d6170223b693a32373b733a31353a22696d6167652f782d787069786d6170223b693a32383b733a31393a22696d6167652f782d7877696e646f7764756d70223b693a32393b733a373a22696d6167652f2a223b7d),
('video', 'Video', 'A <em>Video</em> file is a moving visual recording.', 0x613a32343a7b693a303b733a31353a22766964656f2f717569636b74696d65223b693a313b733a393a22766964656f2f6d7034223b693a323b733a31353a22766964656f2f782d6d73766964656f223b693a333b733a31303a22766964656f2f33677070223b693a343b733a383a22766964656f2f646c223b693a353b733a383a22766964656f2f6476223b693a363b733a393a22766964656f2f666c69223b693a373b733a383a22766964656f2f676c223b693a383b733a31303a22766964656f2f6d706567223b693a393b733a393a22766964656f2f6f6767223b693a31303b733a31373a22766964656f2f766e642e6d70656775726c223b693a31313b733a31303a22766964656f2f7765626d223b693a31323b733a31313a22766964656f2f782d666c76223b693a31333b733a31343a22766964656f2f782d6c612d617366223b693a31343b733a31313a22766964656f2f782d6d3476223b693a31353b733a31363a22766964656f2f782d6d6174726f736b61223b693a31363b733a31313a22766964656f2f782d6d6e67223b693a31373b733a31343a22766964656f2f782d6d732d617366223b693a31383b733a31333a22766964656f2f782d6d732d776d223b693a31393b733a31343a22766964656f2f782d6d732d776d76223b693a32303b733a31343a22766964656f2f782d6d732d776d78223b693a32313b733a31343a22766964656f2f782d6d732d777678223b693a32323b733a31373a22766964656f2f782d7367692d6d6f766965223b693a32333b733a373a22766964656f2f2a223b7d);

-- --------------------------------------------------------

--
-- Структура таблицы `file_usage`
--

CREATE TABLE IF NOT EXISTS `file_usage` (
  `fid` int(10) UNSIGNED NOT NULL COMMENT 'File ID.',
  `module` varchar(255) CHARACTER SET latin1 NOT NULL DEFAULT '' COMMENT 'The name of the module that is using the file.',
  `type` varchar(64) CHARACTER SET latin1 NOT NULL DEFAULT '' COMMENT 'The name of the object type in which the file is used.',
  `id` int(10) UNSIGNED NOT NULL DEFAULT '0' COMMENT 'The primary key of the object using the file.',
  `count` int(10) UNSIGNED NOT NULL DEFAULT '0' COMMENT 'The number of times this file is used by this object.',
  PRIMARY KEY (`fid`,`type`,`id`,`module`),
  KEY `type_id` (`type`,`id`),
  KEY `fid_count` (`fid`,`count`),
  KEY `fid_module` (`fid`,`module`)
) ENGINE=InnoDB DEFAULT CHARSET=utf8 COMMENT='Track where a file is used.';

--
-- Дамп данных таблицы `file_usage`
--

INSERT INTO `file_usage` (`fid`, `module`, `type`, `id`, `count`) VALUES
(89, 'file', 'node', 36, 1),
(98, 'file', 'node', 25, 1),
(99, 'file', 'node', 28, 1),
(100, 'file', 'node', 58, 5),
(106, 'file', 'node', 60, 1),
(107, 'file', 'node', 61, 1),
(108, 'file', 'node', 62, 1),
(109, 'file', 'node', 63, 1),
(110, 'file', 'node', 64, 1),
(111, 'file', 'node', 66, 1),
(113, 'file', 'node', 75, 1),
(115, 'file', 'node', 76, 2),
(116, 'file', 'node', 76, 1),
(117, 'file', 'node', 60, 1),
(118, 'file', 'node', 75, 1),
(122, 'file', 'node', 78, 1),
(123, 'file', 'node', 78, 1),
(124, 'file', 'node', 77, 1),
(125, 'file', 'node', 79, 1),
(126, 'file', 'node', 79, 1),
(127, 'file', 'node', 80, 1),
(128, 'file', 'node', 80, 1),
(131, 'file', 'node', 84, 1),
(132, 'file', 'node', 84, 1),
(133, 'file', 'node', 85, 1),
(134, 'file', 'node', 85, 1),
(137, 'file', 'node', 86, 1),
(139, 'file', 'node', 103, 2),
(140, 'file', 'node', 103, 1),
(144, 'file', 'node', 108, 1),
(145, 'file', 'node', 110, 1),
(146, 'file', 'node', 107, 1),
(147, 'file', 'node', 111, 1),
(153, 'file', 'node', 114, 1),
(155, 'file', 'node', 121, 1),
(157, 'file', 'node', 123, 1),
(158, 'file', 'node', 124, 1),
(159, 'file', 'node', 125, 1),
(163, 'file', 'node', 129, 1),
(164, 'file', 'node', 130, 1),
(166, 'file', 'node', 132, 1),
(167, 'file', 'node', 133, 1),
(168, 'file', 'node', 134, 1),
(169, 'file', 'node', 135, 1),
(170, 'file', 'node', 136, 1),
(171, 'file', 'node', 137, 1),
(172, 'file', 'node', 138, 1),
(173, 'file', 'node', 139, 1),
(174, 'file', 'node', 140, 1),
(176, 'file', 'node', 142, 1),
(177, 'file', 'node', 143, 1),
(178, 'file', 'node', 144, 1),
(179, 'file', 'node', 145, 1),
(180, 'file', 'node', 146, 1),
(182, 'file', 'node', 148, 1),
(185, 'file', 'node', 151, 1),
(187, 'file', 'node', 153, 1),
(189, 'file', 'node', 155, 1),
(190, 'file', 'node', 156, 1),
(191, 'file', 'node', 157, 1),
(192, 'file', 'node', 158, 1),
(193, 'file', 'node', 159, 1),
(194, 'file', 'node', 160, 1),
(195, 'file', 'node', 161, 1),
(196, 'file', 'node', 162, 1),
(197, 'file', 'node', 163, 1),
(200, 'file', 'node', 166, 1),
(215, 'file', 'node', 225, 1),
(219, 'file', 'node', 228, 1),
(220, 'file', 'node', 86, 1),
(221, 'file', 'node', 232, 6),
(227, 'file', 'node', 236, 1),
(229, 'file', 'node', 237, 1),
(233, 'file', 'node', 174, 1),
(237, 'file', 'node', 241, 2),
(239, 'file', 'node', 245, 1),
(240, 'file', 'node', 246, 1),
(241, 'file', 'node', 247, 1),
(243, 'file', 'node', 248, 1),
(258, 'file', 'node', 254, 1),
(262, 'file', 'node', 255, 1),
(264, 'file', 'node', 257, 1),
(265, 'file', 'node', 258, 1),
(266, 'file', 'node', 259, 1),
(267, 'file', 'node', 260, 1),
(268, 'file', 'node', 261, 1),
(269, 'file', 'node', 262, 1),
(270, 'file', 'node', 263, 1),
(272, 'file', 'node', 264, 1),
(273, 'file', 'node', 265, 1),
(275, 'file', 'node', 76, 3),
(276, 'file', 'node', 275, 1),
(277, 'file', 'node', 275, 1),
(278, 'file', 'node', 276, 1),
(289, 'file', 'node', 278, 1),
(357, 'file', 'node', 126, 1),
(358, 'file', 'node', 127, 1),
(360, 'file', 'node', 165, 1),
(367, 'file', 'node', 281, 1),
(368, 'file', 'node', 251, 1),
(369, 'file', 'node', 282, 1),
(373, 'file', 'node', 252, 1),
(376, 'file', 'node', 243, 1),
(377, 'file', 'node', 223, 1),
(378, 'file', 'node', 266, 1),
(381, 'file', 'node', 175, 1),
(382, 'file', 'node', 284, 1),
(383, 'file', 'node', 285, 1),
(384, 'file', 'node', 288, 1),
(384, 'file', 'node', 289, 1),
(385, 'file', 'node', 288, 1),
(386, 'file', 'node', 288, 1),
(387, 'file', 'node', 290, 1),
(388, 'file', 'node', 291, 1),
(389, 'file', 'node', 292, 1),
(390, 'file', 'node', 293, 1),
(391, 'file', 'node', 294, 1),
(392, 'file', 'node', 295, 1),
(393, 'file', 'node', 278, 4),
(545, 'file', 'node', 299, 1),
(546, 'file', 'node', 299, 1),
(547, 'file', 'node', 299, 1),
(548, 'file', 'node', 299, 1),
(549, 'file', 'node', 299, 1),
(550, 'file', 'node', 299, 1),
(551, 'file', 'node', 299, 1),
(552, 'file', 'node', 299, 1),
(553, 'file', 'node', 299, 1),
(554, 'file', 'node', 299, 1),
(555, 'file', 'node', 299, 1),
(556, 'file', 'node', 299, 1),
(557, 'file', 'node', 299, 1),
(558, 'file', 'node', 299, 1),
(559, 'file', 'node', 299, 1),
(560, 'file', 'node', 299, 1),
(561, 'file', 'node', 299, 1),
(562, 'file', 'node', 299, 1),
(563, 'file', 'node', 299, 1),
(564, 'file', 'node', 299, 1),
(565, 'file', 'node', 299, 1),
(566, 'file', 'node', 299, 1),
(567, 'file', 'node', 299, 1),
(568, 'file', 'node', 299, 1),
(569, 'file', 'node', 299, 1),
(570, 'file', 'node', 299, 1),
(571, 'file', 'node', 299, 1),
(572, 'file', 'node', 277, 1),
(573, 'file', 'node', 301, 1),
(574, 'file', 'node', 301, 1),
(575, 'file', 'node', 301, 1),
(576, 'file', 'node', 301, 1),
(577, 'file', 'node', 302, 1),
(578, 'file', 'node', 303, 1),
(584, 'file', 'node', 304, 1),
(588, 'file', 'node', 154, 1),
(589, 'file', 'node', 76, 4),
(593, 'file', 'node', 310, 1),
(594, 'file', 'node', 311, 1),
(595, 'file', 'node', 313, 1),
(597, 'file', 'node', 314, 1),
(599, 'file', 'node', 315, 1),
(600, 'file', 'node', 316, 1),
(601, 'file', 'node', 317, 1),
(603, 'file', 'node', 318, 1),
(604, 'file', 'node', 326, 1),
(608, 'file', 'node', 329, 1),
(615, 'file', 'node', 335, 1),
(616, 'file', 'node', 336, 1),
(620, 'file', 'node', 340, 1),
(621, 'file', 'node', 341, 1),
(622, 'file', 'node', 342, 1),
(623, 'file', 'node', 343, 1),
(624, 'file', 'node', 344, 1),
(625, 'file', 'node', 345, 1),
(626, 'file', 'node', 346, 1),
(626, 'file', 'node', 347, 1),
(627, 'file', 'node', 348, 1),
(628, 'file', 'node', 349, 1),
(629, 'file', 'node', 350, 1),
(630, 'file', 'node', 351, 1),
(631, 'file', 'node', 352, 1),
(632, 'file', 'node', 353, 1),
(633, 'file', 'node', 354, 1),
(634, 'file', 'node', 355, 1),
(635, 'file', 'node', 356, 1),
(636, 'file', 'node', 357, 1),
(637, 'file', 'node', 358, 1),
(638, 'file', 'node', 359, 1),
(639, 'file', 'node', 360, 1),
(642, 'file', 'node', 363, 1),
(644, 'file', 'node', 365, 1),
(645, 'file', 'node', 366, 1),
(647, 'file', 'node', 368, 1),
(658, 'file', 'node', 324, 1),
(659, 'file', 'node', 378, 1),
(660, 'file', 'node', 380, 1),
(661, 'file', 'node', 395, 1),
(663, 'file', 'node', 402, 1),
(664, 'file', 'node', 404, 1),
(665, 'file', 'node', 405, 1),
(667, 'file', 'node', 274, 1),
(668, 'file', 'node', 408, 1),
(673, 'file', 'node', 409, 1),
(674, 'file', 'node', 410, 1),
(675, 'file', 'node', 411, 1),
(676, 'file', 'node', 412, 1),
(677, 'file', 'node', 413, 1),
(678, 'file', 'node', 414, 1),
(679, 'file', 'node', 415, 1),
(680, 'file', 'node', 416, 1),
(681, 'file', 'node', 417, 1),
(682, 'file', 'node', 418, 1),
(683, 'file', 'node', 419, 1),
(684, 'file', 'node', 420, 1),
(685, 'file', 'node', 421, 1),
(686, 'file', 'node', 422, 1),
(687, 'file', 'node', 423, 1),
(688, 'file', 'node', 424, 1),
(689, 'file', 'node', 425, 1),
(691, 'file', 'node', 426, 1),
(692, 'file', 'node', 427, 1),
(693, 'file', 'node', 428, 1),
(694, 'file', 'node', 429, 1),
(695, 'file', 'node', 430, 1),
(696, 'file', 'node', 431, 1),
(697, 'file', 'node', 432, 1),
(698, 'file', 'node', 433, 1),
(699, 'file', 'node', 434, 1),
(700, 'file', 'node', 435, 1),
(701, 'file', 'node', 436, 1),
(702, 'file', 'node', 437, 1),
(703, 'file', 'node', 438, 1),
(704, 'file', 'node', 439, 1),
(705, 'file', 'node', 440, 1),
(706, 'file', 'node', 441, 1),
(707, 'file', 'node', 442, 1),
(708, 'file', 'node', 443, 1),
(709, 'file', 'node', 444, 1),
(710, 'file', 'node', 445, 1),
(711, 'file', 'node', 446, 1),
(712, 'file', 'node', 447, 1),
(713, 'file', 'node', 448, 1),
(714, 'file', 'node', 449, 1),
(715, 'file', 'node', 450, 1),
(716, 'file', 'node', 451, 1),
(717, 'file', 'node', 452, 1),
(718, 'file', 'node', 453, 1),
(719, 'file', 'node', 454, 1),
(720, 'file', 'node', 455, 1),
(721, 'file', 'node', 456, 1),
(722, 'file', 'node', 457, 1),
(723, 'file', 'node', 458, 1),
(724, 'file', 'node', 460, 1),
(725, 'file', 'node', 462, 1),
(726, 'file', 'node', 463, 1),
(727, 'file', 'node', 464, 1),
(728, 'file', 'node', 465, 1),
(729, 'file', 'node', 466, 1),
(730, 'file', 'node', 467, 1),
(731, 'file', 'node', 468, 1),
(732, 'file', 'node', 469, 1),
(733, 'file', 'node', 475, 1),
(735, 'file', 'node', 476, 1),
(737, 'file', 'node', 385, 1),
(738, 'file', 'node', 477, 14),
(739, 'file', 'node', 477, 1),
(740, 'file', 'node', 477, 3),
(741, 'file', 'node', 477, 1),
(742, 'file', 'node', 477, 1),
(743, 'file', 'node', 477, 6),
(748, 'file', 'node', 485, 1),
(749, 'file', 'node', 487, 1),
(750, 'file', 'node', 491, 1),
(751, 'file', 'node', 492, 1),
(752, 'file', 'node', 493, 1),
(753, 'file', 'node', 494, 1),
(754, 'file', 'node', 495, 1),
(756, 'file', 'node', 496, 1),
(757, 'file', 'node', 497, 1),
(758, 'file', 'node', 498, 1),
(759, 'file', 'node', 499, 1),
(760, 'file', 'node', 500, 1),
(761, 'file', 'node', 501, 1),
(762, 'file', 'node', 502, 1),
(763, 'file', 'node', 503, 1),
(764, 'file', 'node', 504, 1),
(765, 'file', 'node', 505, 1),
(768, 'file', 'node', 485, 1),
(769, 'file', 'node', 372, 1),
(770, 'file', 'node', 507, 1),
(772, 'file', 'node', 128, 1),
(773, 'file', 'node', 507, 1),
(774, 'file', 'node', 508, 1),
(775, 'file', 'node', 509, 1),
(776, 'file', 'node', 510, 1),
(778, 'file', 'node', 332, 1),
(779, 'file', 'node', 331, 1),
(780, 'file', 'node', 327, 1),
(781, 'file', 'node', 328, 1),
(782, 'file', 'node', 330, 1),
(785, 'file', 'node', 334, 1),
(786, 'file', 'node', 337, 1),
(788, 'file', 'node', 338, 1),
(791, 'file', 'node', 512, 1),
(792, 'file', 'node', 513, 1),
(793, 'file', 'node', 514, 1),
(794, 'file', 'node', 515, 1),
(796, 'file', 'node', 516, 1),
(798, 'file', 'node', 518, 1),
(799, 'file', 'node', 519, 1),
(801, 'file', 'node', 520, 1),
(802, 'file', 'node', 521, 1),
(803, 'file', 'node', 522, 1),
(804, 'file', 'node', 523, 1),
(805, 'file', 'node', 524, 1),
(807, 'file', 'node', 525, 1),
(809, 'file', 'node', 526, 1),
(810, 'file', 'node', 527, 1),
(811, 'file', 'node', 528, 1),
(812, 'file', 'node', 530, 1),
(814, 'file', 'node', 531, 2),
(815, 'file', 'node', 77, 1),
(819, 'file', 'node', 533, 1),
(820, 'file', 'node', 534, 1),
(821, 'file', 'node', 535, 1),
(823, 'file', 'node', 538, 1),
(824, 'file', 'node', 539, 1),
(825, 'file', 'node', 540, 1),
(826, 'file', 'node', 541, 1),
(827, 'file', 'node', 542, 1),
(828, 'file', 'node', 543, 1),
(829, 'file', 'node', 543, 1),
(831, 'file', 'node', 544, 8),
(832, 'file', 'node', 549, 1),
(833, 'file', 'node', 549, 1),
(835, 'file', 'node', 552, 1),
(836, 'file', 'node', 553, 1),
(837, 'file', 'node', 554, 1),
(838, 'file', 'node', 555, 1),
(839, 'file', 'node', 556, 1),
(841, 'file', 'node', 557, 1),
(842, 'file', 'node', 558, 1),
(843, 'file', 'node', 559, 1),
(844, 'file', 'node', 560, 1),
(845, 'file', 'node', 561, 1),
(846, 'file', 'node', 562, 1),
(847, 'file', 'node', 506, 1),
(848, 'file', 'node', 566, 1),
(849, 'file', 'node', 567, 1),
(850, 'file', 'node', 568, 1),
(851, 'file', 'node', 569, 1),
(852, 'file', 'node', 566, 1),
(853, 'file', 'node', 566, 1),
(854, 'file', 'node', 566, 1),
(857, 'file', 'node', 575, 1),
(858, 'file', 'node', 575, 1),
(859, 'file', 'node', 575, 1),
(861, 'file', 'node', 580, 2),
(862, 'file', 'node', 580, 2),
(868, 'file', 'node', 584, 1),
(869, 'file', 'node', 585, 1),
(870, 'file', 'node', 586, 1),
(871, 'file', 'node', 587, 1),
(872, 'file', 'node', 590, 1),
(875, 'file', 'node', 591, 1),
(876, 'file', 'node', 578, 1),
(878, 'file', 'node', 550, 1),
(883, 'file', 'node', 599, 1),
(884, 'file', 'node', 600, 1),
(885, 'file', 'node', 601, 1),
(886, 'file', 'node', 602, 1),
(889, 'file', 'node', 604, 1),
(893, 'file', 'node', 606, 1),
(895, 'file', 'node', 609, 1),
(896, 'file', 'node', 610, 1),
(897, 'file', 'node', 611, 1),
(898, 'file', 'node', 612, 1),
(899, 'file', 'node', 613, 1),
(900, 'file', 'node', 614, 1),
(901, 'file', 'node', 615, 1),
(902, 'file', 'node', 616, 1),
(904, 'file', 'node', 617, 1),
(905, 'file', 'node', 619, 1),
(906, 'file', 'node', 620, 1),
(907, 'file', 'node', 621, 1),
(909, 'file', 'node', 623, 1),
(911, 'file', 'node', 173, 1),
(917, 'file', 'node', 628, 1),
(918, 'file', 'node', 629, 1),
(919, 'file', 'node', 631, 1),
(920, 'file', 'node', 632, 1),
(926, 'file', 'node', 627, 1),
(936, 'file', 'node', 642, 5),
(940, 'file', 'node', 643, 1),
(941, 'file', 'node', 641, 2),
(948, 'file', 'node', 640, 1),
(950, 'file', 'node', 640, 1),
(951, 'file', 'node', 645, 1),
(952, 'file', 'node', 646, 1),
(953, 'file', 'node', 648, 1),
(957, 'file', 'node', 653, 1),
(962, 'file', 'node', 654, 1),
(963, 'file', 'node', 655, 1),
(964, 'file', 'node', 656, 1),
(967, 'file', 'node', 657, 1),
(968, 'file', 'node', 658, 1),
(969, 'file', 'node', 659, 1),
(970, 'file', 'node', 660, 1),
(971, 'file', 'node', 661, 1),
(972, 'file', 'node', 662, 1),
(973, 'file', 'node', 664, 1),
(974, 'file', 'node', 665, 1),
(975, 'file', 'node', 666, 1),
(976, 'file', 'node', 667, 1),
(977, 'file', 'node', 668, 1),
(978, 'file', 'node', 669, 1),
(979, 'file', 'node', 670, 1),
(984, 'file', 'node', 672, 1),
(995, 'file', 'node', 677, 6),
(996, 'file', 'node', 678, 16),
(1000, 'file', 'node', 680, 1),
(1005, 'file', 'node', 680, 1),
(1007, 'file', 'node', 681, 1),
(1008, 'file', 'node', 565, 4),
(1013, 'file', 'node', 694, 1),
(1019, 'file', 'node', 695, 1),
(1020, 'file', 'node', 696, 1),
(1021, 'file', 'node', 698, 3),
(1022, 'file', 'node', 701, 1),
(1023, 'file', 'node', 702, 2),
(1024, 'file', 'node', 703, 1),
(1045, 'file', 'node', 704, 1),
(1046, 'file', 'node', 712, 1),
(1049, 'file', 'node', 713, 1),
(1072, 'file', 'node', 715, 1),
(1074, 'file', 'node', 716, 1),
(1075, 'file', 'node', 718, 1),
(1076, 'file', 'node', 719, 1),
(1080, 'file', 'node', 721, 1),
(1081, 'file', 'node', 722, 1),
(1082, 'file', 'node', 723, 1),
(1083, 'file', 'node', 724, 1),
(1084, 'file', 'node', 725, 1),
(1086, 'file', 'node', 727, 1),
(1087, 'file', 'node', 728, 1),
(1088, 'file', 'node', 729, 1),
(1089, 'file', 'node', 730, 1),
(1090, 'file', 'node', 731, 1),
(1091, 'file', 'node', 732, 1),
(1092, 'file', 'node', 733, 1),
(1093, 'file', 'node', 734, 1),
(1094, 'file', 'node', 735, 1),
(1095, 'file', 'node', 736, 1),
(1096, 'file', 'node', 737, 1),
(1097, 'file', 'node', 738, 1),
(1128, 'file', 'node', 746, 1),
(1130, 'file', 'node', 748, 1),
(1131, 'file', 'node', 749, 1),
(1132, 'file', 'node', 750, 1),
(1133, 'file', 'node', 751, 1),
(1134, 'file', 'node', 752, 1),
(1135, 'file', 'node', 753, 1),
(1136, 'file', 'node', 754, 1),
(1138, 'file', 'node', 755, 1),
(1139, 'file', 'node', 756, 1),
(1140, 'file', 'node', 757, 1),
(1142, 'file', 'node', 741, 1),
(1144, 'file', 'node', 759, 1),
(1148, 'file', 'node', 760, 1),
(1149, 'file', 'node', 759, 1),
(1163, 'file', 'node', 763, 1),
(1164, 'file', 'node', 763, 1),
(1181, 'file', 'node', 766, 1);

-- --------------------------------------------------------

--
-- Структура таблицы `filter`
--

CREATE TABLE IF NOT EXISTS `filter` (
  `format` varchar(255) CHARACTER SET latin1 NOT NULL COMMENT 'Foreign key: The filter_format.format to which this filter is assigned.',
  `module` varchar(64) CHARACTER SET latin1 NOT NULL DEFAULT '' COMMENT 'The origin module of the filter.',
  `name` varchar(32) CHARACTER SET latin1 NOT NULL DEFAULT '' COMMENT 'Name of the filter being referenced.',
  `weight` int(11) NOT NULL DEFAULT '0' COMMENT 'Weight of filter within format.',
  `status` int(11) NOT NULL DEFAULT '0' COMMENT 'Filter enabled status. (1 = enabled, 0 = disabled)',
  `settings` longblob COMMENT 'A serialized array of name value pairs that store the filter settings for the specific format.',
  PRIMARY KEY (`format`,`name`),
  KEY `list` (`weight`,`module`,`name`)
) ENGINE=InnoDB DEFAULT CHARSET=utf8 COMMENT='Table that maps filters (HTML corrector) to text formats ...';

--
-- Дамп данных таблицы `filter`
--

INSERT INTO `filter` (`format`, `module`, `name`, `weight`, `status`, `settings`) VALUES
('filtered_html', 'filter', 'filter_autop', 2, 1, 0x613a303a7b7d),
('filtered_html', 'filter', 'filter_html', 1, 1, 0x613a333a7b733a31323a22616c6c6f7765645f68746d6c223b733a3130303a223c613e203c656d3e203c7374726f6e673e203c636974653e203c626c6f636b71756f74653e203c636f64653e203c756c3e203c6f6c3e203c6c693e203c646c3e203c64743e203c64643e203c6f626a656374203e203c706172616d3e203c656d6265643e223b733a31363a2266696c7465725f68746d6c5f68656c70223b693a313b733a32303a2266696c7465725f68746d6c5f6e6f666f6c6c6f77223b693a303b7d),
('filtered_html', 'filter', 'filter_htmlcorrector', 10, 1, 0x613a303a7b7d),
('filtered_html', 'filter', 'filter_html_escape', 10, 0, 0x613a303a7b7d),
('filtered_html', 'filter', 'filter_url', 0, 1, 0x613a313a7b733a31373a2266696c7465725f75726c5f6c656e677468223b733a323a223732223b7d),
('full_html', 'filter', 'filter_autop', 1, 1, 0x613a303a7b7d),
('full_html', 'filter', 'filter_html', 10, 0, 0x613a333a7b733a31323a22616c6c6f7765645f68746d6c223b733a37343a223c613e203c656d3e203c7374726f6e673e203c636974653e203c626c6f636b71756f74653e203c636f64653e203c756c3e203c6f6c3e203c6c693e203c646c3e203c64743e203c64643e223b733a31363a2266696c7465725f68746d6c5f68656c70223b693a313b733a32303a2266696c7465725f68746d6c5f6e6f666f6c6c6f77223b693a303b7d),
('full_html', 'filter', 'filter_htmlcorrector', 10, 1, 0x613a303a7b7d),
('full_html', 'filter', 'filter_html_escape', 10, 0, 0x613a303a7b7d),
('full_html', 'filter', 'filter_url', 0, 1, 0x613a313a7b733a31373a2266696c7465725f75726c5f6c656e677468223b693a37323b7d),
('php_code', 'filter', 'filter_autop', 0, 0, 0x613a303a7b7d),
('php_code', 'filter', 'filter_html', -10, 0, 0x613a333a7b733a31323a22616c6c6f7765645f68746d6c223b733a37343a223c613e203c656d3e203c7374726f6e673e203c636974653e203c626c6f636b71756f74653e203c636f64653e203c756c3e203c6f6c3e203c6c693e203c646c3e203c64743e203c64643e223b733a31363a2266696c7465725f68746d6c5f68656c70223b693a313b733a32303a2266696c7465725f68746d6c5f6e6f666f6c6c6f77223b693a303b7d),
('php_code', 'filter', 'filter_htmlcorrector', 10, 0, 0x613a303a7b7d),
('php_code', 'filter', 'filter_html_escape', -10, 0, 0x613a303a7b7d),
('php_code', 'filter', 'filter_url', 0, 0, 0x613a313a7b733a31373a2266696c7465725f75726c5f6c656e677468223b693a37323b7d),
('php_code', 'media', 'media_filter', 2, 0, 0x613a303a7b7d),
('php_code', 'php', 'php_code', 0, 1, 0x613a303a7b7d),
('plain_text', 'filter', 'filter_autop', 2, 1, 0x613a303a7b7d),
('plain_text', 'filter', 'filter_html', 10, 0, 0x613a333a7b733a31323a22616c6c6f7765645f68746d6c223b733a37343a223c613e203c656d3e203c7374726f6e673e203c636974653e203c626c6f636b71756f74653e203c636f64653e203c756c3e203c6f6c3e203c6c693e203c646c3e203c64743e203c64643e223b733a31363a2266696c7465725f68746d6c5f68656c70223b693a313b733a32303a2266696c7465725f68746d6c5f6e6f666f6c6c6f77223b693a303b7d),
('plain_text', 'filter', 'filter_htmlcorrector', 10, 0, 0x613a303a7b7d),
('plain_text', 'filter', 'filter_html_escape', 0, 1, 0x613a303a7b7d),
('plain_text', 'filter', 'filter_url', 1, 1, 0x613a313a7b733a31373a2266696c7465725f75726c5f6c656e677468223b693a37323b7d);

-- --------------------------------------------------------

--
-- Структура таблицы `filter_format`
--

CREATE TABLE IF NOT EXISTS `filter_format` (
  `format` varchar(255) CHARACTER SET latin1 NOT NULL COMMENT 'Primary Key: Unique machine name of the format.',
  `name` varchar(255) CHARACTER SET latin1 NOT NULL DEFAULT '' COMMENT 'Name of the text format (Filtered HTML).',
  `cache` tinyint(4) NOT NULL DEFAULT '0' COMMENT 'Flag to indicate whether format is cacheable. (1 = cacheable, 0 = not cacheable)',
  `status` tinyint(3) UNSIGNED NOT NULL DEFAULT '1' COMMENT 'The status of the text format. (1 = enabled, 0 = disabled)',
  `weight` int(11) NOT NULL DEFAULT '0' COMMENT 'Weight of text format to use when listing.',
  PRIMARY KEY (`format`),
  UNIQUE KEY `name` (`name`),
  KEY `status_weight` (`status`,`weight`)
) ENGINE=InnoDB DEFAULT CHARSET=utf8 COMMENT='Stores text formats: custom groupings of filters, such as...';

--
-- Дамп данных таблицы `filter_format`
--

INSERT INTO `filter_format` (`format`, `name`, `cache`, `status`, `weight`) VALUES
('filtered_html', 'Filtered HTML', 1, 1, 0),
('full_html', 'Full HTML', 1, 1, 1),
('php_code', 'PHP code', 0, 1, 11),
('plain_text', 'Plain text', 1, 1, 10);

-- --------------------------------------------------------

--
-- Структура таблицы `flood`
--

CREATE TABLE IF NOT EXISTS `flood` (
  `fid` int(11) NOT NULL AUTO_INCREMENT COMMENT 'Unique flood event ID.',
  `event` varchar(64) CHARACTER SET latin1 NOT NULL DEFAULT '' COMMENT 'Name of event (e.g. contact).',
  `identifier` varchar(128) CHARACTER SET latin1 NOT NULL DEFAULT '' COMMENT 'Identifier of the visitor, such as an IP address or hostname.',
  `timestamp` int(11) NOT NULL DEFAULT '0' COMMENT 'Timestamp of the event.',
  `expiration` int(11) NOT NULL DEFAULT '0' COMMENT 'Expiration timestamp. Expired events are purged on cron run.',
  PRIMARY KEY (`fid`),
  KEY `allow` (`event`,`identifier`,`timestamp`),
  KEY `purge` (`expiration`)
) ENGINE=InnoDB DEFAULT CHARSET=utf8 COMMENT='Flood controls the threshold of events, such as the...';

-- --------------------------------------------------------

--
-- Структура таблицы `follow_links`
--

CREATE TABLE IF NOT EXISTS `follow_links` (
  `lid` int(10) UNSIGNED NOT NULL AUTO_INCREMENT COMMENT 'Unique identifier for the follow_links.',
  `name` varchar(255) CHARACTER SET latin1 NOT NULL DEFAULT '' COMMENT 'The machine name of the follow_links.',
  `uid` int(11) NOT NULL DEFAULT '0' COMMENT 'Userâ€™s users uid.  Sitewide follow_links use uid 0',
  `path` varchar(255) CHARACTER SET latin1 NOT NULL DEFAULT '' COMMENT 'The Drupal path or extenal URL the follow_links should point to.',
  `options` text CHARACTER SET latin1 COMMENT 'A serialized array of options to be passed to the url() or l() function, such as a query string or HTML attributes.',
  `title` varchar(255) CHARACTER SET latin1 NOT NULL DEFAULT '' COMMENT 'The human readable name for the link.',
  `weight` tinyint(4) NOT NULL DEFAULT '0' COMMENT 'The weight of this follow_links.',
  PRIMARY KEY (`lid`),
  UNIQUE KEY `uid_name` (`uid`,`name`)
) ENGINE=InnoDB AUTO_INCREMENT=6 DEFAULT CHARSET=utf8 COMMENT='Stores sitewide and user follow links.';

--
-- Дамп данных таблицы `follow_links`
--

INSERT INTO `follow_links` (`lid`, `name`, `uid`, `path`, `options`, `title`, `weight`) VALUES
(1, 'this-site', 0, '/news-and-reports/feed', 'a:2:{s:5:\"query\";a:0:{}s:8:\"fragment\";s:0:\"\";}', '', -10),
(2, 'facebook', 0, 'http://www.facebook.com/pages/PFA-Policy-Forum-Armenia/223299258174', 'a:2:{s:5:\"query\";a:0:{}s:8:\"fragment\";s:0:\"\";}', '', -9),
(4, 'youtube', 0, 'http://www.youtube.com/user/pfarmenia', 'a:2:{s:5:\"query\";a:0:{}s:8:\"fragment\";s:0:\"\";}', '', -8),
(5, 'wordpress', 0, 'http://pfarmenia.wordpress.com/', 'a:2:{s:5:\"query\";a:0:{}s:8:\"fragment\";s:0:\"\";}', '', -7);

-- --------------------------------------------------------

--
-- Структура таблицы `history`
--

CREATE TABLE IF NOT EXISTS `history` (
  `uid` int(11) NOT NULL DEFAULT '0' COMMENT 'The users.uid that read the node nid.',
  `nid` int(10) UNSIGNED NOT NULL DEFAULT '0' COMMENT 'The node.nid that was read.',
  `timestamp` int(11) NOT NULL DEFAULT '0' COMMENT 'The Unix timestamp at which the read occurred.',
  PRIMARY KEY (`uid`,`nid`),
  KEY `nid` (`nid`)
) ENGINE=InnoDB DEFAULT CHARSET=utf8 COMMENT='A record of which users have read which nodes.';

-- --------------------------------------------------------

--
-- Структура таблицы `image_effects`
--

CREATE TABLE IF NOT EXISTS `image_effects` (
  `ieid` int(10) UNSIGNED NOT NULL AUTO_INCREMENT COMMENT 'The primary identifier for an image effect.',
  `isid` int(10) UNSIGNED NOT NULL DEFAULT '0' COMMENT 'The image_styles.isid for an image style.',
  `weight` int(11) NOT NULL DEFAULT '0' COMMENT 'The weight of the effect in the style.',
  `name` varchar(255) CHARACTER SET latin1 NOT NULL COMMENT 'The unique name of the effect to be executed.',
  `data` longblob NOT NULL COMMENT 'The configuration data for the effect.',
  PRIMARY KEY (`ieid`),
  KEY `isid` (`isid`),
  KEY `weight` (`weight`)
) ENGINE=InnoDB AUTO_INCREMENT=5 DEFAULT CHARSET=utf8 COMMENT='Stores configuration options for image effects.';

--
-- Дамп данных таблицы `image_effects`
--

INSERT INTO `image_effects` (`ieid`, `isid`, `weight`, `name`, `data`) VALUES
(2, 1, 1, 'image_scale', 0x613a333a7b733a353a227769647468223b733a333a22313830223b733a363a22686569676874223b733a303a22223b733a373a2275707363616c65223b693a313b7d),
(3, 1, 2, 'image_crop', 0x613a333a7b733a353a227769647468223b733a333a22323030223b733a363a22686569676874223b733a333a22323030223b733a363a22616e63686f72223b733a31333a2263656e7465722d63656e746572223b7d),
(4, 2, 0, 'image_scale_and_crop', 0x613a333a7b733a353a227769647468223b693a3130303b733a363a22686569676874223b693a3130303b733a363a22776569676874223b693a303b7d);

-- --------------------------------------------------------

--
-- Структура таблицы `image_styles`
--

CREATE TABLE IF NOT EXISTS `image_styles` (
  `isid` int(10) UNSIGNED NOT NULL AUTO_INCREMENT COMMENT 'The primary identifier for an image style.',
  `name` varchar(255) CHARACTER SET latin1 NOT NULL COMMENT 'The style name.',
  `label` varchar(255) NOT NULL DEFAULT '' COMMENT 'The style administrative name.',
  PRIMARY KEY (`isid`),
  UNIQUE KEY `name` (`name`)
) ENGINE=InnoDB AUTO_INCREMENT=3 DEFAULT CHARSET=utf8 COMMENT='Stores configuration options for image styles.';

--
-- Дамп данных таблицы `image_styles`
--

INSERT INTO `image_styles` (`isid`, `name`, `label`) VALUES
(1, 'test', 'test'),
(2, 'square_thumbnail', 'square_thumbnail');

-- --------------------------------------------------------

--
-- Структура таблицы `media_restrict_wysiwyg`
--

CREATE TABLE IF NOT EXISTS `media_restrict_wysiwyg` (
  `type` varchar(255) NOT NULL DEFAULT '' COMMENT 'The machine name of the file type.',
  `display` varchar(255) NOT NULL DEFAULT '' COMMENT 'The restricted display.'
) ENGINE=InnoDB DEFAULT CHARSET=utf8 COMMENT='Stores media displays restricted in wysiwyg.';

-- --------------------------------------------------------

--
-- Структура таблицы `media_view_mode_wysiwyg`
--

CREATE TABLE IF NOT EXISTS `media_view_mode_wysiwyg` (
  `type` varchar(255) NOT NULL DEFAULT '' COMMENT 'The machine name of the file type.',
  `view_mode` varchar(255) NOT NULL DEFAULT '' COMMENT 'WYSIWYG view mode mapped to this file type.'
) ENGINE=InnoDB DEFAULT CHARSET=utf8 COMMENT='Maps WYSIWYG view modes to file types.';

-- --------------------------------------------------------

--
-- Структура таблицы `menu_custom`
--

CREATE TABLE IF NOT EXISTS `menu_custom` (
  `menu_name` varchar(32) CHARACTER SET latin1 NOT NULL DEFAULT '' COMMENT 'Primary Key: Unique key for menu. This is used as a block delta so length is 32.',
  `title` varchar(255) CHARACTER SET latin1 NOT NULL DEFAULT '' COMMENT 'Menu title; displayed at top of block.',
  `description` text CHARACTER SET latin1 COMMENT 'Menu description.',
  PRIMARY KEY (`menu_name`)
) ENGINE=InnoDB DEFAULT CHARSET=utf8 COMMENT='Holds definitions for top-level custom menus (for example...';

--
-- Дамп данных таблицы `menu_custom`
--

INSERT INTO `menu_custom` (`menu_name`, `title`, `description`) VALUES
('main-menu', 'Main menu', 'The <em>Main</em> menu is used on many sites to show the major sections of the site, often in a top navigation bar.'),
('management', 'Management', 'The <em>Management</em> menu contains links for administrative tasks.'),
('menu-footer-utility', 'Footer Utility', 'Contains Accessibility, Feeds, Privacy, Tools'),
('menu-utility', 'Utility', 'List User and Feedback Links'),
('navigation', 'Navigation', 'The <em>Navigation</em> menu contains links intended for site visitors. Links are added to the <em>Navigation</em> menu automatically by some modules.'),
('user-menu', 'User menu', 'The <em>User</em> menu contains links related to the user\'s account, as well as the \'Log out\' link.');

-- --------------------------------------------------------

--
-- Структура таблицы `menu_links`
--

CREATE TABLE IF NOT EXISTS `menu_links` (
  `menu_name` varchar(32) CHARACTER SET latin1 NOT NULL DEFAULT '' COMMENT 'The menu name. All links with the same menu name (such as â€™navigationâ€™) are part of the same menu.',
  `mlid` int(10) UNSIGNED NOT NULL AUTO_INCREMENT COMMENT 'The menu link ID (mlid) is the integer primary key.',
  `plid` int(10) UNSIGNED NOT NULL DEFAULT '0' COMMENT 'The parent link ID (plid) is the mlid of the link above in the hierarchy, or zero if the link is at the top level in its menu.',
  `link_path` varchar(255) CHARACTER SET latin1 NOT NULL DEFAULT '' COMMENT 'The Drupal path or external path this link points to.',
  `router_path` varchar(255) CHARACTER SET latin1 NOT NULL DEFAULT '' COMMENT 'For links corresponding to a Drupal path (external = 0), this connects the link to a menu_router.path for joins.',
  `link_title` varchar(255) CHARACTER SET latin1 NOT NULL DEFAULT '' COMMENT 'The text displayed for the link, which may be modified by a title callback stored in menu_router.',
  `options` blob COMMENT 'A serialized array of options to be passed to the url() or l() function, such as a query string or HTML attributes.',
  `module` varchar(255) CHARACTER SET latin1 NOT NULL DEFAULT 'system' COMMENT 'The name of the module that generated this link.',
  `hidden` smallint(6) NOT NULL DEFAULT '0' COMMENT 'A flag for whether the link should be rendered in menus. (1 = a disabled menu item that may be shown on admin screens, -1 = a menu callback, 0 = a normal, visible link)',
  `external` smallint(6) NOT NULL DEFAULT '0' COMMENT 'A flag to indicate if the link points to a full URL starting with a protocol, like http:// (1 = external, 0 = internal).',
  `has_children` smallint(6) NOT NULL DEFAULT '0' COMMENT 'Flag indicating whether any links have this link as a parent (1 = children exist, 0 = no children).',
  `expanded` smallint(6) NOT NULL DEFAULT '0' COMMENT 'Flag for whether this link should be rendered as expanded in menus - expanded links always have their child links displayed, instead of only when the link is in the active trail (1 = expanded, 0 = not expanded)',
  `weight` int(11) NOT NULL DEFAULT '0' COMMENT 'Link weight among links in the same menu at the same depth.',
  `depth` smallint(6) NOT NULL DEFAULT '0' COMMENT 'The depth relative to the top level. A link with plid == 0 will have depth == 1.',
  `customized` smallint(6) NOT NULL DEFAULT '0' COMMENT 'A flag to indicate that the user has manually created or edited the link (1 = customized, 0 = not customized).',
  `p1` int(10) UNSIGNED NOT NULL DEFAULT '0' COMMENT 'The first mlid in the materialized path. If N = depth, then pN must equal the mlid. If depth > 1 then p(N-1) must equal the plid. All pX where X > depth must equal zero. The columns p1 .. p9 are also called the parents.',
  `p2` int(10) UNSIGNED NOT NULL DEFAULT '0' COMMENT 'The second mlid in the materialized path. See p1.',
  `p3` int(10) UNSIGNED NOT NULL DEFAULT '0' COMMENT 'The third mlid in the materialized path. See p1.',
  `p4` int(10) UNSIGNED NOT NULL DEFAULT '0' COMMENT 'The fourth mlid in the materialized path. See p1.',
  `p5` int(10) UNSIGNED NOT NULL DEFAULT '0' COMMENT 'The fifth mlid in the materialized path. See p1.',
  `p6` int(10) UNSIGNED NOT NULL DEFAULT '0' COMMENT 'The sixth mlid in the materialized path. See p1.',
  `p7` int(10) UNSIGNED NOT NULL DEFAULT '0' COMMENT 'The seventh mlid in the materialized path. See p1.',
  `p8` int(10) UNSIGNED NOT NULL DEFAULT '0' COMMENT 'The eighth mlid in the materialized path. See p1.',
  `p9` int(10) UNSIGNED NOT NULL DEFAULT '0' COMMENT 'The ninth mlid in the materialized path. See p1.',
  `updated` smallint(6) NOT NULL DEFAULT '0' COMMENT 'Flag that indicates that this link was generated during the update from Drupal 5.',
  PRIMARY KEY (`mlid`),
  KEY `path_menu` (`link_path`(128),`menu_name`),
  KEY `menu_plid_expand_child` (`menu_name`,`plid`,`expanded`,`has_children`),
  KEY `menu_parents` (`menu_name`,`p1`,`p2`,`p3`,`p4`,`p5`,`p6`,`p7`,`p8`,`p9`),
  KEY `router_path` (`router_path`(128))
) ENGINE=InnoDB AUTO_INCREMENT=1747 DEFAULT CHARSET=utf8 COMMENT='Contains the individual links within a menu.';


INSERT INTO `menu_links` (`menu_name`, `mlid`, `plid`, `link_path`, `router_path`, `link_title`, `options`, `module`, `hidden`, `external`, `has_children`, `expanded`, `weight`, `depth`, `customized`, `p1`, `p2`, `p3`, `p4`, `p5`, `p6`, `p7`, `p8`, `p9`, `updated`) VALUES
('management', 221, 32, 'admin/structure/block/list/openomega', 'admin/structure/block/list/openomega', 'OpenOmega', 0x613a303a7b7d, 'system', -1, 0, 0, 0, -10, 4, 0, 1, 23, 32, 221, 0, 0, 0, 0, 0, 0),
('management', 222, 32, 'admin/structure/block/list/openpublic_theme', 'admin/structure/block/list/openpublic_theme', 'OpenPublic', 0x613a303a7b7d, 'system', -1, 0, 0, 0, 0, 4, 0, 1, 23, 32, 222, 0, 0, 0, 0, 0, 0),
('management', 223, 175, 'admin/structure/panels/settings/panel-page', 'admin/structure/panels/settings/panel-page', 'Panel pages', 0x613a303a7b7d, 'system', -1, 0, 0, 0, -10, 5, 0, 1, 23, 58, 175, 223, 0, 0, 0, 0, 0),
('management', 224, 32, 'admin/structure/block/list/rubik', 'admin/structure/block/list/rubik', 'Rubik', 0x613a303a7b7d, 'system', -1, 0, 0, 0, 0, 4, 0, 1, 23, 32, 224, 0, 0, 0, 0, 0, 0),
('management', 225, 110, 'admin/config/people/accounts/settings', 'admin/config/people/accounts/settings', 'Settings', 0x613a303a7b7d, 'system', -1, 0, 0, 0, -10, 5, 0, 1, 9, 59, 110, 225, 0, 0, 0, 0, 0),
('management', 226, 130, 'admin/config/people/comment_notify/settings', 'admin/config/people/comment_notify/settings', 'Settings', 0x613a313a7b733a31303a2261747472696275746573223b613a313a7b733a353a227469746c65223b733a35303a22436f6e6669677572652073657474696e677320666f7220652d6d61696c732061626f7574206e657720636f6d6d656e74732e223b7d7d, 'system', -1, 0, 0, 0, 0, 5, 0, 1, 9, 59, 130, 226, 0, 0, 0, 0, 0),
('management', 227, 32, 'admin/structure/block/list/seven', 'admin/structure/block/list/seven', 'Seven', 0x613a303a7b7d, 'system', -1, 0, 0, 0, 0, 4, 0, 1, 23, 32, 227, 0, 0, 0, 0, 0, 0),
('navigation', 228, 136, 'node/%/revisions/view/latest', 'node/%/revisions/view/latest', 'Show latest difference', 0x613a303a7b7d, 'system', -1, 0, 0, 0, 0, 4, 0, 6, 62, 136, 228, 0, 0, 0, 0, 0, 0),
('management', 229, 32, 'admin/structure/block/list/spartan', 'admin/structure/block/list/spartan', 'Spartan', 0x613a303a7b7d, 'system', -1, 0, 0, 0, 0, 4, 0, 1, 23, 32, 229, 0, 0, 0, 0, 0, 0),
('management', 230, 32, 'admin/structure/block/list/stark', 'admin/structure/block/list/stark', 'Stark', 0x613a303a7b7d, 'system', -1, 0, 0, 0, 0, 4, 0, 1, 23, 32, 230, 0, 0, 0, 0, 0, 0),
('management', 231, 32, 'admin/structure/block/list/tao', 'admin/structure/block/list/tao', 'Tao', 0x613a303a7b7d, 'system', -1, 0, 0, 0, 0, 4, 0, 1, 23, 32, 231, 0, 0, 0, 0, 0, 0),
('management', 232, 134, 'admin/config/regional/date-time/types', 'admin/config/regional/date-time/types', 'Types', 0x613a313a7b733a31303a2261747472696275746573223b613a313a7b733a353a227469746c65223b733a34343a22436f6e66696775726520646973706c617920666f726d61747320666f72206461746520616e642074696d652e223b7d7d, 'system', -1, 0, 1, 0, -10, 5, 0, 1, 9, 61, 134, 232, 0, 0, 0, 0, 0),
('management', 233, 130, 'admin/config/people/comment_notify/unsubscribe', 'admin/config/people/comment_notify/unsubscribe', 'Unsubscribe', 0x613a313a7b733a31303a2261747472696275746573223b613a313a7b733a353a227469746c65223b733a34343a22556e73756273637269626520616e20656d61696c2066726f6d20616c6c206e6f74696669636174696f6e732e223b7d7d, 'system', -1, 0, 0, 0, 2, 5, 0, 1, 9, 59, 130, 233, 0, 0, 0, 0, 0),
('management', 234, 47, 'admin/structure/features/%/view', 'admin/structure/features/%/view', 'View', 0x613a313a7b733a31303a2261747472696275746573223b613a313a7b733a353a227469746c65223b733a33323a22446973706c617920636f6d706f6e656e7473206f66206120666561747572652e223b7d7d, 'system', -1, 0, 0, 0, -10, 4, 0, 1, 23, 47, 234, 0, 0, 0, 0, 0, 0),
('navigation', 235, 62, 'node/%/revisions/%/delete', 'node/%/revisions/%/delete', 'Delete earlier revision', 0x613a303a7b7d, 'system', 0, 0, 0, 0, 0, 3, 0, 6, 62, 235, 0, 0, 0, 0, 0, 0, 0),
('management', 236, 47, 'admin/structure/features/%/recreate', 'admin/structure/features/%/recreate', 'Recreate', 0x613a313a7b733a31303a2261747472696275746573223b613a313a7b733a353a227469746c65223b733a32393a22526563726561746520616e206578697374696e6720666561747572652e223b7d7d, 'system', -1, 0, 0, 0, 11, 4, 0, 1, 23, 47, 236, 0, 0, 0, 0, 0, 0),
('navigation', 237, 62, 'node/%/revisions/%/revert', 'node/%/revisions/%/revert', 'Revert to earlier revision', 0x613a303a7b7d, 'system', 0, 0, 0, 0, 0, 3, 0, 6, 62, 237, 0, 0, 0, 0, 0, 0, 0),
('management', 238, 47, 'admin/structure/features/%/diff', 'admin/structure/features/%/diff', 'Review overrides', 0x613a313a7b733a31303a2261747472696275746573223b613a313a7b733a353a227469746c65223b733a33363a22436f6d706172652064656661756c7420616e642063757272656e7420666561747572652e223b7d7d, 'system', -1, 0, 0, 0, 0, 4, 0, 1, 23, 47, 238, 0, 0, 0, 0, 0, 0),
('navigation', 239, 62, 'node/%/revisions/%/view', 'node/%/revisions/%/view', 'Revisions', 0x613a303a7b7d, 'system', 0, 0, 0, 0, 0, 3, 0, 6, 62, 239, 0, 0, 0, 0, 0, 0, 0),
('management', 240, 219, 'admin/structure/block/list/starterkit_omega_html5/add', 'admin/structure/block/list/starterkit_omega_html5/add', 'Add block', 0x613a303a7b7d, 'system', -1, 0, 0, 0, 0, 5, 0, 1, 23, 32, 219, 240, 0, 0, 0, 0, 0),
('management', 241, 220, 'admin/structure/block/list/starterkit_omega_xhtml/add', 'admin/structure/block/list/starterkit_omega_xhtml/add', 'Add block', 0x613a303a7b7d, 'system', -1, 0, 0, 0, 0, 5, 0, 1, 23, 32, 220, 241, 0, 0, 0, 0, 0),
('management', 242, 231, 'admin/structure/block/list/tao/add', 'admin/structure/block/list/tao/add', 'Add block', 0x613a303a7b7d, 'system', -1, 0, 0, 0, 0, 5, 0, 1, 23, 32, 231, 242, 0, 0, 0, 0, 0),
('management', 243, 203, 'admin/structure/menu/manage/%/add', 'admin/structure/menu/manage/%/add', 'Add link', 0x613a303a7b7d, 'system', -1, 0, 0, 0, 0, 5, 0, 1, 23, 54, 203, 243, 0, 0, 0, 0, 0),
('management', 245, 230, 'admin/structure/block/list/stark/add', 'admin/structure/block/list/stark/add', 'Add block', 0x613a303a7b7d, 'system', -1, 0, 0, 0, 0, 5, 0, 1, 23, 32, 230, 245, 0, 0, 0, 0, 0),
('management', 246, 199, 'admin/structure/block/list/starterkit_alpha_xhtml/add', 'admin/structure/block/list/starterkit_alpha_xhtml/add', 'Add block', 0x613a303a7b7d, 'system', -1, 0, 0, 0, 0, 5, 0, 1, 23, 32, 199, 246, 0, 0, 0, 0, 0),
('management', 247, 232, 'admin/config/regional/date-time/types/add', 'admin/config/regional/date-time/types/add', 'Add date type', 0x613a313a7b733a31303a2261747472696275746573223b613a313a7b733a353a227469746c65223b733a31383a22416464206e6577206461746520747970652e223b7d7d, 'system', -1, 0, 0, 0, -10, 6, 0, 1, 9, 61, 134, 232, 247, 0, 0, 0, 0),
('management', 248, 207, 'admin/config/regional/date-time/formats/add', 'admin/config/regional/date-time/formats/add', 'Add format', 0x613a313a7b733a31303a2261747472696275746573223b613a313a7b733a353a227469746c65223b733a34333a22416c6c6f7720757365727320746f20616464206164646974696f6e616c206461746520666f726d6174732e223b7d7d, 'system', -1, 0, 0, 0, -10, 6, 0, 1, 9, 61, 134, 207, 248, 0, 0, 0, 0),
('management', 249, 206, 'admin/structure/types/manage/%/delete', 'admin/structure/types/manage/%/delete', 'Delete', 0x613a303a7b7d, 'system', 0, 0, 0, 0, 0, 5, 0, 1, 23, 39, 206, 249, 0, 0, 0, 0, 0),
('management', 250, 171, 'admin/people/permissions/roles/edit/%', 'admin/people/permissions/roles/edit/%', 'Edit role', 0x613a303a7b7d, 'system', 0, 0, 0, 0, 0, 5, 0, 1, 20, 60, 171, 250, 0, 0, 0, 0, 0),
('management', 253, 198, 'admin/structure/block/list/alpha/add', 'admin/structure/block/list/alpha/add', 'Add block', 0x613a303a7b7d, 'system', -1, 0, 0, 0, 0, 5, 0, 1, 23, 32, 198, 253, 0, 0, 0, 0, 0),
('management', 254, 208, 'admin/structure/block/list/garland/add', 'admin/structure/block/list/garland/add', 'Add block', 0x613a303a7b7d, 'system', -1, 0, 0, 0, 0, 5, 0, 1, 23, 32, 208, 254, 0, 0, 0, 0, 0),
('management', 255, 218, 'admin/structure/block/list/omega/add', 'admin/structure/block/list/omega/add', 'Add block', 0x613a303a7b7d, 'system', -1, 0, 0, 0, 0, 5, 0, 1, 23, 32, 218, 255, 0, 0, 0, 0, 0),
('management', 257, 222, 'admin/structure/block/list/openpublic_theme/add', 'admin/structure/block/list/openpublic_theme/add', 'Add block', 0x613a303a7b7d, 'system', -1, 0, 0, 0, 0, 5, 0, 1, 23, 32, 222, 257, 0, 0, 0, 0, 0),
('management', 258, 224, 'admin/structure/block/list/rubik/add', 'admin/structure/block/list/rubik/add', 'Add block', 0x613a303a7b7d, 'system', -1, 0, 0, 0, 0, 5, 0, 1, 23, 32, 224, 258, 0, 0, 0, 0, 0),
('management', 259, 227, 'admin/structure/block/list/seven/add', 'admin/structure/block/list/seven/add', 'Add block', 0x613a303a7b7d, 'system', -1, 0, 0, 0, 0, 5, 0, 1, 23, 32, 227, 259, 0, 0, 0, 0, 0),
('management', 260, 229, 'admin/structure/block/list/spartan/add', 'admin/structure/block/list/spartan/add', 'Add block', 0x613a303a7b7d, 'system', -1, 0, 0, 0, 0, 5, 0, 1, 23, 32, 229, 260, 0, 0, 0, 0, 0),
('management', 262, 32, 'admin/structure/block/manage/%/%', 'admin/structure/block/manage/%/%', 'Configure block', 0x613a303a7b7d, 'system', 0, 0, 0, 0, 0, 4, 0, 1, 23, 32, 262, 0, 0, 0, 0, 0, 0),
('navigation', 263, 33, 'user/%/cancel/confirm/%/%', 'user/%/cancel/confirm/%/%', 'Confirm account cancellation', 0x613a303a7b7d, 'system', 0, 0, 0, 0, 0, 3, 0, 19, 33, 263, 0, 0, 0, 0, 0, 0, 0),
('management', 264, 142, 'admin/config/people/ip-blocking/delete/%', 'admin/config/people/ip-blocking/delete/%', 'Delete IP address', 0x613a303a7b7d, 'system', 0, 0, 0, 0, 0, 5, 0, 1, 9, 59, 142, 264, 0, 0, 0, 0, 0),
('management', 265, 111, 'admin/config/system/actions/delete/%', 'admin/config/system/actions/delete/%', 'Delete action', 0x613a313a7b733a31303a2261747472696275746573223b613a313a7b733a353a227469746c65223b733a31373a2244656c65746520616e20616374696f6e2e223b7d7d, 'system', 0, 0, 0, 0, 0, 5, 0, 1, 9, 66, 111, 265, 0, 0, 0, 0, 0),
('management', 266, 203, 'admin/structure/menu/manage/%/delete', 'admin/structure/menu/manage/%/delete', 'Delete menu', 0x613a303a7b7d, 'system', 0, 0, 0, 0, 0, 5, 0, 1, 23, 54, 203, 266, 0, 0, 0, 0, 0),
('management', 267, 54, 'admin/structure/menu/item/%/delete', 'admin/structure/menu/item/%/delete', 'Delete menu link', 0x613a303a7b7d, 'system', 0, 0, 0, 0, 0, 4, 0, 1, 23, 54, 267, 0, 0, 0, 0, 0, 0),
('management', 268, 171, 'admin/people/permissions/roles/delete/%', 'admin/people/permissions/roles/delete/%', 'Delete role', 0x613a303a7b7d, 'system', 0, 0, 0, 0, 0, 5, 0, 1, 20, 60, 171, 268, 0, 0, 0, 0, 0),
('management', 271, 191, 'admin/config/content/formats/%/disable', 'admin/config/content/formats/%/disable', 'Disable text format', 0x613a303a7b7d, 'system', 0, 0, 0, 0, 0, 6, 0, 1, 9, 38, 184, 191, 271, 0, 0, 0, 0),
('management', 272, 206, 'admin/structure/types/manage/%/edit', 'admin/structure/types/manage/%/edit', 'Edit', 0x613a303a7b7d, 'system', -1, 0, 0, 0, 0, 5, 0, 1, 23, 39, 206, 272, 0, 0, 0, 0, 0),
('management', 273, 203, 'admin/structure/menu/manage/%/edit', 'admin/structure/menu/manage/%/edit', 'Edit menu', 0x613a303a7b7d, 'system', -1, 0, 0, 0, 0, 5, 0, 1, 23, 54, 203, 273, 0, 0, 0, 0, 0),
('management', 274, 54, 'admin/structure/menu/item/%/edit', 'admin/structure/menu/item/%/edit', 'Edit menu link', 0x613a303a7b7d, 'system', 0, 0, 0, 0, 0, 4, 0, 1, 23, 54, 274, 0, 0, 0, 0, 0, 0),
('management', 275, 143, 'admin/config/media/image-styles/edit/%', 'admin/config/media/image-styles/edit/%', 'Edit style', 0x613a313a7b733a31303a2261747472696275746573223b613a313a7b733a353a227469746c65223b733a32353a22436f6e66696775726520616e20696d616765207374796c652e223b7d7d, 'system', 0, 0, 1, 0, 0, 5, 0, 1, 9, 53, 143, 275, 0, 0, 0, 0, 0),
('management', 276, 57, 'admin/structure/pages/%/operation/%', 'admin/structure/pages/%/operation/%', '', 0x613a303a7b7d, 'system', 0, 0, 0, 0, 0, 4, 0, 1, 23, 57, 276, 0, 0, 0, 0, 0, 0),
('management', 278, 201, 'admin/config/people/captcha/captcha/examples', 'admin/config/people/captcha/captcha/examples', 'Examples', 0x613a313a7b733a31303a2261747472696275746573223b613a313a7b733a353a227469746c65223b733a35393a22416e206f76657276696577206f662074686520617661696c61626c65206368616c6c656e67652074797065732077697468206578616d706c65732e223b7d7d, 'system', -1, 0, 0, 0, 5, 6, 0, 1, 9, 59, 127, 201, 278, 0, 0, 0, 0),
('management', 279, 201, 'admin/config/people/captcha/captcha/settings', 'admin/config/people/captcha/captcha/settings', 'General settings', 0x613a303a7b7d, 'system', -1, 0, 0, 0, 0, 6, 0, 1, 9, 59, 127, 201, 279, 0, 0, 0, 0),
('management', 281, 203, 'admin/structure/menu/manage/%/list', 'admin/structure/menu/manage/%/list', 'List links', 0x613a303a7b7d, 'system', -1, 0, 0, 0, -10, 5, 0, 1, 23, 54, 203, 281, 0, 0, 0, 0, 0),
('management', 282, 54, 'admin/structure/menu/item/%/reset', 'admin/structure/menu/item/%/reset', 'Reset menu link', 0x613a303a7b7d, 'system', 0, 0, 0, 0, 0, 4, 0, 1, 23, 54, 282, 0, 0, 0, 0, 0, 0),
('management', 283, 152, 'admin/appearance/delta/list/%/configure', 'admin/appearance/delta/list/%/configure', 'Settings', 0x613a313a7b733a31303a2261747472696275746573223b613a313a7b733a353a227469746c65223b733a33313a224f766572726964652073657474696e677320666f722061206c61796f75742e223b7d7d, 'system', 0, 0, 0, 0, 0, 5, 0, 1, 8, 43, 152, 283, 0, 0, 0, 0, 0),
('management', 285, 143, 'admin/config/media/image-styles/delete/%', 'admin/config/media/image-styles/delete/%', 'Delete style', 0x613a313a7b733a31303a2261747472696275746573223b613a313a7b733a353a227469746c65223b733a32323a2244656c65746520616e20696d616765207374796c652e223b7d7d, 'system', 0, 0, 0, 0, 0, 5, 0, 1, 9, 53, 143, 285, 0, 0, 0, 0, 0),
('management', 287, 151, 'admin/structure/context/list/%/edit', 'admin/structure/context/list/%/edit', 'Edit', 0x613a303a7b7d, 'system', -1, 0, 0, 0, -10, 5, 0, 1, 23, 40, 151, 287, 0, 0, 0, 0, 0),
('management', 288, 152, 'admin/appearance/delta/list/%/edit', 'admin/appearance/delta/list/%/edit', 'Edit', 0x613a303a7b7d, 'system', -1, 0, 0, 0, -10, 5, 0, 1, 8, 43, 152, 288, 0, 0, 0, 0, 0),
('management', 289, 151, 'admin/structure/context/list/%/export', 'admin/structure/context/list/%/export', 'Export', 0x613a303a7b7d, 'system', -1, 0, 0, 0, 0, 5, 0, 1, 23, 40, 151, 289, 0, 0, 0, 0, 0),
('management', 290, 152, 'admin/appearance/delta/list/%/export', 'admin/appearance/delta/list/%/export', 'Export', 0x613a303a7b7d, 'system', -1, 0, 0, 0, 0, 5, 0, 1, 8, 43, 152, 290, 0, 0, 0, 0, 0),
('management', 291, 143, 'admin/config/media/image-styles/revert/%', 'admin/config/media/image-styles/revert/%', 'Revert style', 0x613a313a7b733a31303a2261747472696275746573223b613a313a7b733a353a227469746c65223b733a32323a2252657665727420616e20696d616765207374796c652e223b7d7d, 'system', 0, 0, 0, 0, 0, 5, 0, 1, 9, 53, 143, 291, 0, 0, 0, 0, 0),
('management', 292, 206, 'admin/structure/types/manage/%/comment/display', 'admin/structure/types/manage/%/comment/display', 'Comment display', 0x613a303a7b7d, 'system', -1, 0, 0, 0, 4, 5, 0, 1, 23, 39, 206, 292, 0, 0, 0, 0, 0),
('management', 293, 206, 'admin/structure/types/manage/%/comment/fields', 'admin/structure/types/manage/%/comment/fields', 'Comment fields', 0x613a303a7b7d, 'system', -1, 0, 1, 0, 3, 5, 0, 1, 23, 39, 206, 293, 0, 0, 0, 0, 0),
('management', 294, 262, 'admin/structure/block/manage/%/%/configure', 'admin/structure/block/manage/%/%/configure', 'Configure block', 0x613a303a7b7d, 'system', -1, 0, 0, 0, 0, 5, 0, 1, 23, 32, 262, 294, 0, 0, 0, 0, 0),
('management', 295, 262, 'admin/structure/block/manage/%/%/delete', 'admin/structure/block/manage/%/%/delete', 'Delete block', 0x613a303a7b7d, 'system', -1, 0, 0, 0, 0, 5, 0, 1, 23, 32, 262, 295, 0, 0, 0, 0, 0),
('management', 296, 207, 'admin/config/regional/date-time/formats/%/delete', 'admin/config/regional/date-time/formats/%/delete', 'Delete date format', 0x613a313a7b733a31303a2261747472696275746573223b613a313a7b733a353a227469746c65223b733a34373a22416c6c6f7720757365727320746f2064656c657465206120636f6e66696775726564206461746520666f726d61742e223b7d7d, 'system', 0, 0, 0, 0, 0, 6, 0, 1, 9, 61, 134, 207, 296, 0, 0, 0, 0),
('management', 297, 232, 'admin/config/regional/date-time/types/%/delete', 'admin/config/regional/date-time/types/%/delete', 'Delete date type', 0x613a313a7b733a31303a2261747472696275746573223b613a313a7b733a353a227469746c65223b733a34353a22416c6c6f7720757365727320746f2064656c657465206120636f6e66696775726564206461746520747970652e223b7d7d, 'system', 0, 0, 0, 0, 0, 6, 0, 1, 9, 61, 134, 232, 297, 0, 0, 0, 0),
('management', 298, 188, 'admin/config/content/wysiwyg/profile/%/edit', 'admin/config/content/wysiwyg/profile/%/edit', 'Edit', 0x613a303a7b7d, 'system', -1, 0, 0, 0, 0, 5, 0, 1, 9, 38, 188, 298, 0, 0, 0, 0, 0),
('management', 299, 207, 'admin/config/regional/date-time/formats/%/edit', 'admin/config/regional/date-time/formats/%/edit', 'Edit date format', 0x613a313a7b733a31303a2261747472696275746573223b613a313a7b733a353a227469746c65223b733a34353a22416c6c6f7720757365727320746f2065646974206120636f6e66696775726564206461746520666f726d61742e223b7d7d, 'system', 0, 0, 0, 0, 0, 6, 0, 1, 9, 61, 134, 207, 299, 0, 0, 0, 0),
('management', 300, 188, 'admin/config/content/wysiwyg/profile/%/delete', 'admin/config/content/wysiwyg/profile/%/delete', 'Remove', 0x613a303a7b7d, 'system', -1, 0, 0, 0, 10, 5, 0, 1, 9, 38, 188, 300, 0, 0, 0, 0, 0),
('management', 303, 275, 'admin/config/media/image-styles/edit/%/add/%', 'admin/config/media/image-styles/edit/%/add/%', 'Add image effect', 0x613a313a7b733a31303a2261747472696275746573223b613a313a7b733a353a227469746c65223b733a32383a224164642061206e65772065666665637420746f2061207374796c652e223b7d7d, 'system', 0, 0, 0, 0, 0, 6, 0, 1, 9, 53, 143, 275, 303, 0, 0, 0, 0),
('management', 304, 275, 'admin/config/media/image-styles/edit/%/effects/%', 'admin/config/media/image-styles/edit/%/effects/%', 'Edit image effect', 0x613a313a7b733a31303a2261747472696275746573223b613a313a7b733a353a227469746c65223b733a33393a224564697420616e206578697374696e67206566666563742077697468696e2061207374796c652e223b7d7d, 'system', 0, 0, 1, 0, 0, 6, 0, 1, 9, 53, 143, 275, 304, 0, 0, 0, 0),
('management', 305, 304, 'admin/config/media/image-styles/edit/%/effects/%/delete', 'admin/config/media/image-styles/edit/%/effects/%/delete', 'Delete image effect', 0x613a313a7b733a31303a2261747472696275746573223b613a313a7b733a353a227469746c65223b733a33393a2244656c65746520616e206578697374696e67206566666563742066726f6d2061207374796c652e223b7d7d, 'system', 0, 0, 0, 0, 0, 7, 0, 1, 9, 53, 143, 275, 304, 305, 0, 0, 0),
('management', 306, 54, 'admin/structure/menu/manage/main-menu', 'admin/structure/menu/manage/%', 'Main menu', 0x613a303a7b7d, 'menu', 0, 0, 0, 0, 0, 4, 0, 1, 23, 54, 306, 0, 0, 0, 0, 0, 0),
('management', 307, 54, 'admin/structure/menu/manage/management', 'admin/structure/menu/manage/%', 'Management', 0x613a303a7b7d, 'menu', 0, 0, 0, 0, 0, 4, 0, 1, 23, 54, 307, 0, 0, 0, 0, 0, 0),
('management', 308, 54, 'admin/structure/menu/manage/navigation', 'admin/structure/menu/manage/%', 'Navigation', 0x613a303a7b7d, 'menu', 0, 0, 0, 0, 0, 4, 0, 1, 23, 54, 308, 0, 0, 0, 0, 0, 0),
('management', 309, 54, 'admin/structure/menu/manage/user-menu', 'admin/structure/menu/manage/%', 'User menu', 0x613a303a7b7d, 'menu', 0, 0, 0, 0, 0, 4, 0, 1, 23, 54, 309, 0, 0, 0, 0, 0, 0),
('navigation', 310, 0, 'search', 'search', 'Search', 0x613a303a7b7d, 'system', 1, 0, 0, 0, 0, 1, 0, 310, 0, 0, 0, 0, 0, 0, 0, 0, 0),
('navigation', 311, 310, 'search/node', 'search/node', 'Content', 0x613a303a7b7d, 'system', -1, 0, 0, 0, -10, 2, 0, 310, 311, 0, 0, 0, 0, 0, 0, 0, 0),
('navigation', 312, 310, 'search/user', 'search/user', 'Users', 0x613a303a7b7d, 'system', -1, 0, 0, 0, 0, 2, 0, 310, 312, 0, 0, 0, 0, 0, 0, 0, 0),
('navigation', 313, 6, 'node/%/nodequeue', 'node/%/nodequeue', '@tab', 0x613a303a7b7d, 'system', -1, 0, 0, 0, 5, 2, 0, 6, 313, 0, 0, 0, 0, 0, 0, 0, 0),
('navigation', 314, 311, 'search/node/%', 'search/node/%', 'Content', 0x613a303a7b7d, 'system', -1, 0, 0, 0, 0, 3, 0, 310, 311, 314, 0, 0, 0, 0, 0, 0, 0),
('management', 315, 23, 'admin/structure/nodequeue', 'admin/structure/nodequeue', 'Nodequeues', 0x613a313a7b733a31303a2261747472696275746573223b613a313a7b733a353a227469746c65223b733a33383a2243726561746520616e64206d61696e7461696e2073696d706c65206e6f64657175657565732e223b7d7d, 'system', 0, 0, 1, 0, 0, 3, 0, 1, 23, 315, 0, 0, 0, 0, 0, 0, 0),
('navigation', 316, 19, 'user/%/shortcuts', 'user/%/shortcuts', 'Shortcuts', 0x613a303a7b7d, 'system', -1, 0, 0, 0, 0, 2, 0, 19, 316, 0, 0, 0, 0, 0, 0, 0, 0),
('navigation', 317, 312, 'search/user/%', 'search/user/%', 'Users', 0x613a303a7b7d, 'system', -1, 0, 0, 0, 0, 3, 0, 310, 312, 317, 0, 0, 0, 0, 0, 0, 0),
('management', 318, 14, 'admin/help/number', 'admin/help/number', 'number', 0x613a303a7b7d, 'system', -1, 0, 0, 0, 0, 3, 0, 1, 14, 318, 0, 0, 0, 0, 0, 0, 0),
('management', 319, 14, 'admin/help/path', 'admin/help/path', 'path', 0x613a303a7b7d, 'system', -1, 0, 0, 0, 0, 3, 0, 1, 14, 319, 0, 0, 0, 0, 0, 0, 0),
('management', 320, 14, 'admin/help/search', 'admin/help/search', 'search', 0x613a303a7b7d, 'system', -1, 0, 0, 0, 0, 3, 0, 1, 14, 320, 0, 0, 0, 0, 0, 0, 0),
('management', 321, 14, 'admin/help/shortcut', 'admin/help/shortcut', 'shortcut', 0x613a303a7b7d, 'system', -1, 0, 0, 0, 0, 3, 0, 1, 14, 321, 0, 0, 0, 0, 0, 0, 0),
('management', 322, 14, 'admin/help/syslog', 'admin/help/syslog', 'syslog', 0x613a303a7b7d, 'system', -1, 0, 0, 0, 0, 3, 0, 1, 14, 322, 0, 0, 0, 0, 0, 0, 0),
('management', 323, 1, 'admin/nodeconnect/return/%', 'admin/nodeconnect/return/%', '', 0x613a303a7b7d, 'system', 0, 0, 0, 0, 0, 2, 0, 1, 323, 0, 0, 0, 0, 0, 0, 0, 0),
('management', 324, 1, 'admin/nodeconnect/add/%', 'admin/nodeconnect/add/%', 'Choose node type to create and add', 0x613a303a7b7d, 'system', 0, 0, 0, 0, 0, 2, 0, 1, 324, 0, 0, 0, 0, 0, 0, 0, 0),
('management', 325, 1, 'admin/nodeconnect/edit/%', 'admin/nodeconnect/edit/%', '', 0x613a303a7b7d, 'system', 0, 0, 0, 0, 0, 2, 0, 1, 325, 0, 0, 0, 0, 0, 0, 0, 0),
('management', 326, 315, 'admin/structure/nodequeue/list', 'admin/structure/nodequeue/list', 'List nodequeues', 0x613a303a7b7d, 'system', -1, 0, 0, 0, -1, 4, 0, 1, 23, 315, 326, 0, 0, 0, 0, 0, 0),
('management', 327, 63, 'admin/config/search/settings', 'admin/config/search/settings', 'Search settings', 0x613a313a7b733a31303a2261747472696275746573223b613a313a7b733a353a227469746c65223b733a36373a22436f6e6669677572652072656c6576616e63652073657474696e677320666f722073656172636820616e64206f7468657220696e646578696e67206f7074696f6e732e223b7d7d, 'system', 0, 0, 0, 0, -10, 4, 0, 1, 9, 63, 327, 0, 0, 0, 0, 0, 0),
('management', 328, 315, 'admin/structure/nodequeue/settings', 'admin/structure/nodequeue/settings', 'Settings', 0x613a303a7b7d, 'system', -1, 0, 0, 0, 0, 4, 0, 1, 23, 315, 328, 0, 0, 0, 0, 0, 0),
('management', 329, 69, 'admin/config/user-interface/shortcut', 'admin/config/user-interface/shortcut', 'Shortcuts', 0x613a313a7b733a31303a2261747472696275746573223b613a313a7b733a353a227469746c65223b733a32393a2241646420616e64206d6f646966792073686f727463757420736574732e223b7d7d, 'system', 0, 0, 1, 0, 0, 4, 0, 1, 9, 69, 329, 0, 0, 0, 0, 0, 0),
('management', 330, 63, 'admin/config/search/path', 'admin/config/search/path', 'URL aliases', 0x613a313a7b733a31303a2261747472696275746573223b613a313a7b733a353a227469746c65223b733a34363a224368616e676520796f7572207369746527732055524c20706174687320627920616c696173696e67207468656d2e223b7d7d, 'system', 0, 0, 1, 0, -5, 4, 0, 1, 9, 63, 330, 0, 0, 0, 0, 0, 0),
('management', 331, 315, 'admin/structure/nodequeue/add/nodequeue', 'admin/structure/nodequeue/add/nodequeue', 'Add @type', 0x613a303a7b7d, 'system', -1, 0, 0, 0, 0, 4, 0, 1, 23, 315, 331, 0, 0, 0, 0, 0, 0),
('management', 332, 330, 'admin/config/search/path/add', 'admin/config/search/path/add', 'Add alias', 0x613a303a7b7d, 'system', -1, 0, 0, 0, 0, 5, 0, 1, 9, 63, 330, 332, 0, 0, 0, 0, 0),
('management', 333, 329, 'admin/config/user-interface/shortcut/add-set', 'admin/config/user-interface/shortcut/add-set', 'Add shortcut set', 0x613a303a7b7d, 'system', -1, 0, 0, 0, 0, 5, 0, 1, 9, 69, 329, 333, 0, 0, 0, 0, 0),
('management', 334, 327, 'admin/config/search/settings/reindex', 'admin/config/search/settings/reindex', 'Clear index', 0x613a303a7b7d, 'system', -1, 0, 0, 0, 0, 5, 0, 1, 9, 63, 327, 334, 0, 0, 0, 0, 0),
('management', 335, 315, 'admin/structure/nodequeue/%/edit', 'admin/structure/nodequeue/%/edit', 'Edit queue settings', 0x613a303a7b7d, 'system', -1, 0, 0, 0, 0, 4, 0, 1, 23, 315, 335, 0, 0, 0, 0, 0, 0),
('management', 336, 329, 'admin/config/user-interface/shortcut/%', 'admin/config/user-interface/shortcut/%', 'Edit shortcuts', 0x613a303a7b7d, 'system', 0, 0, 1, 0, 0, 5, 0, 1, 9, 69, 329, 336, 0, 0, 0, 0, 0),
('management', 337, 330, 'admin/config/search/path/list', 'admin/config/search/path/list', 'List', 0x613a303a7b7d, 'system', -1, 0, 0, 0, -10, 5, 0, 1, 9, 63, 330, 337, 0, 0, 0, 0, 0),
('management', 338, 336, 'admin/config/user-interface/shortcut/%/add-link', 'admin/config/user-interface/shortcut/%/add-link', 'Add shortcut', 0x613a303a7b7d, 'system', -1, 0, 0, 0, 0, 6, 0, 1, 9, 69, 329, 336, 338, 0, 0, 0, 0),
('management', 339, 330, 'admin/config/search/path/delete/%', 'admin/config/search/path/delete/%', 'Delete alias', 0x613a303a7b7d, 'system', 0, 0, 0, 0, 0, 5, 0, 1, 9, 63, 330, 339, 0, 0, 0, 0, 0),
('management', 340, 336, 'admin/config/user-interface/shortcut/%/delete', 'admin/config/user-interface/shortcut/%/delete', 'Delete shortcut set', 0x613a303a7b7d, 'system', 0, 0, 0, 0, 0, 6, 0, 1, 9, 69, 329, 336, 340, 0, 0, 0, 0),
('management', 341, 330, 'admin/config/search/path/edit/%', 'admin/config/search/path/edit/%', 'Edit alias', 0x613a303a7b7d, 'system', 0, 0, 0, 0, 0, 5, 0, 1, 9, 63, 330, 341, 0, 0, 0, 0, 0),
('management', 342, 336, 'admin/config/user-interface/shortcut/%/edit', 'admin/config/user-interface/shortcut/%/edit', 'Edit set name', 0x613a303a7b7d, 'system', -1, 0, 0, 0, 10, 6, 0, 1, 9, 69, 329, 336, 342, 0, 0, 0, 0),
('management', 343, 329, 'admin/config/user-interface/shortcut/link/%', 'admin/config/user-interface/shortcut/link/%', 'Edit shortcut', 0x613a303a7b7d, 'system', 0, 0, 1, 0, 0, 5, 0, 1, 9, 69, 329, 343, 0, 0, 0, 0, 0),
('management', 344, 336, 'admin/config/user-interface/shortcut/%/links', 'admin/config/user-interface/shortcut/%/links', 'List links', 0x613a303a7b7d, 'system', -1, 0, 0, 0, 0, 6, 0, 1, 9, 69, 329, 336, 344, 0, 0, 0, 0),
('management', 345, 315, 'admin/structure/nodequeue/%/view/%', 'admin/structure/nodequeue/%/view/%', 'View', 0x613a303a7b7d, 'system', -1, 0, 0, 0, -10, 4, 0, 1, 23, 315, 345, 0, 0, 0, 0, 0, 0),
('management', 346, 343, 'admin/config/user-interface/shortcut/link/%/delete', 'admin/config/user-interface/shortcut/link/%/delete', 'Delete shortcut', 0x613a303a7b7d, 'system', 0, 0, 0, 0, 0, 6, 0, 1, 9, 69, 329, 343, 346, 0, 0, 0, 0),
('shortcut-set-1', 347, 0, 'node/add', 'node/add', 'Add content', 0x613a303a7b7d, 'menu', 0, 0, 0, 0, -50, 1, 0, 347, 0, 0, 0, 0, 0, 0, 0, 0, 0),
('shortcut-set-1', 348, 0, 'admin/content', 'admin/content', 'Find content', 0x613a303a7b7d, 'menu', 0, 0, 0, 0, -49, 1, 0, 348, 0, 0, 0, 0, 0, 0, 0, 0, 0),
('navigation', 349, 0, 'splash/%', 'splash/%', '', 0x613a303a7b7d, 'system', 0, 0, 0, 0, 0, 1, 0, 349, 0, 0, 0, 0, 0, 0, 0, 0, 0),
('navigation', 350, 7, 'node/add/blog-entry', 'node/add/blog-entry', 'Blog entry', 0x613a313a7b733a31303a2261747472696275746573223b613a313a7b733a353a227469746c65223b733a36303a224120626c6f6720656e74727920697320612073696e676c6520706f737420746f20616e206f6e6c696e65206a6f75726e616c2c206f7220626c6f672e223b7d7d, 'system', 0, 0, 0, 0, 0, 2, 0, 7, 350, 0, 0, 0, 0, 0, 0, 0, 0),
('navigation', 351, 7, 'node/add/document', 'node/add/document', 'Document', 0x613a313a7b733a31303a2261747472696275746573223b613a313a7b733a353a227469746c65223b733a36373a224120646f63756d656e74207769746820696e666f726d6174696f6e2072656c6174656420746f2066696c65732073756368206173205044467320616e6420444f43732e223b7d7d, 'system', 0, 0, 0, 0, 0, 2, 0, 7, 351, 0, 0, 0, 0, 0, 0, 0, 0),
('navigation', 352, 7, 'node/add/editors-choice', 'node/add/editors-choice', 'Editor\'s Choice', 0x613a313a7b733a31303a2261747472696275746573223b613a313a7b733a353a227469746c65223b733a36333a224120626c6f636b206f6620746578742f636f6e74656e7420746861742063616e20626520706c61636564207468726f7567686f75742074686520736974652e223b7d7d, 'system', 0, 0, 0, 0, 0, 2, 0, 7, 352, 0, 0, 0, 0, 0, 0, 0, 0),
('management', 353, 20, 'admin/people/expired', 'admin/people/expired', 'Expired accounts', 0x613a313a7b733a31303a2261747472696275746573223b613a313a7b733a353a227469746c65223b733a32373a224c6973747320616c6c2065787069726564206163636f756e74732e223b7d7d, 'system', -1, 0, 0, 0, 0, 3, 0, 1, 20, 353, 0, 0, 0, 0, 0, 0, 0),
('navigation', 354, 7, 'node/add/home-page-feature', 'node/add/home-page-feature', 'Home Page Feature', 0x613a313a7b733a31303a2261747472696275746573223b613a313a7b733a353a227469746c65223b733a36383a22466561747572656420636f6e74656e7420746f20646973706c617920696e20746865206d61696e206361726f7573656c2061746f702074686520686f6d6520706167652e223b7d7d, 'system', 0, 0, 0, 0, 0, 2, 0, 7, 354, 0, 0, 0, 0, 0, 0, 0, 0),
('navigation', 355, 7, 'node/add/press-release', 'node/add/press-release', 'Press Release', 0x613a313a7b733a31303a2261747472696275746573223b613a313a7b733a353a227469746c65223b733a39313a224120747261646974696f6e616c202270726573732072656c6561736522206f6620746578742d6f6e6c7920636f6e74656e742061626f75742061206e657720646576656c6f706d656e74206f7220616e6e6f756e63656d656e742e223b7d7d, 'system', 0, 0, 0, 0, 0, 2, 0, 7, 355, 0, 0, 0, 0, 0, 0, 0, 0),
('navigation', 356, 7, 'node/add/profile', 'node/add/profile', 'Profile', 0x613a313a7b733a31303a2261747472696275746573223b613a313a7b733a353a227469746c65223b733a39303a2243726561746520612070726f66696c6520666f72206120706572736f6e2c207768696368206d617920626520616e20617574686f722c2061207374616666206d656d6265722c206f72206576656e206120627573696e6573732e223b7d7d, 'system', 0, 0, 0, 0, 0, 2, 0, 7, 356, 0, 0, 0, 0, 0, 0, 0, 0),
('management', 357, 21, 'admin/reports/hits', 'admin/reports/hits', 'Recent hits', 0x613a313a7b733a31303a2261747472696275746573223b613a313a7b733a353a227469746c65223b733a34333a22566965772070616765732074686174206861766520726563656e746c79206265656e20766973697465642e223b7d7d, 'system', 0, 0, 0, 0, 0, 3, 0, 1, 21, 357, 0, 0, 0, 0, 0, 0, 0),
('navigation', 358, 6, 'node/%/webform-results', 'node/%/webform-results', 'Results', 0x613a303a7b7d, 'system', -1, 0, 0, 0, 2, 2, 0, 6, 358, 0, 0, 0, 0, 0, 0, 0, 0),
('navigation', 360, 7, 'node/add/services', 'node/add/services', 'Services', 0x613a313a7b733a31303a2261747472696275746573223b613a313a7b733a353a227469746c65223b733a3133393a2241206465736372697074696f6e206f6620612073706563696669632073657276696365207468617420746865206f7267616e697a6174696f6e206f72206167656e63792070726f766964657320746f20736974652075736572732028737563682061732022746178207072657061726174696f6e22206f7220226772616e742070726f6772616d7322292e223b7d7d, 'system', 0, 0, 0, 0, 0, 2, 0, 7, 360, 0, 0, 0, 0, 0, 0, 0, 0),
('navigation', 361, 7, 'node/add/site-page', 'node/add/site-page', 'Site Page', 0x613a313a7b733a31303a2261747472696275746573223b613a313a7b733a353a227469746c65223b733a38363a22412073696d706c652070616765206f66207374617469632048544d4c20636f6e74656e742c20746f206265207573656420666f7220696e6672657175656e746c79207570646174656420696e666f726d6174696f6e2e223b7d7d, 'system', 0, 0, 0, 0, 0, 2, 0, 7, 361, 0, 0, 0, 0, 0, 0, 0, 0),
('management', 362, 10, 'admin/content/demo-toggle', 'admin/content/demo-toggle', 'Toggle demo content', 0x613a303a7b7d, 'system', 0, 0, 0, 0, 0, 3, 0, 1, 10, 362, 0, 0, 0, 0, 0, 0, 0),
('management', 363, 21, 'admin/reports/pages', 'admin/reports/pages', 'Top pages', 0x613a313a7b733a31303a2261747472696275746573223b613a313a7b733a353a227469746c65223b733a34313a225669657720706167657320746861742068617665206265656e20686974206672657175656e746c792e223b7d7d, 'system', 0, 0, 0, 0, 1, 3, 0, 1, 21, 363, 0, 0, 0, 0, 0, 0, 0),
('management', 364, 21, 'admin/reports/referrers', 'admin/reports/referrers', 'Top referrers', 0x613a313a7b733a31303a2261747472696275746573223b613a313a7b733a353a227469746c65223b733a31393a225669657720746f70207265666572726572732e223b7d7d, 'system', 0, 0, 0, 0, 0, 3, 0, 1, 21, 364, 0, 0, 0, 0, 0, 0, 0),
('management', 365, 21, 'admin/reports/visitors', 'admin/reports/visitors', 'Top visitors', 0x613a313a7b733a31303a2261747472696275746573223b613a313a7b733a353a227469746c65223b733a33343a22566965772076697369746f7273207468617420686974206d616e792070616765732e223b7d7d, 'system', 0, 0, 0, 0, 2, 3, 0, 1, 21, 365, 0, 0, 0, 0, 0, 0, 0),
('navigation', 366, 6, 'node/%/track', 'node/%/track', 'Track', 0x613a303a7b7d, 'system', -1, 0, 0, 0, 2, 2, 0, 6, 366, 0, 0, 0, 0, 0, 0, 0, 0),
('management', 367, 23, 'admin/structure/views', 'admin/structure/views', 'Views', 0x613a313a7b733a31303a2261747472696275746573223b613a313a7b733a353a227469746c65223b733a33353a224d616e61676520637573746f6d697a6564206c69737473206f6620636f6e74656e742e223b7d7d, 'system', 0, 0, 1, 0, 0, 3, 0, 1, 23, 367, 0, 0, 0, 0, 0, 0, 0),
('navigation', 368, 7, 'node/add/webform', 'node/add/webform', 'Webform', 0x613a313a7b733a31303a2261747472696275746573223b613a313a7b733a353a227469746c65223b733a3133383a224372656174652061206e657720666f726d206f72207175657374696f6e6e616972652061636365737369626c6520746f2075736572732e205375626d697373696f6e20726573756c747320616e64207374617469737469637320617265207265636f7264656420616e642061636365737369626c6520746f2070726976696c656765642075736572732e223b7d7d, 'system', 0, 0, 0, 0, 0, 2, 0, 7, 368, 0, 0, 0, 0, 0, 0, 0, 0),
('navigation', 369, 6, 'node/%/webform', 'node/%/webform', 'Webform', 0x613a303a7b7d, 'system', -1, 0, 0, 0, 1, 2, 0, 6, 369, 0, 0, 0, 0, 0, 0, 0, 0),
('management', 370, 10, 'admin/content/webform', 'admin/content/webform', 'Webforms', 0x613a313a7b733a31303a2261747472696275746573223b613a313a7b733a353a227469746c65223b733a35343a225669657720616e64206564697420616c6c2074686520617661696c61626c6520776562666f726d73206f6e20796f757220736974652e223b7d7d, 'system', -1, 0, 0, 0, 0, 3, 0, 1, 10, 370, 0, 0, 0, 0, 0, 0, 0),
('management', 371, 14, 'admin/help/overlay', 'admin/help/overlay', 'overlay', 0x613a303a7b7d, 'system', -1, 0, 0, 0, 0, 3, 0, 1, 14, 371, 0, 0, 0, 0, 0, 0, 0),
('management', 372, 14, 'admin/help/password_policy', 'admin/help/password_policy', 'password_policy', 0x613a303a7b7d, 'system', -1, 0, 0, 0, 0, 3, 0, 1, 14, 372, 0, 0, 0, 0, 0, 0, 0),
('management', 373, 14, 'admin/help/pathauto', 'admin/help/pathauto', 'pathauto', 0x613a303a7b7d, 'system', -1, 0, 0, 0, 0, 3, 0, 1, 14, 373, 0, 0, 0, 0, 0, 0, 0),
('management', 374, 14, 'admin/help/rdf', 'admin/help/rdf', 'rdf', 0x613a303a7b7d, 'system', -1, 0, 0, 0, 0, 3, 0, 1, 14, 374, 0, 0, 0, 0, 0, 0, 0),
('management', 375, 14, 'admin/help/recaptcha', 'admin/help/recaptcha', 'recaptcha', 0x613a303a7b7d, 'system', -1, 0, 0, 0, 0, 3, 0, 1, 14, 375, 0, 0, 0, 0, 0, 0, 0),
('management', 376, 14, 'admin/help/statistics', 'admin/help/statistics', 'statistics', 0x613a303a7b7d, 'system', -1, 0, 0, 0, 0, 3, 0, 1, 14, 376, 0, 0, 0, 0, 0, 0, 0),
('management', 377, 14, 'admin/help/toolbar', 'admin/help/toolbar', 'toolbar', 0x613a303a7b7d, 'system', -1, 0, 0, 0, 0, 3, 0, 1, 14, 377, 0, 0, 0, 0, 0, 0, 0),
('management', 378, 14, 'admin/help/webform', 'admin/help/webform', 'webform', 0x613a303a7b7d, 'system', -1, 0, 0, 0, 0, 3, 0, 1, 14, 378, 0, 0, 0, 0, 0, 0, 0),
('management', 379, 14, 'admin/help/xmlsitemap', 'admin/help/xmlsitemap', 'xmlsitemap', 0x613a303a7b7d, 'system', -1, 0, 0, 0, 0, 3, 0, 1, 14, 379, 0, 0, 0, 0, 0, 0, 0),
('management', 380, 367, 'admin/structure/views/add', 'admin/structure/views/add', 'Add new view', 0x613a303a7b7d, 'system', -1, 0, 0, 0, 0, 4, 0, 1, 23, 367, 380, 0, 0, 0, 0, 0, 0),
('management', 381, 367, 'admin/structure/views/add-template', 'admin/structure/views/add-template', 'Add view from template', 0x613a303a7b7d, 'system', -1, 0, 0, 0, 0, 4, 0, 1, 23, 367, 381, 0, 0, 0, 0, 0, 0),
('navigation', 382, 358, 'node/%/webform-results/analysis', 'node/%/webform-results/analysis', 'Analysis', 0x613a303a7b7d, 'system', -1, 0, 0, 0, 5, 3, 0, 6, 358, 382, 0, 0, 0, 0, 0, 0, 0),
('navigation', 383, 358, 'node/%/webform-results/clear', 'node/%/webform-results/clear', 'Clear', 0x613a303a7b7d, 'system', -1, 0, 0, 0, 8, 3, 0, 6, 358, 383, 0, 0, 0, 0, 0, 0, 0),
('management', 384, 21, 'admin/reports/access/%', 'admin/reports/access/%', 'Details', 0x613a313a7b733a31303a2261747472696275746573223b613a313a7b733a353a227469746c65223b733a31363a225669657720616363657373206c6f672e223b7d7d, 'system', 0, 0, 0, 0, 0, 3, 0, 1, 21, 384, 0, 0, 0, 0, 0, 0, 0),
('navigation', 385, 358, 'node/%/webform-results/download', 'node/%/webform-results/download', 'Download', 0x613a303a7b7d, 'system', -1, 0, 0, 0, 7, 3, 0, 6, 358, 385, 0, 0, 0, 0, 0, 0, 0),
('navigation', 386, 369, 'node/%/webform/emails', 'node/%/webform/emails', 'E-mails', 0x613a303a7b7d, 'system', -1, 0, 0, 0, 1, 3, 0, 6, 369, 386, 0, 0, 0, 0, 0, 0, 0),
('navigation', 387, 369, 'node/%/webform/components', 'node/%/webform/components', 'Form components', 0x613a303a7b7d, 'system', -1, 0, 0, 0, 0, 3, 0, 6, 369, 387, 0, 0, 0, 0, 0, 0, 0),
('navigation', 388, 369, 'node/%/webform/configure', 'node/%/webform/configure', 'Form settings', 0x613a303a7b7d, 'system', -1, 0, 0, 0, 2, 3, 0, 6, 369, 388, 0, 0, 0, 0, 0, 0, 0),
('management', 389, 367, 'admin/structure/views/import', 'admin/structure/views/import', 'Import', 0x613a303a7b7d, 'system', -1, 0, 0, 0, 0, 4, 0, 1, 23, 367, 389, 0, 0, 0, 0, 0, 0),
('management', 390, 367, 'admin/structure/views/list', 'admin/structure/views/list', 'List', 0x613a303a7b7d, 'system', -1, 0, 0, 0, -10, 4, 0, 1, 23, 367, 390, 0, 0, 0, 0, 0, 0),
('management', 391, 59, 'admin/config/people/password_policy', 'admin/config/people/password_policy', 'Password policies', 0x613a313a7b733a31303a2261747472696275746573223b613a313a7b733a353a227469746c65223b733a34373a22436f6e6669677572657320706f6c696369657320666f722075736572206163636f756e742070617373776f7264732e223b7d7d, 'system', 0, 0, 1, 0, 0, 4, 0, 1, 9, 59, 391, 0, 0, 0, 0, 0, 0),
('management', 392, 367, 'admin/structure/views/settings', 'admin/structure/views/settings', 'Settings', 0x613a303a7b7d, 'system', -1, 0, 0, 0, 0, 4, 0, 1, 23, 367, 392, 0, 0, 0, 0, 0, 0),
('management', 393, 66, 'admin/config/system/statistics', 'admin/config/system/statistics', 'Statistics', 0x613a313a7b733a31303a2261747472696275746573223b613a313a7b733a353a227469746c65223b733a36383a22436f6e74726f6c2064657461696c732061626f7574207768617420616e6420686f7720796f75722073697465206c6f67732061636365737320737461746973746963732e223b7d7d, 'system', 0, 0, 0, 0, -15, 4, 0, 1, 9, 66, 393, 0, 0, 0, 0, 0, 0),
('navigation', 394, 358, 'node/%/webform-results/submissions', 'node/%/webform-results/submissions', 'Submissions', 0x613a303a7b7d, 'system', -1, 0, 0, 0, 4, 3, 0, 6, 358, 394, 0, 0, 0, 0, 0, 0, 0),
('navigation', 395, 358, 'node/%/webform-results/table', 'node/%/webform-results/table', 'Table', 0x613a303a7b7d, 'system', -1, 0, 0, 0, 6, 3, 0, 6, 358, 395, 0, 0, 0, 0, 0, 0, 0),
('navigation', 396, 19, 'user/%/track/navigation', 'user/%/track/navigation', 'Track page visits', 0x613a303a7b7d, 'system', -1, 0, 0, 0, 2, 2, 0, 19, 396, 0, 0, 0, 0, 0, 0, 0, 0),
('management', 397, 38, 'admin/config/content/webform', 'admin/config/content/webform', 'Webform settings', 0x613a313a7b733a31303a2261747472696275746573223b613a313a7b733a353a227469746c65223b733a34363a22476c6f62616c20636f6e66696775726174696f6e206f6620776562666f726d2066756e6374696f6e616c6974792e223b7d7d, 'system', 0, 0, 0, 0, 0, 4, 0, 1, 9, 38, 397, 0, 0, 0, 0, 0, 0),
('management', 398, 63, 'admin/config/search/xmlsitemap', 'admin/config/search/xmlsitemap', 'XML sitemap', 0x613a313a7b733a31303a2261747472696275746573223b613a313a7b733a353a227469746c65223b733a39323a22436f6e66696775726520796f75722073697465277320584d4c20736974656d61707320746f2068656c702073656172636820656e67696e65732066696e6420616e6420696e646578207061676573206f6e20796f757220736974652e223b7d7d, 'system', 0, 0, 1, 0, 0, 4, 0, 1, 9, 63, 398, 0, 0, 0, 0, 0, 0),
('management', 399, 391, 'admin/config/people/password_policy/add', 'admin/config/people/password_policy/add', 'Add', 0x613a303a7b7d, 'system', -1, 0, 0, 0, 2, 5, 0, 1, 9, 59, 391, 399, 0, 0, 0, 0, 0),
('management', 400, 32, 'admin/structure/block/box-add/twitter', 'admin/structure/block/box-add/twitter', 'Add twitter box', 0x613a303a7b7d, 'system', -1, 0, 0, 0, 0, 4, 0, 1, 23, 32, 400, 0, 0, 0, 0, 0, 0),
('management', 401, 32, 'admin/structure/block/box-add/view', 'admin/structure/block/box-add/view', 'Add view box', 0x613a303a7b7d, 'system', -1, 0, 0, 0, 0, 4, 0, 1, 23, 32, 401, 0, 0, 0, 0, 0, 0),
('management', 402, 392, 'admin/structure/views/settings/advanced', 'admin/structure/views/settings/advanced', 'Advanced', 0x613a303a7b7d, 'system', -1, 0, 0, 0, 1, 5, 0, 1, 23, 367, 392, 402, 0, 0, 0, 0, 0),
('management', 403, 392, 'admin/structure/views/settings/basic', 'admin/structure/views/settings/basic', 'Basic', 0x613a303a7b7d, 'system', -1, 0, 0, 0, 0, 5, 0, 1, 23, 367, 392, 403, 0, 0, 0, 0, 0),
('management', 404, 330, 'admin/config/search/path/update_bulk', 'admin/config/search/path/update_bulk', 'Bulk generate', 0x613a303a7b7d, 'system', -1, 0, 0, 0, 30, 5, 0, 1, 9, 63, 330, 404, 0, 0, 0, 0, 0),
('management', 405, 330, 'admin/config/search/path/delete_bulk', 'admin/config/search/path/delete_bulk', 'Delete aliases', 0x613a303a7b7d, 'system', -1, 0, 0, 0, 40, 5, 0, 1, 9, 63, 330, 405, 0, 0, 0, 0, 0),
('management', 406, 391, 'admin/config/people/password_policy/password_change', 'admin/config/people/password_policy/password_change', 'Force password change', 0x613a313a7b733a31303a2261747472696275746573223b613a313a7b733a353a227469746c65223b733a33363a22466f72636520757365727320746f206368616e67652074686569722070617373776f7264223b7d7d, 'system', -1, 0, 0, 0, 10, 5, 0, 1, 9, 59, 391, 406, 0, 0, 0, 0, 0),
('management', 407, 391, 'admin/config/people/password_policy/list', 'admin/config/people/password_policy/list', 'List', 0x613a303a7b7d, 'system', -1, 0, 0, 0, 1, 5, 0, 1, 9, 59, 391, 407, 0, 0, 0, 0, 0),
('management', 408, 398, 'admin/config/search/xmlsitemap/list', 'admin/config/search/xmlsitemap/list', 'List', 0x613a303a7b7d, 'system', -1, 0, 0, 0, -10, 5, 0, 1, 9, 63, 398, 408, 0, 0, 0, 0, 0),
('management', 409, 391, 'admin/config/people/password_policy/%', 'admin/config/people/password_policy/%', 'Password policy', 0x613a303a7b7d, 'system', 0, 0, 0, 0, 0, 5, 0, 1, 9, 59, 391, 409, 0, 0, 0, 0, 0),
('management', 410, 330, 'admin/config/search/path/patterns', 'admin/config/search/path/patterns', 'Patterns', 0x613a303a7b7d, 'system', -1, 0, 0, 0, 10, 5, 0, 1, 9, 63, 330, 410, 0, 0, 0, 0, 0),
('management', 411, 398, 'admin/config/search/xmlsitemap/rebuild', 'admin/config/search/xmlsitemap/rebuild', 'Rebuild links', 0x613a313a7b733a31303a2261747472696275746573223b613a313a7b733a353a227469746c65223b733a32313a2252656275696c64207468652073697465206d61702e223b7d7d, 'system', -1, 0, 0, 0, 20, 5, 0, 1, 9, 63, 398, 411, 0, 0, 0, 0, 0),
('management', 412, 330, 'admin/config/search/path/settings', 'admin/config/search/path/settings', 'Settings', 0x613a303a7b7d, 'system', -1, 0, 0, 0, 20, 5, 0, 1, 9, 63, 330, 412, 0, 0, 0, 0, 0),
('management', 413, 398, 'admin/config/search/xmlsitemap/settings', 'admin/config/search/xmlsitemap/settings', 'Settings', 0x613a303a7b7d, 'system', -1, 0, 1, 0, 10, 5, 0, 1, 9, 63, 398, 413, 0, 0, 0, 0, 0),
('management', 414, 391, 'admin/config/people/password_policy/configure', 'admin/config/people/password_policy/configure', 'Settings', 0x613a303a7b7d, 'system', -1, 0, 0, 0, 0, 5, 0, 1, 9, 59, 391, 414, 0, 0, 0, 0, 0),
('management', 415, 127, 'admin/config/people/captcha/recaptcha', 'admin/config/people/captcha/recaptcha', 'reCAPTCHA', 0x613a313a7b733a31303a2261747472696275746573223b613a313a7b733a353a227469746c65223b733a35353a2241646d696e69737465722074686520476f6f676c65204e6f2043415054434841207265434150544348412077656220736572766963652e223b7d7d, 'system', -1, 0, 0, 0, 1, 5, 0, 1, 9, 59, 127, 415, 0, 0, 0, 0, 0),
('management', 416, 367, 'admin/structure/views/view/%', 'admin/structure/views/view/%', '', 0x613a303a7b7d, 'system', 0, 0, 0, 0, 0, 4, 0, 1, 23, 367, 416, 0, 0, 0, 0, 0, 0),
('navigation', 417, 387, 'node/%/webform/components/%', 'node/%/webform/components/%', '', 0x613a303a7b7d, 'system', -1, 0, 0, 0, 0, 4, 0, 6, 369, 387, 417, 0, 0, 0, 0, 0, 0),
('navigation', 418, 6, 'node/%/submission/%/delete', 'node/%/submission/%/delete', 'Delete', 0x613a303a7b7d, 'system', -1, 0, 0, 0, 2, 2, 0, 6, 418, 0, 0, 0, 0, 0, 0, 0, 0),
('navigation', 419, 6, 'node/%/submission/%/edit', 'node/%/submission/%/edit', 'Edit', 0x613a303a7b7d, 'system', -1, 0, 0, 0, 1, 2, 0, 6, 419, 0, 0, 0, 0, 0, 0, 0, 0),
('navigation', 420, 6, 'node/%/submission/%/view', 'node/%/submission/%/view', 'View', 0x613a303a7b7d, 'system', -1, 0, 0, 0, 0, 2, 0, 6, 420, 0, 0, 0, 0, 0, 0, 0, 0),
('management', 421, 398, 'admin/config/search/xmlsitemap/add', 'admin/config/search/xmlsitemap/add', 'Add new XML sitemap', 0x613a313a7b733a353a226d6f64616c223b623a313b7d, 'system', -1, 0, 0, 0, 0, 5, 0, 1, 9, 63, 398, 421, 0, 0, 0, 0, 0),
('management', 422, 200, 'admin/structure/block/list/bartik/add', 'admin/structure/block/list/bartik/add', 'Add block', 0x613a303a7b7d, 'system', -1, 0, 0, 0, 0, 5, 0, 1, 23, 32, 200, 422, 0, 0, 0, 0, 0),
('management', 423, 409, 'admin/config/people/password_policy/%/edit', 'admin/config/people/password_policy/%/edit', 'Edit', 0x613a303a7b7d, 'system', -1, 0, 0, 0, 1, 6, 0, 1, 9, 59, 391, 409, 423, 0, 0, 0, 0),
('management', 424, 416, 'admin/structure/views/view/%/break-lock', 'admin/structure/views/view/%/break-lock', 'Break lock', 0x613a303a7b7d, 'system', -1, 0, 0, 0, 0, 5, 0, 1, 23, 367, 416, 424, 0, 0, 0, 0, 0),
('management', 425, 416, 'admin/structure/views/view/%/edit', 'admin/structure/views/view/%/edit', 'Edit view', 0x613a303a7b7d, 'system', -1, 0, 0, 0, -10, 5, 0, 1, 23, 367, 416, 425, 0, 0, 0, 0, 0),
('management', 426, 409, 'admin/config/people/password_policy/%/view', 'admin/config/people/password_policy/%/view', 'View', 0x613a303a7b7d, 'system', -1, 0, 0, 0, 0, 6, 0, 1, 9, 59, 391, 409, 426, 0, 0, 0, 0),
('navigation', 427, 417, 'node/%/webform/components/%/delete', 'node/%/webform/components/%/delete', '', 0x613a303a7b7d, 'system', -1, 0, 0, 0, 0, 5, 0, 6, 369, 387, 417, 427, 0, 0, 0, 0, 0),
('navigation', 428, 417, 'node/%/webform/components/%/clone', 'node/%/webform/components/%/clone', '', 0x613a303a7b7d, 'system', -1, 0, 0, 0, 0, 5, 0, 6, 369, 387, 417, 428, 0, 0, 0, 0, 0),
('management', 429, 398, 'admin/config/search/xmlsitemap/delete/%', 'admin/config/search/xmlsitemap/delete/%', 'Delete XML sitemap', 0x613a303a7b7d, 'system', 0, 0, 0, 0, 0, 5, 0, 1, 9, 63, 398, 429, 0, 0, 0, 0, 0),
('management', 430, 398, 'admin/config/search/xmlsitemap/edit/%', 'admin/config/search/xmlsitemap/edit/%', 'Edit XML sitemap', 0x613a303a7b7d, 'system', 0, 0, 0, 0, 0, 5, 0, 1, 9, 63, 398, 430, 0, 0, 0, 0, 0),
('management', 431, 416, 'admin/structure/views/view/%/clone', 'admin/structure/views/view/%/clone', 'Clone', 0x613a303a7b7d, 'system', -1, 0, 0, 0, 0, 5, 0, 1, 23, 367, 416, 431, 0, 0, 0, 0, 0),
('management', 432, 416, 'admin/structure/views/view/%/delete', 'admin/structure/views/view/%/delete', 'Delete', 0x613a303a7b7d, 'system', -1, 0, 0, 0, 0, 5, 0, 1, 23, 367, 416, 432, 0, 0, 0, 0, 0),
('management', 433, 416, 'admin/structure/views/view/%/export', 'admin/structure/views/view/%/export', 'Export', 0x613a303a7b7d, 'system', -1, 0, 0, 0, 0, 5, 0, 1, 23, 367, 416, 433, 0, 0, 0, 0, 0),
('management', 434, 416, 'admin/structure/views/view/%/revert', 'admin/structure/views/view/%/revert', 'Revert', 0x613a303a7b7d, 'system', -1, 0, 0, 0, 0, 5, 0, 1, 23, 367, 416, 434, 0, 0, 0, 0, 0),
('management', 435, 367, 'admin/structure/views/ajax/preview/%/%', 'admin/structure/views/ajax/preview/%/%', '', 0x613a303a7b7d, 'system', 0, 0, 0, 0, 0, 4, 0, 1, 23, 367, 435, 0, 0, 0, 0, 0, 0),
('management', 436, 367, 'admin/structure/views/nojs/preview/%/%', 'admin/structure/views/nojs/preview/%/%', '', 0x613a303a7b7d, 'system', 0, 0, 0, 0, 0, 4, 0, 1, 23, 367, 436, 0, 0, 0, 0, 0, 0),
('management', 437, 413, 'admin/config/search/xmlsitemap/settings/%/%', 'admin/config/search/xmlsitemap/settings/%/%', '', 0x613a303a7b7d, 'system', 0, 0, 0, 0, 0, 6, 0, 1, 9, 63, 398, 413, 437, 0, 0, 0, 0),
('navigation', 438, 0, 'colorbox/node/%', 'colorbox/node/%', '', 0x613a303a7b7d, 'system', 0, 0, 0, 0, 0, 1, 0, 438, 0, 0, 0, 0, 0, 0, 0, 0, 0),
('navigation', 439, 7, 'node/add/media-gallery', 'node/add/media-gallery', 'Media Gallery', 0x613a313a7b733a31303a2261747472696275746573223b613a313a7b733a353a227469746c65223b733a35343a224120636f6c6c656374696f6e206f66206d756c74696d656469612c20737563682061732070686f746f7320616e6420766964656f732e223b7d7d, 'system', 0, 0, 0, 0, 0, 2, 0, 7, 439, 0, 0, 0, 0, 0, 0, 0, 0),
('navigation', 440, 7, 'node/add/photo', 'node/add/photo', 'Photo', 0x613a313a7b733a31303a2261747472696275746573223b613a313a7b733a353a227469746c65223b733a32373a22416e20696d61676520616e6420697473206d65746120646174612e223b7d7d, 'system', 0, 0, 0, 0, 0, 2, 0, 7, 440, 0, 0, 0, 0, 0, 0, 0, 0),
('navigation', 441, 7, 'node/add/resource', 'node/add/resource', 'Resource', 0x613a313a7b733a31303a2261747472696275746573223b613a313a7b733a353a227469746c65223b733a3137313a22506965636573206f6620636f6e74656e7420746f2070726f766964652075736566756c20746f6f6c73206f7220696e666f726d6174696f6e20746f20796f7572207369746527732076697369746f72732c207375636820617320696e737472756374696f6e7320666f722066696c6c696e67206f7574206120666f726d2e20446f63756d656e74732063616e20626520616464656420746f207468697320636f6e74656e7420747970652e223b7d7d, 'system', 0, 0, 0, 0, 0, 2, 0, 7, 441, 0, 0, 0, 0, 0, 0, 0, 0),
('menu-utility', 442, 0, 'user/logout', 'user/logout', 'Logout', 0x613a313a7b733a31303a2261747472696275746573223b613a313a7b733a353a227469746c65223b733a303a22223b7d7d, 'menu', 0, 0, 0, 0, -48, 1, 1, 442, 0, 0, 0, 0, 0, 0, 0, 0, 0),
('menu-utility', 443, 0, 'user', 'user', 'Login', 0x613a313a7b733a31303a2261747472696275746573223b613a313a7b733a353a227469746c65223b733a303a22223b7d7d, 'menu', 1, 0, 0, 0, -49, 1, 1, 443, 0, 0, 0, 0, 0, 0, 0, 0, 0);
INSERT INTO `menu_links` (`menu_name`, `mlid`, `plid`, `link_path`, `router_path`, `link_title`, `options`, `module`, `hidden`, `external`, `has_children`, `expanded`, `weight`, `depth`, `customized`, `p1`, `p2`, `p3`, `p4`, `p5`, `p6`, `p7`, `p8`, `p9`, `updated`) VALUES
('menu-utility', 444, 0, '<front>', '', 'Home', 0x613a313a7b733a31303a2261747472696275746573223b613a313a7b733a353a227469746c65223b733a303a22223b7d7d, 'menu', 1, 1, 0, 0, -50, 1, 1, 444, 0, 0, 0, 0, 0, 0, 0, 0, 0),
('management', 540, 21, 'admin/reports/updates', 'admin/reports/updates', 'Available updates', 0x613a313a7b733a31303a2261747472696275746573223b613a313a7b733a353a227469746c65223b733a38323a22476574206120737461747573207265706f72742061626f757420617661696c61626c65207570646174657320666f7220796f757220696e7374616c6c6564206d6f64756c657320616e64207468656d65732e223b7d7d, 'system', 0, 0, 0, 0, -50, 3, 0, 1, 21, 540, 0, 0, 0, 0, 0, 0, 0),
('management', 541, 18, 'admin/modules/install', 'admin/modules/install', 'Install new module', 0x613a303a7b7d, 'system', -1, 0, 0, 0, 25, 3, 0, 1, 18, 541, 0, 0, 0, 0, 0, 0, 0),
('management', 542, 8, 'admin/appearance/install', 'admin/appearance/install', 'Install new theme', 0x613a303a7b7d, 'system', -1, 0, 0, 0, 25, 3, 0, 1, 8, 542, 0, 0, 0, 0, 0, 0, 0),
('management', 543, 18, 'admin/modules/update', 'admin/modules/update', 'Update', 0x613a303a7b7d, 'system', -1, 0, 0, 0, 10, 3, 0, 1, 18, 543, 0, 0, 0, 0, 0, 0, 0),
('management', 544, 8, 'admin/appearance/update', 'admin/appearance/update', 'Update', 0x613a303a7b7d, 'system', -1, 0, 0, 0, 10, 3, 0, 1, 8, 544, 0, 0, 0, 0, 0, 0, 0),
('management', 545, 14, 'admin/help/update', 'admin/help/update', 'update', 0x613a303a7b7d, 'system', -1, 0, 0, 0, 0, 3, 0, 1, 14, 545, 0, 0, 0, 0, 0, 0, 0),
('management', 546, 540, 'admin/reports/updates/install', 'admin/reports/updates/install', 'Install new module or theme', 0x613a303a7b7d, 'system', -1, 0, 0, 0, 25, 4, 0, 1, 21, 540, 546, 0, 0, 0, 0, 0, 0),
('management', 547, 540, 'admin/reports/updates/list', 'admin/reports/updates/list', 'List', 0x613a303a7b7d, 'system', -1, 0, 0, 0, 0, 4, 0, 1, 21, 540, 547, 0, 0, 0, 0, 0, 0),
('management', 548, 540, 'admin/reports/updates/settings', 'admin/reports/updates/settings', 'Settings', 0x613a303a7b7d, 'system', -1, 0, 0, 0, 50, 4, 0, 1, 21, 540, 548, 0, 0, 0, 0, 0, 0),
('management', 549, 540, 'admin/reports/updates/update', 'admin/reports/updates/update', 'Update', 0x613a303a7b7d, 'system', -1, 0, 0, 0, 10, 4, 0, 1, 21, 540, 549, 0, 0, 0, 0, 0, 0),
('menu-footer-utility', 559, 0, 'node/43', 'node/%', 'MEMBERSHIP APPLICATION', 0x613a313a7b733a31303a2261747472696275746573223b613a313a7b733a353a227469746c65223b733a303a22223b7d7d, 'menu', 1, 0, 0, 0, -46, 1, 1, 559, 0, 0, 0, 0, 0, 0, 0, 0, 0),
('main-menu', 563, 0, 'multimedia', 'multimedia', 'Multimedia', 0x613a313a7b733a31303a2261747472696275746573223b613a313a7b733a353a227469746c65223b733a303a22223b7d7d, 'menu', 0, 0, 1, 0, -46, 1, 1, 563, 0, 0, 0, 0, 0, 0, 0, 0, 0),
('main-menu', 565, 616, 'staff-directory', 'staff-directory', 'Staff Directory', 0x613a313a7b733a31303a2261747472696275746573223b613a313a7b733a353a227469746c65223b733a303a22223b7d7d, 'menu', 0, 0, 0, 0, -48, 2, 1, 616, 565, 0, 0, 0, 0, 0, 0, 0, 0),
('main-menu', 566, 616, 'staff-directory/leadership', 'staff-directory/leadership', 'Leadership', 0x613a313a7b733a31303a2261747472696275746573223b613a313a7b733a353a227469746c65223b733a303a22223b7d7d, 'menu', 0, 0, 0, 0, -49, 2, 1, 616, 566, 0, 0, 0, 0, 0, 0, 0, 0),
('main-menu', 616, 0, 'node/57', 'node/%', 'About Us', 0x613a313a7b733a31303a2261747472696275746573223b613a303a7b7d7d, 'menu', 0, 0, 1, 0, -50, 1, 1, 616, 0, 0, 0, 0, 0, 0, 0, 0, 0),
('main-menu', 617, 0, 'news-and-reports', 'news-and-reports', 'News', 0x613a303a7b7d, 'system', 0, 0, 0, 0, -49, 1, 1, 617, 0, 0, 0, 0, 0, 0, 0, 0, 0),
('main-menu', 618, 616, 'node/57', 'node/%', 'Our Mission', 0x613a313a7b733a31303a2261747472696275746573223b613a313a7b733a353a227469746c65223b733a303a22223b7d7d, 'menu', 0, 0, 0, 0, -50, 2, 1, 616, 618, 0, 0, 0, 0, 0, 0, 0, 0),
('management', 619, 21, 'admin/reports/dblog', 'admin/reports/dblog', 'Recent log messages', 0x613a313a7b733a31303a2261747472696275746573223b613a313a7b733a353a227469746c65223b733a34333a2256696577206576656e74732074686174206861766520726563656e746c79206265656e206c6f676765642e223b7d7d, 'system', 0, 0, 0, 0, -1, 3, 0, 1, 21, 619, 0, 0, 0, 0, 0, 0, 0),
('management', 620, 21, 'admin/reports/access-denied', 'admin/reports/access-denied', 'Top \'access denied\' errors', 0x613a313a7b733a31303a2261747472696275746573223b613a313a7b733a353a227469746c65223b733a33353a225669657720276163636573732064656e69656427206572726f7273202834303373292e223b7d7d, 'system', 0, 0, 0, 0, 0, 3, 0, 1, 21, 620, 0, 0, 0, 0, 0, 0, 0),
('management', 621, 21, 'admin/reports/page-not-found', 'admin/reports/page-not-found', 'Top \'page not found\' errors', 0x613a313a7b733a31303a2261747472696275746573223b613a313a7b733a353a227469746c65223b733a33363a2256696577202770616765206e6f7420666f756e6427206572726f7273202834303473292e223b7d7d, 'system', 0, 0, 0, 0, 0, 3, 0, 1, 21, 621, 0, 0, 0, 0, 0, 0, 0),
('management', 622, 21, 'admin/reports/search', 'admin/reports/search', 'Top search phrases', 0x613a313a7b733a31303a2261747472696275746573223b613a313a7b733a353a227469746c65223b733a33333a2256696577206d6f737420706f70756c61722073656172636820706872617365732e223b7d7d, 'system', 0, 0, 0, 0, 0, 3, 0, 1, 21, 622, 0, 0, 0, 0, 0, 0, 0),
('management', 623, 14, 'admin/help/dblog', 'admin/help/dblog', 'dblog', 0x613a303a7b7d, 'system', -1, 0, 0, 0, 0, 3, 0, 1, 14, 623, 0, 0, 0, 0, 0, 0, 0),
('management', 624, 21, 'admin/reports/event/%', 'admin/reports/event/%', 'Details', 0x613a303a7b7d, 'system', 0, 0, 0, 0, 0, 3, 0, 1, 21, 624, 0, 0, 0, 0, 0, 0, 0),
('main-menu', 625, 0, 'documents', 'documents', 'Reports', 0x613a313a7b733a31303a2261747472696275746573223b613a313a7b733a353a227469746c65223b733a303a22223b7d7d, 'menu', 0, 0, 0, 0, -47, 1, 1, 625, 0, 0, 0, 0, 0, 0, 0, 0, 0),
('menu-footer-utility', 626, 0, 'node/87', 'node/%', 'SUPPORT PFA', 0x613a303a7b7d, 'menu', 1, 0, 0, 0, -47, 1, 1, 626, 0, 0, 0, 0, 0, 0, 0, 0, 0),
('menu-footer-utility', 628, 0, 'node/33', 'node/%', 'Feedback', 0x613a303a7b7d, 'menu', 1, 0, 0, 0, -49, 1, 1, 628, 0, 0, 0, 0, 0, 0, 0, 0, 0),
('menu-footer-utility', 629, 0, 'node/31', 'node/%', 'Contact Us', 0x613a303a7b7d, 'menu', 1, 0, 0, 0, -48, 1, 1, 629, 0, 0, 0, 0, 0, 0, 0, 0, 0),
('menu-footer-utility', 630, 0, 'documents', 'documents', 'Reports', 0x613a313a7b733a31303a2261747472696275746573223b613a313a7b733a353a227469746c65223b733a303a22223b7d7d, 'menu', 0, 0, 0, 0, -50, 1, 1, 630, 0, 0, 0, 0, 0, 0, 0, 0, 0),
('navigation', 631, 0, 'poll', 'poll', 'Polls', 0x613a303a7b7d, 'system', 1, 0, 0, 0, 0, 1, 0, 631, 0, 0, 0, 0, 0, 0, 0, 0, 0),
('navigation', 632, 7, 'node/add/poll', 'node/add/poll', 'Poll', 0x613a313a7b733a31303a2261747472696275746573223b613a313a7b733a353a227469746c65223b733a3139313a2241203c656d3e706f6c6c3c2f656d3e2069732061207175657374696f6e2077697468206120736574206f6620706f737369626c6520726573706f6e7365732e2041203c656d3e706f6c6c3c2f656d3e2c206f6e636520637265617465642c206175746f6d61746963616c6c792070726f766964657320612073696d706c652072756e6e696e6720636f756e74206f6620746865206e756d626572206f6620766f74657320726563656976656420666f72206561636820726573706f6e73652e223b7d7d, 'system', 0, 0, 0, 0, 0, 2, 0, 7, 632, 0, 0, 0, 0, 0, 0, 0, 0),
('navigation', 633, 6, 'node/%/results', 'node/%/results', 'Results', 0x613a303a7b7d, 'system', -1, 0, 0, 0, 3, 2, 0, 6, 633, 0, 0, 0, 0, 0, 0, 0, 0),
('navigation', 634, 6, 'node/%/votes', 'node/%/votes', 'Votes', 0x613a303a7b7d, 'system', -1, 0, 0, 0, 3, 2, 0, 6, 634, 0, 0, 0, 0, 0, 0, 0, 0),
('management', 635, 14, 'admin/help/poll', 'admin/help/poll', 'poll', 0x613a303a7b7d, 'system', -1, 0, 0, 0, 0, 3, 0, 1, 14, 635, 0, 0, 0, 0, 0, 0, 0),
('main-menu', 636, 0, 'node/306', 'node/%', 'Library', 0x613a313a7b733a31303a2261747472696275746573223b613a303a7b7d7d, 'menu', 0, 0, 1, 0, -45, 1, 1, 636, 0, 0, 0, 0, 0, 0, 0, 0, 0),
('main-menu', 637, 616, 'interns', 'interns', 'Interns', 0x613a313a7b733a31303a2261747472696275746573223b613a313a7b733a353a227469746c65223b733a303a22223b7d7d, 'menu', 0, 0, 0, 0, -44, 2, 1, 616, 637, 0, 0, 0, 0, 0, 0, 0, 0),
('main-menu', 638, 0, 'node/383', 'node/%', 'Watch list', 0x613a313a7b733a31303a2261747472696275746573223b613a303a7b7d7d, 'menu', 1, 0, 0, 0, -43, 1, 1, 638, 0, 0, 0, 0, 0, 0, 0, 0, 0),
('main-menu', 639, 0, 'node/106', 'node/%', 'Support PFA', 0x613a313a7b733a31303a2261747472696275746573223b613a303a7b7d7d, 'menu', 0, 0, 0, 0, -42, 1, 1, 639, 0, 0, 0, 0, 0, 0, 0, 0, 0),
('main-menu', 640, 1038, 'events', 'events', 'Past Events', 0x613a313a7b733a31303a2261747472696275746573223b613a313a7b733a353a227469746c65223b733a303a22223b7d7d, 'system', 0, 0, 1, 0, -50, 2, 1, 1038, 640, 0, 0, 0, 0, 0, 0, 0, 0),
('navigation', 641, 7, 'node/add/event', 'node/add/event', 'Event', 0x613a313a7b733a31303a2261747472696275746573223b613a313a7b733a353a227469746c65223b733a33353a2241646420616e206576656e7420746f20746865206576656e742063616c656e6461722e223b7d7d, 'system', 0, 0, 0, 0, 0, 2, 0, 7, 641, 0, 0, 0, 0, 0, 0, 0, 0),
('navigation', 643, 0, 'aggregator', 'aggregator', 'Feed aggregator', 0x613a303a7b7d, 'system', 0, 0, 1, 0, 5, 1, 0, 643, 0, 0, 0, 0, 0, 0, 0, 0, 0),
('navigation', 644, 643, 'aggregator/categories', 'aggregator/categories', 'Categories', 0x613a303a7b7d, 'system', 0, 0, 1, 0, 0, 2, 0, 643, 644, 0, 0, 0, 0, 0, 0, 0, 0),
('navigation', 645, 643, 'aggregator/sources', 'aggregator/sources', 'Sources', 0x613a303a7b7d, 'system', 0, 0, 1, 0, 0, 2, 0, 643, 645, 0, 0, 0, 0, 0, 0, 0, 0),
('navigation', 646, 644, 'aggregator/categories/%', 'aggregator/categories/%', '', 0x613a303a7b7d, 'system', 0, 0, 0, 0, 0, 3, 0, 643, 644, 646, 0, 0, 0, 0, 0, 0, 0),
('navigation', 647, 645, 'aggregator/sources/%', 'aggregator/sources/%', '', 0x613a303a7b7d, 'system', 0, 0, 0, 0, 0, 3, 0, 643, 645, 647, 0, 0, 0, 0, 0, 0, 0),
('management', 648, 14, 'admin/help/aggregator', 'admin/help/aggregator', 'aggregator', 0x613a303a7b7d, 'system', -1, 0, 0, 0, 0, 3, 0, 1, 14, 648, 0, 0, 0, 0, 0, 0, 0),
('navigation', 649, 646, 'aggregator/categories/%/categorize', 'aggregator/categories/%/categorize', 'Categorize', 0x613a303a7b7d, 'system', -1, 0, 0, 0, 0, 4, 0, 643, 644, 646, 649, 0, 0, 0, 0, 0, 0),
('navigation', 650, 647, 'aggregator/sources/%/categorize', 'aggregator/sources/%/categorize', 'Categorize', 0x613a303a7b7d, 'system', -1, 0, 0, 0, 0, 4, 0, 643, 645, 647, 650, 0, 0, 0, 0, 0, 0),
('navigation', 651, 646, 'aggregator/categories/%/configure', 'aggregator/categories/%/configure', 'Configure', 0x613a303a7b7d, 'system', -1, 0, 0, 0, 1, 4, 0, 643, 644, 646, 651, 0, 0, 0, 0, 0, 0),
('navigation', 652, 647, 'aggregator/sources/%/configure', 'aggregator/sources/%/configure', 'Configure', 0x613a303a7b7d, 'system', -1, 0, 0, 0, 1, 4, 0, 643, 645, 647, 652, 0, 0, 0, 0, 0, 0),
('navigation', 653, 646, 'aggregator/categories/%/view', 'aggregator/categories/%/view', 'View', 0x613a303a7b7d, 'system', -1, 0, 0, 0, -10, 4, 0, 643, 644, 646, 653, 0, 0, 0, 0, 0, 0),
('navigation', 654, 647, 'aggregator/sources/%/view', 'aggregator/sources/%/view', 'View', 0x613a303a7b7d, 'system', -1, 0, 0, 0, -10, 4, 0, 643, 645, 647, 654, 0, 0, 0, 0, 0, 0),
('management', 655, 72, 'admin/config/services/aggregator', 'admin/config/services/aggregator', 'Feed aggregator', 0x613a313a7b733a31303a2261747472696275746573223b613a313a7b733a353a227469746c65223b733a3131363a22436f6e66696775726520776869636820636f6e74656e7420796f7572207369746520616767726567617465732066726f6d206f746865722073697465732c20686f77206f6674656e20697420706f6c6c73207468656d2c20616e6420686f7720746865792772652063617465676f72697a65642e223b7d7d, 'system', 0, 0, 1, 0, 10, 4, 0, 1, 9, 72, 655, 0, 0, 0, 0, 0, 0),
('management', 656, 655, 'admin/config/services/aggregator/list', 'admin/config/services/aggregator/list', 'List', 0x613a303a7b7d, 'system', -1, 0, 0, 0, -10, 5, 0, 1, 9, 72, 655, 656, 0, 0, 0, 0, 0),
('management', 657, 655, 'admin/config/services/aggregator/settings', 'admin/config/services/aggregator/settings', 'Settings', 0x613a313a7b733a31303a2261747472696275746573223b613a313a7b733a353a227469746c65223b733a3132393a22436f6e66696775726520746865206265686176696f72206f662074686520666565642061676772656761746f722c20696e636c7564696e67207768656e20746f20646973636172642066656564206974656d7320616e6420686f7720746f2070726573656e742066656564206974656d7320616e642063617465676f726965732e223b7d7d, 'system', -1, 0, 0, 0, 0, 5, 0, 1, 9, 72, 655, 657, 0, 0, 0, 0, 0),
('management', 658, 655, 'admin/config/services/aggregator/add/category', 'admin/config/services/aggregator/add/category', 'Add category', 0x613a303a7b7d, 'system', -1, 0, 0, 0, 0, 5, 0, 1, 9, 72, 655, 658, 0, 0, 0, 0, 0),
('management', 659, 655, 'admin/config/services/aggregator/add/feed', 'admin/config/services/aggregator/add/feed', 'Add feed', 0x613a303a7b7d, 'system', -1, 0, 0, 0, 0, 5, 0, 1, 9, 72, 655, 659, 0, 0, 0, 0, 0),
('management', 660, 655, 'admin/config/services/aggregator/add/opml', 'admin/config/services/aggregator/add/opml', 'Import OPML', 0x613a303a7b7d, 'system', -1, 0, 0, 0, 0, 5, 0, 1, 9, 72, 655, 660, 0, 0, 0, 0, 0),
('management', 661, 655, 'admin/config/services/aggregator/remove/%', 'admin/config/services/aggregator/remove/%', 'Remove items', 0x613a303a7b7d, 'system', 0, 0, 0, 0, 0, 5, 0, 1, 9, 72, 655, 661, 0, 0, 0, 0, 0),
('management', 662, 655, 'admin/config/services/aggregator/update/%', 'admin/config/services/aggregator/update/%', 'Update items', 0x613a303a7b7d, 'system', 0, 0, 0, 0, 0, 5, 0, 1, 9, 72, 655, 662, 0, 0, 0, 0, 0),
('management', 663, 655, 'admin/config/services/aggregator/edit/category/%', 'admin/config/services/aggregator/edit/category/%', 'Edit category', 0x613a303a7b7d, 'system', 0, 0, 0, 0, 0, 5, 0, 1, 9, 72, 655, 663, 0, 0, 0, 0, 0),
('management', 664, 655, 'admin/config/services/aggregator/edit/feed/%', 'admin/config/services/aggregator/edit/feed/%', 'Edit feed', 0x613a303a7b7d, 'system', 0, 0, 0, 0, 0, 5, 0, 1, 9, 72, 655, 664, 0, 0, 0, 0, 0),
('main-menu', 665, 616, 'executive-board', 'executive-board', 'Executive Board', 0x613a313a7b733a31303a2261747472696275746573223b613a313a7b733a353a227469746c65223b733a303a22223b7d7d, 'menu', 1, 0, 0, 0, -48, 2, 1, 616, 665, 0, 0, 0, 0, 0, 0, 0, 0),
('main-menu', 666, 616, 'board-of-trustees', 'board-of-trustees', 'Board of Trustees', 0x613a313a7b733a31303a2261747472696275746573223b613a313a7b733a353a227469746c65223b733a303a22223b7d7d, 'menu', 1, 0, 0, 0, -47, 2, 1, 616, 666, 0, 0, 0, 0, 0, 0, 0, 0),
('main-menu', 667, 616, 'academic-board', 'academic-board', 'Academic Board', 0x613a313a7b733a31303a2261747472696275746573223b613a313a7b733a353a227469746c65223b733a303a22223b7d7d, 'menu', 0, 0, 0, 0, -46, 2, 1, 616, 667, 0, 0, 0, 0, 0, 0, 0, 0),
('main-menu', 668, 616, 'members', 'members', 'Members', 0x613a313a7b733a31303a2261747472696275746573223b613a313a7b733a353a227469746c65223b733a303a22223b7d7d, 'menu', 0, 0, 0, 0, -45, 2, 1, 616, 668, 0, 0, 0, 0, 0, 0, 0, 0),
('management', 669, 315, 'admin/structure/nodequeue/%/view', 'admin/structure/nodequeue/%/view', '', 0x613a303a7b7d, 'system', -1, 0, 0, 0, 0, 4, 0, 1, 23, 315, 669, 0, 0, 0, 0, 0, 0),
('main-menu', 713, 0, 'news-and-press-releases', 'news-and-press-releases', 'News', 0x613a303a7b7d, 'system', 0, 0, 0, 0, -49, 1, 1, 713, 0, 0, 0, 0, 0, 0, 0, 0, 0),
('main-menu', 714, 0, 'reports', 'reports', 'Reports', 0x613a313a7b733a31303a2261747472696275746573223b613a313a7b733a353a227469746c65223b733a303a22223b7d7d, 'menu', 0, 0, 1, 0, -49, 1, 1, 714, 0, 0, 0, 0, 0, 0, 0, 0, 0),
('main-menu', 715, 714, 'annual-reports', 'annual-reports', 'Annual Reports', 0x613a313a7b733a31303a2261747472696275746573223b613a313a7b733a353a227469746c65223b733a303a22223b7d7d, 'menu', 0, 0, 1, 0, -48, 2, 1, 714, 715, 0, 0, 0, 0, 0, 0, 0, 0),
('management', 716, 21, 'admin/reports/views-plugins', 'admin/reports/views-plugins', 'Views plugins', 0x613a313a7b733a31303a2261747472696275746573223b613a313a7b733a353a227469746c65223b733a33383a224f76657276696577206f6620706c7567696e73207573656420696e20616c6c2076696577732e223b7d7d, 'system', 0, 0, 0, 0, 0, 3, 0, 1, 21, 716, 0, 0, 0, 0, 0, 0, 0),
('management', 717, 48, 'admin/reports/fields/list', 'admin/reports/fields/list', 'List', 0x613a303a7b7d, 'system', -1, 0, 0, 0, -10, 4, 0, 1, 21, 48, 717, 0, 0, 0, 0, 0, 0),
('management', 718, 48, 'admin/reports/fields/views-fields', 'admin/reports/fields/views-fields', 'Used in views', 0x613a313a7b733a31303a2261747472696275746573223b613a313a7b733a353a227469746c65223b733a33373a224f76657276696577206f66206669656c6473207573656420696e20616c6c2076696577732e223b7d7d, 'system', -1, 0, 0, 0, 0, 4, 0, 1, 21, 48, 718, 0, 0, 0, 0, 0, 0),
('management', 719, 416, 'admin/structure/views/view/%/preview/%', 'admin/structure/views/view/%/preview/%', '', 0x613a303a7b7d, 'system', -1, 0, 0, 0, 0, 5, 0, 1, 23, 367, 416, 719, 0, 0, 0, 0, 0),
('navigation', 763, 0, 'twitter_pull_lazy/%', 'twitter_pull_lazy/%', '', 0x613a303a7b7d, 'system', 0, 0, 0, 0, 0, 1, 0, 763, 0, 0, 0, 0, 0, 0, 0, 0, 0),
('management', 807, 69, 'admin/config/user-interface/extlink', 'admin/config/user-interface/extlink', 'External links', 0x613a313a7b733a31303a2261747472696275746573223b613a313a7b733a353a227469746c65223b733a34383a22416c7465722074686520646973706c6179206f662065787465726e616c206c696e6b73206f6e2074686520736974652e223b7d7d, 'system', 0, 0, 0, 0, 0, 4, 0, 1, 9, 69, 807, 0, 0, 0, 0, 0, 0),
('navigation', 809, 0, 'file/%', 'file/%', '', 0x613a303a7b7d, 'system', 0, 0, 0, 0, 0, 1, 0, 809, 0, 0, 0, 0, 0, 0, 0, 0, 0),
('navigation', 810, 0, 'file/add', 'file/add', 'Add file', 0x613a303a7b7d, 'system', 0, 0, 0, 0, 0, 1, 0, 810, 0, 0, 0, 0, 0, 0, 0, 0, 0),
('navigation', 811, 809, 'file/%/delete', 'file/%/delete', 'Delete', 0x613a303a7b7d, 'system', -1, 0, 0, 0, 1, 2, 0, 809, 811, 0, 0, 0, 0, 0, 0, 0, 0),
('navigation', 812, 809, 'file/%/edit', 'file/%/edit', 'Edit', 0x613a303a7b7d, 'system', -1, 0, 0, 0, 0, 2, 0, 809, 812, 0, 0, 0, 0, 0, 0, 0, 0),
('navigation', 813, 810, 'file/add/upload', 'file/add/upload', 'Upload', 0x613a303a7b7d, 'system', -1, 0, 0, 0, -10, 2, 0, 810, 813, 0, 0, 0, 0, 0, 0, 0, 0),
('navigation', 814, 809, 'file/%/view', 'file/%/view', 'View', 0x613a303a7b7d, 'system', -1, 0, 0, 0, -10, 2, 0, 809, 814, 0, 0, 0, 0, 0, 0, 0, 0),
('management', 815, 23, 'admin/structure/file-types', 'admin/structure/file-types', 'File types', 0x613a313a7b733a31303a2261747472696275746573223b613a313a7b733a353a227469746c65223b733a35363a224d616e6167652073657474696e677320666f72207468652074797065206f662066696c65732075736564206f6e20796f757220736974652e223b7d7d, 'system', 0, 0, 1, 0, 0, 3, 0, 1, 23, 815, 0, 0, 0, 0, 0, 0, 0),
('management', 816, 10, 'admin/content/file', 'admin/content/file', 'Files', 0x613a313a7b733a31303a2261747472696275746573223b613a313a7b733a353a227469746c65223b733a33313a224d616e6167652066696c65732075736564206f6e20796f757220736974652e223b7d7d, 'system', 0, 0, 0, 0, 0, 3, 0, 1, 10, 816, 0, 0, 0, 0, 0, 0, 0),
('management', 817, 14, 'admin/help/file_entity', 'admin/help/file_entity', 'file_entity', 0x613a303a7b7d, 'system', -1, 0, 0, 0, 0, 3, 0, 1, 14, 817, 0, 0, 0, 0, 0, 0, 0),
('management', 818, 14, 'admin/help/media', 'admin/help/media', 'media', 0x613a303a7b7d, 'system', -1, 0, 0, 0, 0, 3, 0, 1, 14, 818, 0, 0, 0, 0, 0, 0, 0),
('management', 820, 816, 'admin/content/file/list', 'admin/content/file/list', 'List', 0x613a303a7b7d, 'system', -1, 0, 0, 0, 0, 4, 0, 1, 10, 816, 820, 0, 0, 0, 0, 0, 0),
('management', 821, 53, 'admin/config/media/browser', 'admin/config/media/browser', 'Media browser settings', 0x613a313a7b733a31303a2261747472696275746573223b613a313a7b733a353a227469746c65223b733a35363a22436f6e66696775726520746865206265686176696f7220616e6420646973706c6179206f6620746865206d656469612062726f777365722e223b7d7d, 'system', 0, 0, 0, 0, 0, 4, 0, 1, 9, 53, 821, 0, 0, 0, 0, 0, 0),
('management', 822, 816, 'admin/content/file/thumbnails', 'admin/content/file/thumbnails', 'Thumbnails', 0x613a313a7b733a31303a2261747472696275746573223b613a313a7b733a353a227469746c65223b733a33313a224d616e6167652066696c65732075736564206f6e20796f757220736974652e223b7d7d, 'system', -1, 0, 0, 0, 10, 4, 0, 1, 10, 816, 822, 0, 0, 0, 0, 0, 0),
('management', 824, 815, 'admin/structure/file-types/manage/%', 'admin/structure/file-types/manage/%', 'Edit file type', 0x613a303a7b7d, 'system', 0, 0, 0, 0, 0, 4, 0, 1, 23, 815, 824, 0, 0, 0, 0, 0, 0),
('shortcut-set-1', 849, 0, 'admin/modules/install', 'admin/modules/install', 'Install new module', 0x613a303a7b7d, 'menu', 0, 0, 0, 0, -48, 1, 0, 849, 0, 0, 0, 0, 0, 0, 0, 0, 0),
('main-menu', 850, 715, 'node/86', 'node/%', '2009-10 Annual Report', 0x613a303a7b7d, 'menu', 0, 0, 0, 0, 0, 3, 0, 714, 715, 850, 0, 0, 0, 0, 0, 0, 0),
('shortcut-set-1', 851, 0, 'admin/modules', 'admin/modules', 'Modules', 0x613a303a7b7d, 'menu', 0, 0, 0, 0, -47, 1, 0, 851, 0, 0, 0, 0, 0, 0, 0, 0, 0),
('navigation', 907, 810, 'file/add/web', 'file/add/web', 'Web', 0x613a313a7b733a31303a2261747472696275746573223b613a313a7b733a353a227469746c65223b733a34313a2241646420696e7465726e65742066696c657320746f20796f7572206d65646961206c6962726172792e223b7d7d, 'system', -1, 0, 0, 0, 0, 2, 0, 810, 907, 0, 0, 0, 0, 0, 0, 0, 0),
('navigation', 908, 7, 'node/add/photogallery', 'node/add/photogallery', 'PhotoGallery', 0x613a303a7b7d, 'system', 0, 0, 0, 0, 0, 2, 0, 7, 908, 0, 0, 0, 0, 0, 0, 0, 0),
('main-menu', 1024, 636, 'node/305', 'node/%', 'Human Rights and Society', 0x613a313a7b733a31303a2261747472696275746573223b613a303a7b7d7d, 'menu', 0, 0, 0, 0, -48, 2, 1, 636, 1024, 0, 0, 0, 0, 0, 0, 0, 0),
('main-menu', 1025, 636, 'node/306', 'node/%', 'Law and Governance', 0x613a313a7b733a31303a2261747472696275746573223b613a313a7b733a353a227469746c65223b733a303a22223b7d7d, 'menu', 0, 0, 0, 0, -49, 2, 1, 636, 1025, 0, 0, 0, 0, 0, 0, 0, 0),
('main-menu', 1026, 636, 'node/307', 'node/%', 'Economics and Development', 0x613a313a7b733a31303a2261747472696275746573223b613a303a7b7d7d, 'menu', 0, 0, 0, 0, -47, 2, 1, 636, 1026, 0, 0, 0, 0, 0, 0, 0, 0),
('main-menu', 1027, 636, 'node/308', 'node/%', 'Politics and Foreign Relations', 0x613a313a7b733a31303a2261747472696275746573223b613a303a7b7d7d, 'menu', 0, 0, 0, 0, -46, 2, 1, 636, 1027, 0, 0, 0, 0, 0, 0, 0, 0),
('main-menu', 1028, 636, 'node/309', 'node/%', 'Science and Environment', 0x613a313a7b733a31303a2261747472696275746573223b613a303a7b7d7d, 'menu', 0, 0, 0, 0, -45, 2, 1, 636, 1028, 0, 0, 0, 0, 0, 0, 0, 0),
('main-menu', 1030, 714, 'reports', 'reports', 'PFA Reports', 0x613a313a7b733a31303a2261747472696275746573223b613a313a7b733a353a227469746c65223b733a303a22223b7d7d, 'menu', 0, 0, 0, 0, -49, 2, 1, 714, 1030, 0, 0, 0, 0, 0, 0, 0, 0),
('main-menu', 1031, 563, 'multimedia', 'multimedia', 'Photo Gallery ', 0x613a313a7b733a31303a2261747472696275746573223b613a313a7b733a353a227469746c65223b733a303a22223b7d7d, 'menu', 0, 0, 0, 0, -50, 2, 1, 563, 1031, 0, 0, 0, 0, 0, 0, 0, 0),
('main-menu', 1032, 563, 'node/382', 'node/%', 'Audio', 0x613a313a7b733a31303a2261747472696275746573223b613a303a7b7d7d, 'menu', 0, 0, 0, 0, -48, 2, 1, 563, 1032, 0, 0, 0, 0, 0, 0, 0, 0),
('main-menu', 1033, 563, 'node/381', 'node/%', 'Video', 0x613a313a7b733a31303a2261747472696275746573223b613a303a7b7d7d, 'menu', 0, 0, 0, 0, -49, 2, 1, 563, 1033, 0, 0, 0, 0, 0, 0, 0, 0),
('main-menu', 1034, 563, 'poll', 'poll', 'Polls', 0x613a313a7b733a31303a2261747472696275746573223b613a313a7b733a353a227469746c65223b733a303a22223b7d7d, 'menu', 0, 0, 1, 0, -47, 2, 1, 563, 1034, 0, 0, 0, 0, 0, 0, 0, 0),
('navigation', 1035, 7, 'node/add/news', 'node/add/news', 'News', 0x613a313a7b733a31303a2261747472696275746573223b613a313a7b733a353a227469746c65223b733a36373a224120747261646974696f6e616c20226e65777322206f6620746578742d6f6e6c7920636f6e74656e742061626f75742074686973207369746520696e206d656469612e223b7d7d, 'system', 0, 0, 0, 0, 0, 2, 0, 7, 1035, 0, 0, 0, 0, 0, 0, 0, 0),
('main-menu', 1036, 638, 'node/383', 'node/%', 'About', 0x613a313a7b733a31303a2261747472696275746573223b613a303a7b7d7d, 'menu', 1, 0, 0, 0, 0, 2, 1, 638, 1036, 0, 0, 0, 0, 0, 0, 0, 0),
('main-menu', 1037, 1038, 'upcoming-events', 'upcoming-events', 'Upcoming Events', 0x613a313a7b733a31303a2261747472696275746573223b613a313a7b733a353a227469746c65223b733a303a22223b7d7d, 'system', 0, 0, 1, 0, -49, 2, 1, 1038, 1037, 0, 0, 0, 0, 0, 0, 0, 0),
('main-menu', 1038, 0, 'events', 'events', 'Events', 0x613a313a7b733a31303a2261747472696275746573223b613a313a7b733a353a227469746c65223b733a303a22223b7d7d, 'menu', 0, 0, 1, 0, -47, 1, 1, 1038, 0, 0, 0, 0, 0, 0, 0, 0, 0),
('main-menu', 1097, 0, 'press-releases', 'press-releases', 'News', 0x613a303a7b7d, 'system', 0, 0, 1, 0, -48, 1, 1, 1097, 0, 0, 0, 0, 0, 0, 0, 0, 0),
('main-menu', 1098, 1097, 'pfa-in-the-media', 'pfa-in-the-media', 'PFA in the Media', 0x613a313a7b733a31303a2261747472696275746573223b613a313a7b733a353a227469746c65223b733a303a22223b7d7d, 'system', 0, 0, 0, 0, -49, 2, 1, 1097, 1098, 0, 0, 0, 0, 0, 0, 0, 0),
('main-menu', 1099, 1097, 'press-releases', 'press-releases', 'Press Releases', 0x613a313a7b733a31303a2261747472696275746573223b613a313a7b733a353a227469746c65223b733a303a22223b7d7d, 'menu', 0, 0, 0, 0, -50, 2, 1, 1097, 1099, 0, 0, 0, 0, 0, 0, 0, 0),
('main-menu', 1100, 638, 'node/384', 'node/%', 'Legislature', 0x613a303a7b7d, 'menu', 1, 0, 0, 0, 2, 2, 1, 638, 1100, 0, 0, 0, 0, 0, 0, 0, 0),
('main-menu', 1101, 638, 'node/386', 'node/%', 'Government', 0x613a303a7b7d, 'menu', 1, 0, 0, 0, 3, 2, 1, 638, 1101, 0, 0, 0, 0, 0, 0, 0, 0),
('main-menu', 1102, 638, 'node/387', 'node/%', 'Society', 0x613a303a7b7d, 'menu', 1, 0, 0, 0, 4, 2, 1, 638, 1102, 0, 0, 0, 0, 0, 0, 0, 0),
('main-menu', 1104, 1034, 'node/489', 'node/%', 'President of Armenia?', 0x613a303a7b7d, 'menu', 0, 0, 0, 0, 0, 3, 0, 563, 1034, 1104, 0, 0, 0, 0, 0, 0, 0),
('shortcut-set-1', 1105, 0, 'node/add/poll', 'node/add/poll', 'Poll', 0x613a303a7b7d, 'menu', 0, 0, 0, 0, -46, 1, 0, 1105, 0, 0, 0, 0, 0, 0, 0, 0, 0),
('shortcut-set-1', 1106, 0, 'node/add/photogallery', 'node/add/photogallery', 'PhotoGallery', 0x613a303a7b7d, 'menu', 0, 0, 0, 0, -45, 1, 0, 1106, 0, 0, 0, 0, 0, 0, 0, 0, 0),
('shortcut-set-1', 1110, 0, 'admin/structure/nodequeue/home_page_rotator/view/4f563b19dc49e', 'admin/structure/nodequeue/%/view/%', 'View', 0x613a303a7b7d, 'menu', 1, 0, 0, 0, -44, 1, 0, 1110, 0, 0, 0, 0, 0, 0, 0, 0, 0),
('main-menu', 1224, 0, 'node/682', 'node/%', 'Diffusion of Development: Where is Armenia?', 0x613a313a7b733a31303a2261747472696275746573223b613a313a7b733a353a227469746c65223b733a31383a22427920416e6920486172757479756e79616e223b7d7d, 'menu', 1, 0, 0, 0, -40, 1, 1, 1224, 0, 0, 0, 0, 0, 0, 0, 0, 0),
('main-menu', 1225, 0, 'node/683', 'node/%', 'PFA Considers the Issuance of the Eurobond by Armenia\'s Government Irresponsible and Damaging', 0x613a313a7b733a31303a2261747472696275746573223b613a313a7b733a353a227469746c65223b733a3135353a22506f6c69637920466f72756d2041726d656e696120636f6e7369646572732074686520726563656e742069737375616e6365206f66207468652024353030206d696c6c696f6e204575726f626f6e642062792074686520676f7665726e6d656e74206f662041726d656e6961206173206972726573706f6e7369626c6520616e642064616d6167696e6720666f722074686520636f756e7472792e223b7d7d, 'menu', 1, 0, 0, 0, -39, 1, 1, 1225, 0, 0, 0, 0, 0, 0, 0, 0, 0),
('main-menu', 1226, 0, 'node/691', 'node/%', 'Armenia’s (Rigged) Constitutional Referendum', 0x613a303a7b7d, 'menu', 1, 0, 0, 0, -41, 1, 1, 1226, 0, 0, 0, 0, 0, 0, 0, 0, 0),
('main-menu', 1229, 0, 'https://pfarmenia.wordpress.com/', '', 'Blog', 0x613a313a7b733a31303a2261747472696275746573223b613a313a7b733a353a227469746c65223b733a32313a2250464120426c6f67206f6e20576f72645072657373223b7d7d, 'menu', 0, 1, 0, 0, -44, 1, 1, 1229, 0, 0, 0, 0, 0, 0, 0, 0, 0),
('shortcut-set-1', 1230, 0, 'admin/structure/nodequeue', 'admin/structure/nodequeue', 'Nodequeues', 0x613a303a7b7d, 'menu', 1, 0, 0, 0, -43, 1, 0, 1230, 0, 0, 0, 0, 0, 0, 0, 0, 0),
('shortcut-set-1', 1231, 0, 'node/add/document', 'node/add/document', 'Document', 0x613a303a7b7d, 'menu', 1, 0, 0, 0, -42, 1, 0, 1231, 0, 0, 0, 0, 0, 0, 0, 0, 0),
('management', 1235, 13, 'admin/apps/%', 'admin/apps/%', '', 0x613a303a7b7d, 'system', 0, 0, 1, 0, 0, 3, 0, 1, 13, 1235, 0, 0, 0, 0, 0, 0, 0),
('navigation', 1236, 5, 'filter/tips/%', 'filter/tips/%', 'Compose tips', 0x613a303a7b7d, 'system', 0, 0, 0, 0, 0, 2, 0, 5, 1236, 0, 0, 0, 0, 0, 0, 0, 0),
('management', 1237, 9, 'admin/config/date', 'admin/config/date', 'Date API', 0x613a313a7b733a31303a2261747472696275746573223b613a313a7b733a353a227469746c65223b733a34323a2253657474696e677320666f72206d6f64756c65732074686520757365207468652044617465204150492e223b7d7d, 'system', 0, 0, 1, 0, -10, 3, 0, 1, 9, 1237, 0, 0, 0, 0, 0, 0, 0),
('navigation', 1238, 809, 'file/%/usage', 'file/%/usage', 'Usage', 0x613a303a7b7d, 'system', -1, 0, 0, 0, 0, 2, 0, 809, 1238, 0, 0, 0, 0, 0, 0, 0, 0),
('management', 1239, 14, 'admin/help/addthis', 'admin/help/addthis', 'addthis', 0x613a303a7b7d, 'system', -1, 0, 0, 0, 0, 3, 0, 1, 14, 1239, 0, 0, 0, 0, 0, 0, 0),
('management', 1240, 14, 'admin/help/context_field', 'admin/help/context_field', 'context_field', 0x613a303a7b7d, 'system', -1, 0, 0, 0, 0, 3, 0, 1, 14, 1240, 0, 0, 0, 0, 0, 0, 0),
('management', 1241, 14, 'admin/help/views', 'admin/help/views', 'views', 0x613a303a7b7d, 'system', -1, 0, 0, 0, 0, 3, 0, 1, 14, 1241, 0, 0, 0, 0, 0, 0, 0),
('management', 1242, 14, 'admin/help/views_ui', 'admin/help/views_ui', 'views_ui', 0x613a303a7b7d, 'system', -1, 0, 0, 0, 0, 3, 0, 1, 14, 1242, 0, 0, 0, 0, 0, 0, 0),
('management', 1243, 815, 'admin/structure/file-types/add', 'admin/structure/file-types/add', 'Add file type', 0x613a303a7b7d, 'system', -1, 0, 0, 0, 0, 4, 0, 1, 23, 815, 1243, 0, 0, 0, 0, 0, 0),
('management', 1244, 69, 'admin/config/user-interface/addthis', 'admin/config/user-interface/addthis', 'AddThis', 0x613a313a7b733a31303a2261747472696275746573223b613a313a7b733a353a227469746c65223b733a32373a22436f6e66696775726520416464546869732073657474696e67732e223b7d7d, 'system', 0, 0, 0, 0, 0, 4, 0, 1, 9, 69, 1244, 0, 0, 0, 0, 0, 0),
('management', 1245, 1235, 'admin/apps/%/all', 'admin/apps/%/all', 'All Apps', 0x613a303a7b7d, 'system', -1, 0, 0, 0, 1, 4, 0, 1, 13, 1235, 1245, 0, 0, 0, 0, 0, 0),
('management', 1246, 1235, 'admin/apps/%/update', 'admin/apps/%/update', 'Available Updates', 0x613a303a7b7d, 'system', -1, 0, 0, 0, 3, 4, 0, 1, 13, 1235, 1246, 0, 0, 0, 0, 0, 0),
('navigation', 1247, 813, 'file/add/upload/archive', 'file/add/upload/archive', 'Archive', 0x613a303a7b7d, 'system', -1, 0, 0, 0, -5, 3, 0, 810, 813, 1247, 0, 0, 0, 0, 0, 0, 0),
('management', 1248, 1235, 'admin/apps/%/catalog.md', 'admin/apps/%/catalog.md', 'Catelog', 0x613a303a7b7d, 'system', 0, 0, 0, 0, 0, 4, 0, 1, 13, 1235, 1248, 0, 0, 0, 0, 0, 0),
('management', 1249, 1237, 'admin/config/date/date_popup', 'admin/config/date/date_popup', 'Date Popup', 0x613a313a7b733a31303a2261747472696275746573223b613a313a7b733a353a227469746c65223b733a33343a22436f6e66696775726520746865204461746520506f7075702073657474696e67732e223b7d7d, 'system', 0, 0, 0, 0, 0, 4, 0, 1, 9, 1237, 1249, 0, 0, 0, 0, 0, 0),
('management', 1250, 38, 'admin/config/content/diff', 'admin/config/content/diff', 'Diff', 0x613a313a7b733a31303a2261747472696275746573223b613a313a7b733a353a227469746c65223b733a31343a22446966662073657474696e67732e223b7d7d, 'system', 0, 0, 0, 0, 0, 4, 0, 1, 9, 38, 1250, 0, 0, 0, 0, 0, 0),
('navigation', 1251, 813, 'file/add/upload/file', 'file/add/upload/file', 'File', 0x613a303a7b7d, 'system', -1, 0, 0, 0, -10, 3, 0, 810, 813, 1251, 0, 0, 0, 0, 0, 0, 0),
('management', 1252, 53, 'admin/config/media/file-settings', 'admin/config/media/file-settings', 'File settings', 0x613a313a7b733a31303a2261747472696275746573223b613a313a7b733a353a227469746c65223b733a39333a22436f6e66696775726520616c6c6f7765642066696c6520657874656e73696f6e732c2064656661756c7420616c7420616e64207469746c6520736f75726365732c20616e64207468652066696c652075706c6f61642077697a6172642e223b7d7d, 'system', 0, 0, 0, 0, 0, 4, 0, 1, 9, 53, 1252, 0, 0, 0, 0, 0, 0),
('management', 1253, 1235, 'admin/apps/%/manage', 'admin/apps/%/manage', 'Installed Apps', 0x613a303a7b7d, 'system', -1, 0, 0, 0, 2, 4, 0, 1, 13, 1235, 1253, 0, 0, 0, 0, 0, 0),
('management', 1254, 47, 'admin/structure/features/settings', 'admin/structure/features/settings', 'Settings', 0x613a313a7b733a31303a2261747472696275746573223b613a313a7b733a353a227469746c65223b733a34323a2241646a7573742073657474696e677320666f72207573696e67206665617475726573206d6f64756c652e223b7d7d, 'system', -1, 0, 0, 0, 11, 4, 0, 1, 23, 47, 1254, 0, 0, 0, 0, 0, 0),
('management', 1255, 1235, 'admin/apps/%/%', 'admin/apps/%/%', '', 0x613a303a7b7d, 'system', 0, 0, 0, 0, 0, 4, 0, 1, 13, 1235, 1255, 0, 0, 0, 0, 0, 0),
('management', 1256, 1244, 'admin/config/user-interface/addthis/advanced', 'admin/config/user-interface/addthis/advanced', 'Advanced settings', 0x613a303a7b7d, 'system', -1, 0, 0, 0, 10, 5, 0, 1, 9, 69, 1244, 1256, 0, 0, 0, 0, 0),
('management', 1257, 1255, 'admin/apps/%/%/details', 'admin/apps/%/%/details', 'App Details', 0x613a303a7b7d, 'system', -1, 0, 0, 0, 1, 5, 0, 1, 13, 1235, 1255, 1257, 0, 0, 0, 0, 0),
('management', 1258, 115, 'admin/config/system/apps/settings', 'admin/config/system/apps/settings', 'Apps Configuration', 0x613a303a7b7d, 'system', -1, 0, 0, 0, -10, 5, 0, 1, 9, 66, 115, 1258, 0, 0, 0, 0, 0),
('management', 1259, 1244, 'admin/config/user-interface/addthis/basic', 'admin/config/user-interface/addthis/basic', 'Basic settings', 0x613a303a7b7d, 'system', -1, 0, 0, 0, 0, 5, 0, 1, 9, 69, 1244, 1259, 0, 0, 0, 0, 0),
('management', 1260, 1255, 'admin/apps/%/%/configure', 'admin/apps/%/%/configure', 'Configure', 0x613a303a7b7d, 'system', -1, 0, 0, 0, 2, 5, 0, 1, 13, 1235, 1255, 1260, 0, 0, 0, 0, 0),
('management', 1261, 134, 'admin/config/regional/date-time/date-views', 'admin/config/regional/date-time/date-views', 'Date views', 0x613a313a7b733a31303a2261747472696275746573223b613a313a7b733a353a227469746c65223b733a33343a22436f6e6669677572652073657474696e677320666f7220646174652076696577732e223b7d7d, 'system', -1, 0, 0, 0, 0, 5, 0, 1, 9, 61, 134, 1261, 0, 0, 0, 0, 0),
('management', 1262, 1255, 'admin/apps/%/%/disable', 'admin/apps/%/%/disable', 'Disable App', 0x613a303a7b7d, 'system', -1, 0, 0, 0, 0, 5, 0, 1, 13, 1235, 1255, 1262, 0, 0, 0, 0, 0),
('management', 1263, 1255, 'admin/apps/%/%/enable', 'admin/apps/%/%/enable', 'Enable App', 0x613a303a7b7d, 'system', -1, 0, 0, 0, 0, 5, 0, 1, 13, 1235, 1255, 1263, 0, 0, 0, 0, 0),
('management', 1264, 1250, 'admin/config/content/diff/entities', 'admin/config/content/diff/entities', 'Entities', 0x613a313a7b733a31303a2261747472696275746573223b613a313a7b733a353a227469746c65223b733a31363a22456e746974792073657474696e67732e223b7d7d, 'system', -1, 0, 0, 0, 0, 5, 0, 1, 9, 38, 1250, 1264, 0, 0, 0, 0, 0),
('management', 1265, 1250, 'admin/config/content/diff/fields', 'admin/config/content/diff/fields', 'Fields', 0x613a313a7b733a31303a2261747472696275746573223b613a313a7b733a353a227469746c65223b733a33363a224669656c6420737570706f727420616e642073657474696e6773206f766572766965772e223b7d7d, 'system', -1, 0, 0, 0, 0, 5, 0, 1, 9, 38, 1250, 1265, 0, 0, 0, 0, 0),
('management', 1266, 1255, 'admin/apps/%/%/install', 'admin/apps/%/%/install', 'Install App', 0x613a303a7b7d, 'system', -1, 0, 0, 0, 0, 5, 0, 1, 13, 1235, 1255, 1266, 0, 0, 0, 0, 0),
('management', 1267, 188, 'admin/config/content/wysiwyg/list', 'admin/config/content/wysiwyg/list', 'List', 0x613a303a7b7d, 'system', -1, 0, 0, 0, -10, 5, 0, 1, 9, 38, 188, 1267, 0, 0, 0, 0, 0),
('management', 1268, 1250, 'admin/config/content/diff/settings', 'admin/config/content/diff/settings', 'Settings', 0x613a303a7b7d, 'system', -1, 0, 0, 0, -10, 5, 0, 1, 9, 38, 1250, 1268, 0, 0, 0, 0, 0),
('management', 1269, 1255, 'admin/apps/%/%/uninstall', 'admin/apps/%/%/uninstall', 'Uninstall App', 0x613a303a7b7d, 'system', -1, 0, 0, 0, 0, 5, 0, 1, 13, 1235, 1255, 1269, 0, 0, 0, 0, 0),
('management', 1270, 1255, 'admin/apps/%/%/update', 'admin/apps/%/%/update', 'Update', 0x613a303a7b7d, 'system', -1, 0, 0, 0, 0, 5, 0, 1, 13, 1235, 1255, 1270, 0, 0, 0, 0, 0),
('management', 1271, 115, 'admin/config/system/apps/verify', 'admin/config/system/apps/verify', 'Verify Apps support', 0x613a313a7b733a31303a2261747472696275746573223b613a313a7b733a353a227469746c65223b733a33363a224170707320696e7374616c6c6174696f6e20726571756972656d656e747320636865636b223b7d7d, 'system', -1, 0, 0, 0, 0, 5, 0, 1, 9, 66, 115, 1271, 0, 0, 0, 0, 0),
('management', 1272, 1265, 'admin/config/content/diff/fields/%', 'admin/config/content/diff/fields/%', 'Global field settings', 0x613a303a7b7d, 'system', -1, 0, 0, 0, 0, 6, 0, 1, 9, 38, 1250, 1265, 1272, 0, 0, 0, 0),
('management', 1273, 1264, 'admin/config/content/diff/entities/node', 'admin/config/content/diff/entities/node', 'Nodes', 0x613a313a7b733a31303a2261747472696275746573223b613a313a7b733a353a227469746c65223b733a32353a224e6f646520636f6d70617269736f6e2073657474696e67732e223b7d7d, 'system', -1, 0, 0, 0, -10, 6, 0, 1, 9, 38, 1250, 1264, 1273, 0, 0, 0, 0),
('management', 1274, 1264, 'admin/config/content/diff/entities/user', 'admin/config/content/diff/entities/user', 'Users', 0x613a313a7b733a31303a2261747472696275746573223b613a313a7b733a353a227469746c65223b733a31393a225573657220646966662073657474696e67732e223b7d7d, 'system', -1, 0, 0, 0, 0, 6, 0, 1, 9, 38, 1250, 1264, 1274, 0, 0, 0, 0),
('management', 1275, 188, 'admin/config/content/wysiwyg/profile/%', 'admin/config/content/wysiwyg/profile/%', '', 0x613a303a7b7d, 'system', 0, 0, 0, 0, 0, 5, 0, 1, 9, 38, 188, 1275, 0, 0, 0, 0, 0),
('management', 1276, 1275, 'admin/config/content/wysiwyg/profile/%/break-lock', 'admin/config/content/wysiwyg/profile/%/break-lock', 'Break lock', 0x613a303a7b7d, 'system', -1, 0, 0, 0, 0, 6, 0, 1, 9, 38, 188, 1275, 1276, 0, 0, 0, 0),
('management', 1330, 14, 'admin/help/media_migrate_file_types', 'admin/help/media_migrate_file_types', 'media_migrate_file_types', 0x613a303a7b7d, 'system', -1, 0, 0, 0, 0, 3, 0, 1, 14, 1330, 0, 0, 0, 0, 0, 0, 0),
('management', 1331, 824, 'admin/structure/file-types/manage/%/edit', 'admin/structure/file-types/manage/%/edit', 'Edit', 0x613a303a7b7d, 'system', -1, 0, 0, 0, 0, 5, 0, 1, 23, 815, 824, 1331, 0, 0, 0, 0, 0),
('management', 1332, 824, 'admin/structure/file-types/manage/%/file-display', 'admin/structure/file-types/manage/%/file-display', 'Manage file display', 0x613a303a7b7d, 'system', -1, 0, 0, 0, 3, 5, 0, 1, 23, 815, 824, 1332, 0, 0, 0, 0, 0),
('management', 1333, 1332, 'admin/structure/file-types/manage/%/file-display/default', 'admin/structure/file-types/manage/%/file-display/default', 'Default', 0x613a303a7b7d, 'system', -1, 0, 0, 0, -10, 6, 0, 1, 23, 815, 824, 1332, 1333, 0, 0, 0, 0),
('management', 1334, 1332, 'admin/structure/file-types/manage/%/file-display/full', 'admin/structure/file-types/manage/%/file-display/full', 'Full content', 0x613a303a7b7d, 'system', -1, 0, 0, 0, 1, 6, 0, 1, 23, 815, 824, 1332, 1334, 0, 0, 0, 0),
('management', 1335, 1332, 'admin/structure/file-types/manage/%/file-display/media_link', 'admin/structure/file-types/manage/%/file-display/media_link', 'Link', 0x613a303a7b7d, 'system', -1, 0, 0, 0, 6, 6, 0, 1, 23, 815, 824, 1332, 1335, 0, 0, 0, 0),
('management', 1336, 1332, 'admin/structure/file-types/manage/%/file-display/media_original', 'admin/structure/file-types/manage/%/file-display/media_original', 'Original', 0x613a303a7b7d, 'system', -1, 0, 0, 0, 7, 6, 0, 1, 23, 815, 824, 1332, 1336, 0, 0, 0, 0),
('management', 1337, 1332, 'admin/structure/file-types/manage/%/file-display/preview', 'admin/structure/file-types/manage/%/file-display/preview', 'Preview', 0x613a303a7b7d, 'system', -1, 0, 0, 0, 2, 6, 0, 1, 23, 815, 824, 1332, 1337, 0, 0, 0, 0),
('management', 1338, 1332, 'admin/structure/file-types/manage/%/file-display/rss', 'admin/structure/file-types/manage/%/file-display/rss', 'RSS', 0x613a303a7b7d, 'system', -1, 0, 0, 0, 3, 6, 0, 1, 23, 815, 824, 1332, 1338, 0, 0, 0, 0),
('management', 1339, 1332, 'admin/structure/file-types/manage/%/file-display/search_index', 'admin/structure/file-types/manage/%/file-display/search_index', 'Search index', 0x613a303a7b7d, 'system', -1, 0, 0, 0, 4, 6, 0, 1, 23, 815, 824, 1332, 1339, 0, 0, 0, 0),
('management', 1340, 1332, 'admin/structure/file-types/manage/%/file-display/teaser', 'admin/structure/file-types/manage/%/file-display/teaser', 'Teaser', 0x613a303a7b7d, 'system', -1, 0, 0, 0, 0, 6, 0, 1, 23, 815, 824, 1332, 1340, 0, 0, 0, 0),
('management', 1341, 1332, 'admin/structure/file-types/manage/%/file-display/search_result', 'admin/structure/file-types/manage/%/file-display/search_result', 'Search result', 0x613a303a7b7d, 'system', -1, 0, 0, 0, 5, 6, 0, 1, 23, 815, 824, 1332, 1341, 0, 0, 0, 0),
('management', 1342, 1332, 'admin/structure/file-types/manage/%/file-display/token', 'admin/structure/file-types/manage/%/file-display/token', 'Tokens', 0x613a303a7b7d, 'system', -1, 0, 0, 0, 9, 6, 0, 1, 23, 815, 824, 1332, 1342, 0, 0, 0, 0),
('management', 1343, 1332, 'admin/structure/file-types/manage/%/file-display/wysiwyg', 'admin/structure/file-types/manage/%/file-display/wysiwyg', 'WYSIWYG', 0x613a303a7b7d, 'system', -1, 0, 0, 0, 8, 6, 0, 1, 23, 815, 824, 1332, 1343, 0, 0, 0, 0),
('management', 1344, 21, 'admin/reports/libraries', 'admin/reports/libraries', 'Libraries', 0x613a313a7b733a31303a2261747472696275746573223b613a313a7b733a353a227469746c65223b733a34383a22416e206f76657276696577206f66206c696272617269657320696e7374616c6c6564206f6e207468697320736974652e223b7d7d, 'system', 0, 0, 1, 0, 0, 3, 0, 1, 21, 1344, 0, 0, 0, 0, 0, 0, 0),
('management', 1345, 14, 'admin/help/libraries', 'admin/help/libraries', 'libraries', 0x613a303a7b7d, 'system', -1, 0, 0, 0, 0, 3, 0, 1, 14, 1345, 0, 0, 0, 0, 0, 0, 0),
('management', 1346, 1344, 'admin/reports/libraries/%', 'admin/reports/libraries/%', 'Library status report', 0x613a313a7b733a31303a2261747472696275746573223b613a313a7b733a353a227469746c65223b733a33363a22537461747573206f7665727669657720666f7220612073696e676c65206c696272617279223b7d7d, 'system', 0, 0, 0, 0, 0, 4, 0, 1, 21, 1344, 1346, 0, 0, 0, 0, 0, 0),
('management', 1412, 58, 'admin/structure/panels/layouts', 'admin/structure/panels/layouts', 'Layouts', 0x613a313a7b733a31303a2261747472696275746573223b613a313a7b733a353a227469746c65223b733a34333a224164642c2065646974206f722064656c65746520637573746f6d20636f6e74656e74206c61796f7574732e223b7d7d, 'system', -1, 0, 0, 0, 0, 4, 0, 1, 23, 58, 1412, 0, 0, 0, 0, 0, 0),
('management', 1413, 1412, 'admin/structure/panels/layouts/add-flexible', 'admin/structure/panels/layouts/add-flexible', 'Add flexible layout', 0x613a303a7b7d, 'system', -1, 0, 0, 0, 0, 5, 0, 1, 23, 58, 1412, 1413, 0, 0, 0, 0, 0),
('management', 1414, 1412, 'admin/structure/panels/layouts/import', 'admin/structure/panels/layouts/import', 'Import', 0x613a303a7b7d, 'system', -1, 0, 0, 0, 0, 5, 0, 1, 23, 58, 1412, 1414, 0, 0, 0, 0, 0),
('management', 1415, 1412, 'admin/structure/panels/layouts/list', 'admin/structure/panels/layouts/list', 'List', 0x613a303a7b7d, 'system', -1, 0, 0, 0, -10, 5, 0, 1, 23, 58, 1412, 1415, 0, 0, 0, 0, 0),
('management', 1416, 1415, 'admin/structure/panels/layouts/list/%/edit', 'admin/structure/panels/layouts/list/%/edit', 'Edit', 0x613a303a7b7d, 'system', -1, 0, 0, 0, -10, 6, 0, 1, 23, 58, 1412, 1415, 1416, 0, 0, 0, 0),
('management', 1417, 1415, 'admin/structure/panels/layouts/list/%/export', 'admin/structure/panels/layouts/list/%/export', 'Export', 0x613a303a7b7d, 'system', -1, 0, 0, 0, 0, 6, 0, 1, 23, 58, 1412, 1415, 1417, 0, 0, 0, 0),
('shortcut-set-1', 1418, 0, 'admin/structure/nodequeue/breaking_news', 'admin/structure/nodequeue/%', 'Subqueue \'Breaking News Queue\'', 0x613a303a7b7d, 'menu', 0, 0, 0, 0, -41, 1, 0, 1418, 0, 0, 0, 0, 0, 0, 0, 0, 0),
('management', 1419, 14, 'admin/help/extlink', 'admin/help/extlink', 'extlink', 0x613a303a7b7d, 'system', -1, 0, 0, 0, 0, 3, 0, 1, 14, 1419, 0, 0, 0, 0, 0, 0, 0),
('management', 1420, 14, 'admin/help/link', 'admin/help/link', 'link', 0x613a303a7b7d, 'system', -1, 0, 0, 0, 0, 3, 0, 1, 14, 1420, 0, 0, 0, 0, 0, 0, 0),
('management', 1681, 181, 'admin/structure/taxonomy/%/display', 'admin/structure/taxonomy/%/display', 'Manage display', 0x613a303a7b7d, 'system', -1, 0, 0, 0, 2, 5, 0, 1, 23, 67, 181, 1681, 0, 0, 0, 0, 0),
('management', 1682, 110, 'admin/config/people/accounts/display', 'admin/config/people/accounts/display', 'Manage display', 0x613a303a7b7d, 'system', -1, 0, 0, 0, 2, 5, 0, 1, 9, 59, 110, 1682, 0, 0, 0, 0, 0),
('management', 1683, 181, 'admin/structure/taxonomy/%/fields', 'admin/structure/taxonomy/%/fields', 'Manage fields', 0x613a303a7b7d, 'system', -1, 0, 1, 0, 1, 5, 0, 1, 23, 67, 181, 1683, 0, 0, 0, 0, 0),
('management', 1684, 110, 'admin/config/people/accounts/fields', 'admin/config/people/accounts/fields', 'Manage fields', 0x613a303a7b7d, 'system', -1, 0, 1, 0, 1, 5, 0, 1, 9, 59, 110, 1684, 0, 0, 0, 0, 0),
('management', 1685, 1681, 'admin/structure/taxonomy/%/display/default', 'admin/structure/taxonomy/%/display/default', 'Default', 0x613a303a7b7d, 'system', -1, 0, 0, 0, -10, 6, 0, 1, 23, 67, 181, 1681, 1685, 0, 0, 0, 0),
('management', 1686, 1682, 'admin/config/people/accounts/display/default', 'admin/config/people/accounts/display/default', 'Default', 0x613a303a7b7d, 'system', -1, 0, 0, 0, -10, 6, 0, 1, 9, 59, 110, 1682, 1686, 0, 0, 0, 0),
('management', 1687, 824, 'admin/structure/file-types/manage/%/display', 'admin/structure/file-types/manage/%/display', 'Manage display', 0x613a303a7b7d, 'system', -1, 0, 0, 0, 2, 5, 0, 1, 23, 815, 824, 1687, 0, 0, 0, 0, 0),
('management', 1688, 206, 'admin/structure/types/manage/%/display', 'admin/structure/types/manage/%/display', 'Manage display', 0x613a303a7b7d, 'system', -1, 0, 0, 0, 2, 5, 0, 1, 23, 39, 206, 1688, 0, 0, 0, 0, 0),
('management', 1689, 824, 'admin/structure/file-types/manage/%/fields', 'admin/structure/file-types/manage/%/fields', 'Manage fields', 0x613a303a7b7d, 'system', -1, 0, 1, 0, 1, 5, 0, 1, 23, 815, 824, 1689, 0, 0, 0, 0, 0),
('management', 1690, 206, 'admin/structure/types/manage/%/fields', 'admin/structure/types/manage/%/fields', 'Manage fields', 0x613a303a7b7d, 'system', -1, 0, 1, 0, 1, 5, 0, 1, 23, 39, 206, 1690, 0, 0, 0, 0, 0),
('management', 1691, 1681, 'admin/structure/taxonomy/%/display/diff_standard', 'admin/structure/taxonomy/%/display/diff_standard', 'Revision comparison', 0x613a303a7b7d, 'system', -1, 0, 0, 0, 1, 6, 0, 1, 23, 67, 181, 1681, 1691, 0, 0, 0, 0),
('management', 1692, 1682, 'admin/config/people/accounts/display/diff_standard', 'admin/config/people/accounts/display/diff_standard', 'Revision comparison', 0x613a303a7b7d, 'system', -1, 0, 0, 0, 1, 6, 0, 1, 9, 59, 110, 1682, 1692, 0, 0, 0, 0),
('management', 1693, 1681, 'admin/structure/taxonomy/%/display/full', 'admin/structure/taxonomy/%/display/full', 'Taxonomy term page', 0x613a303a7b7d, 'system', -1, 0, 0, 0, 0, 6, 0, 1, 23, 67, 181, 1681, 1693, 0, 0, 0, 0),
('management', 1694, 1681, 'admin/structure/taxonomy/%/display/token', 'admin/structure/taxonomy/%/display/token', 'Tokens', 0x613a303a7b7d, 'system', -1, 0, 0, 0, 2, 6, 0, 1, 23, 67, 181, 1681, 1694, 0, 0, 0, 0),
('management', 1695, 1682, 'admin/config/people/accounts/display/token', 'admin/config/people/accounts/display/token', 'Tokens', 0x613a303a7b7d, 'system', -1, 0, 0, 0, 2, 6, 0, 1, 9, 59, 110, 1682, 1695, 0, 0, 0, 0),
('management', 1696, 1682, 'admin/config/people/accounts/display/full', 'admin/config/people/accounts/display/full', 'User account', 0x613a303a7b7d, 'system', -1, 0, 0, 0, 0, 6, 0, 1, 9, 59, 110, 1682, 1696, 0, 0, 0, 0),
('management', 1697, 1683, 'admin/structure/taxonomy/%/fields/%', 'admin/structure/taxonomy/%/fields/%', '', 0x613a303a7b7d, 'system', 0, 0, 0, 0, 0, 6, 0, 1, 23, 67, 181, 1683, 1697, 0, 0, 0, 0),
('management', 1698, 1684, 'admin/config/people/accounts/fields/%', 'admin/config/people/accounts/fields/%', '', 0x613a303a7b7d, 'system', 0, 0, 0, 0, 0, 6, 0, 1, 9, 59, 110, 1684, 1698, 0, 0, 0, 0),
('management', 1699, 1687, 'admin/structure/file-types/manage/%/display/default', 'admin/structure/file-types/manage/%/display/default', 'Default', 0x613a303a7b7d, 'system', -1, 0, 0, 0, -10, 6, 0, 1, 23, 815, 824, 1687, 1699, 0, 0, 0, 0),
('management', 1700, 1688, 'admin/structure/types/manage/%/display/default', 'admin/structure/types/manage/%/display/default', 'Default', 0x613a303a7b7d, 'system', -1, 0, 0, 0, -10, 6, 0, 1, 23, 39, 206, 1688, 1700, 0, 0, 0, 0),
('management', 1701, 1688, 'admin/structure/types/manage/%/display/editors_choice', 'admin/structure/types/manage/%/display/editors_choice', 'Editors_Choice_Block', 0x613a303a7b7d, 'system', -1, 0, 0, 0, 6, 6, 0, 1, 23, 39, 206, 1688, 1701, 0, 0, 0, 0),
('management', 1702, 1687, 'admin/structure/file-types/manage/%/display/full', 'admin/structure/file-types/manage/%/display/full', 'Full content', 0x613a303a7b7d, 'system', -1, 0, 0, 0, 1, 6, 0, 1, 23, 815, 824, 1687, 1702, 0, 0, 0, 0),
('management', 1703, 1688, 'admin/structure/types/manage/%/display/full', 'admin/structure/types/manage/%/display/full', 'Full content', 0x613a303a7b7d, 'system', -1, 0, 0, 0, 0, 6, 0, 1, 23, 39, 206, 1688, 1703, 0, 0, 0, 0),
('management', 1704, 1687, 'admin/structure/file-types/manage/%/display/media_link', 'admin/structure/file-types/manage/%/display/media_link', 'Link', 0x613a303a7b7d, 'system', -1, 0, 0, 0, 6, 6, 0, 1, 23, 815, 824, 1687, 1704, 0, 0, 0, 0),
('management', 1705, 1687, 'admin/structure/file-types/manage/%/display/media_original', 'admin/structure/file-types/manage/%/display/media_original', 'Original', 0x613a303a7b7d, 'system', -1, 0, 0, 0, 7, 6, 0, 1, 23, 815, 824, 1687, 1705, 0, 0, 0, 0),
('management', 1706, 1687, 'admin/structure/file-types/manage/%/display/preview', 'admin/structure/file-types/manage/%/display/preview', 'Preview', 0x613a303a7b7d, 'system', -1, 0, 0, 0, 2, 6, 0, 1, 23, 815, 824, 1687, 1706, 0, 0, 0, 0),
('management', 1707, 1687, 'admin/structure/file-types/manage/%/display/rss', 'admin/structure/file-types/manage/%/display/rss', 'RSS', 0x613a303a7b7d, 'system', -1, 0, 0, 0, 3, 6, 0, 1, 23, 815, 824, 1687, 1707, 0, 0, 0, 0);
INSERT INTO `menu_links` (`menu_name`, `mlid`, `plid`, `link_path`, `router_path`, `link_title`, `options`, `module`, `hidden`, `external`, `has_children`, `expanded`, `weight`, `depth`, `customized`, `p1`, `p2`, `p3`, `p4`, `p5`, `p6`, `p7`, `p8`, `p9`, `updated`) VALUES
('management', 1708, 1688, 'admin/structure/types/manage/%/display/rss', 'admin/structure/types/manage/%/display/rss', 'RSS', 0x613a303a7b7d, 'system', -1, 0, 0, 0, 2, 6, 0, 1, 23, 39, 206, 1688, 1708, 0, 0, 0, 0),
('management', 1709, 1688, 'admin/structure/types/manage/%/display/diff_standard', 'admin/structure/types/manage/%/display/diff_standard', 'Revision comparison', 0x613a303a7b7d, 'system', -1, 0, 0, 0, 5, 6, 0, 1, 23, 39, 206, 1688, 1709, 0, 0, 0, 0),
('management', 1710, 1687, 'admin/structure/file-types/manage/%/display/search_index', 'admin/structure/file-types/manage/%/display/search_index', 'Search index', 0x613a303a7b7d, 'system', -1, 0, 0, 0, 4, 6, 0, 1, 23, 815, 824, 1687, 1710, 0, 0, 0, 0),
('management', 1711, 1688, 'admin/structure/types/manage/%/display/search_index', 'admin/structure/types/manage/%/display/search_index', 'Search index', 0x613a303a7b7d, 'system', -1, 0, 0, 0, 3, 6, 0, 1, 23, 39, 206, 1688, 1711, 0, 0, 0, 0),
('management', 1712, 1687, 'admin/structure/file-types/manage/%/display/search_result', 'admin/structure/file-types/manage/%/display/search_result', 'Search result', 0x613a303a7b7d, 'system', -1, 0, 0, 0, 5, 6, 0, 1, 23, 815, 824, 1687, 1712, 0, 0, 0, 0),
('management', 1713, 1688, 'admin/structure/types/manage/%/display/search_result', 'admin/structure/types/manage/%/display/search_result', 'Search result highlighting input', 0x613a303a7b7d, 'system', -1, 0, 0, 0, 4, 6, 0, 1, 23, 39, 206, 1688, 1713, 0, 0, 0, 0),
('management', 1714, 1687, 'admin/structure/file-types/manage/%/display/teaser', 'admin/structure/file-types/manage/%/display/teaser', 'Teaser', 0x613a303a7b7d, 'system', -1, 0, 0, 0, 0, 6, 0, 1, 23, 815, 824, 1687, 1714, 0, 0, 0, 0),
('management', 1715, 1688, 'admin/structure/types/manage/%/display/teaser', 'admin/structure/types/manage/%/display/teaser', 'Teaser', 0x613a303a7b7d, 'system', -1, 0, 0, 0, 1, 6, 0, 1, 23, 39, 206, 1688, 1715, 0, 0, 0, 0),
('management', 1716, 1687, 'admin/structure/file-types/manage/%/display/token', 'admin/structure/file-types/manage/%/display/token', 'Tokens', 0x613a303a7b7d, 'system', -1, 0, 0, 0, 9, 6, 0, 1, 23, 815, 824, 1687, 1716, 0, 0, 0, 0),
('management', 1717, 1688, 'admin/structure/types/manage/%/display/token', 'admin/structure/types/manage/%/display/token', 'Tokens', 0x613a303a7b7d, 'system', -1, 0, 0, 0, 7, 6, 0, 1, 23, 39, 206, 1688, 1717, 0, 0, 0, 0),
('management', 1718, 1687, 'admin/structure/file-types/manage/%/display/wysiwyg', 'admin/structure/file-types/manage/%/display/wysiwyg', 'WYSIWYG', 0x613a303a7b7d, 'system', -1, 0, 0, 0, 8, 6, 0, 1, 23, 815, 824, 1687, 1718, 0, 0, 0, 0),
('management', 1719, 1689, 'admin/structure/file-types/manage/%/fields/%', 'admin/structure/file-types/manage/%/fields/%', '', 0x613a303a7b7d, 'system', 0, 0, 0, 0, 0, 6, 0, 1, 23, 815, 824, 1689, 1719, 0, 0, 0, 0),
('management', 1720, 1690, 'admin/structure/types/manage/%/fields/%', 'admin/structure/types/manage/%/fields/%', '', 0x613a303a7b7d, 'system', 0, 0, 0, 0, 0, 6, 0, 1, 23, 39, 206, 1690, 1720, 0, 0, 0, 0),
('management', 1721, 1697, 'admin/structure/taxonomy/%/fields/%/delete', 'admin/structure/taxonomy/%/fields/%/delete', 'Delete', 0x613a303a7b7d, 'system', -1, 0, 0, 0, 10, 7, 0, 1, 23, 67, 181, 1683, 1697, 1721, 0, 0, 0),
('management', 1722, 1697, 'admin/structure/taxonomy/%/fields/%/edit', 'admin/structure/taxonomy/%/fields/%/edit', 'Edit', 0x613a303a7b7d, 'system', -1, 0, 0, 0, 0, 7, 0, 1, 23, 67, 181, 1683, 1697, 1722, 0, 0, 0),
('management', 1723, 1697, 'admin/structure/taxonomy/%/fields/%/field-settings', 'admin/structure/taxonomy/%/fields/%/field-settings', 'Field settings', 0x613a303a7b7d, 'system', -1, 0, 0, 0, 0, 7, 0, 1, 23, 67, 181, 1683, 1697, 1723, 0, 0, 0),
('management', 1724, 1697, 'admin/structure/taxonomy/%/fields/%/widget-type', 'admin/structure/taxonomy/%/fields/%/widget-type', 'Widget type', 0x613a303a7b7d, 'system', -1, 0, 0, 0, 0, 7, 0, 1, 23, 67, 181, 1683, 1697, 1724, 0, 0, 0),
('management', 1725, 1698, 'admin/config/people/accounts/fields/%/delete', 'admin/config/people/accounts/fields/%/delete', 'Delete', 0x613a303a7b7d, 'system', -1, 0, 0, 0, 10, 7, 0, 1, 9, 59, 110, 1684, 1698, 1725, 0, 0, 0),
('management', 1726, 1698, 'admin/config/people/accounts/fields/%/edit', 'admin/config/people/accounts/fields/%/edit', 'Edit', 0x613a303a7b7d, 'system', -1, 0, 0, 0, 0, 7, 0, 1, 9, 59, 110, 1684, 1698, 1726, 0, 0, 0),
('management', 1727, 1698, 'admin/config/people/accounts/fields/%/field-settings', 'admin/config/people/accounts/fields/%/field-settings', 'Field settings', 0x613a303a7b7d, 'system', -1, 0, 0, 0, 0, 7, 0, 1, 9, 59, 110, 1684, 1698, 1727, 0, 0, 0),
('management', 1728, 1698, 'admin/config/people/accounts/fields/%/widget-type', 'admin/config/people/accounts/fields/%/widget-type', 'Widget type', 0x613a303a7b7d, 'system', -1, 0, 0, 0, 0, 7, 0, 1, 9, 59, 110, 1684, 1698, 1728, 0, 0, 0),
('management', 1729, 292, 'admin/structure/types/manage/%/comment/display/default', 'admin/structure/types/manage/%/comment/display/default', 'Default', 0x613a303a7b7d, 'system', -1, 0, 0, 0, -10, 6, 0, 1, 23, 39, 206, 292, 1729, 0, 0, 0, 0),
('management', 1730, 292, 'admin/structure/types/manage/%/comment/display/full', 'admin/structure/types/manage/%/comment/display/full', 'Full comment', 0x613a303a7b7d, 'system', -1, 0, 0, 0, 0, 6, 0, 1, 23, 39, 206, 292, 1730, 0, 0, 0, 0),
('management', 1731, 292, 'admin/structure/types/manage/%/comment/display/diff_standard', 'admin/structure/types/manage/%/comment/display/diff_standard', 'Revision comparison', 0x613a303a7b7d, 'system', -1, 0, 0, 0, 1, 6, 0, 1, 23, 39, 206, 292, 1731, 0, 0, 0, 0),
('management', 1732, 292, 'admin/structure/types/manage/%/comment/display/token', 'admin/structure/types/manage/%/comment/display/token', 'Tokens', 0x613a303a7b7d, 'system', -1, 0, 0, 0, 2, 6, 0, 1, 23, 39, 206, 292, 1732, 0, 0, 0, 0),
('management', 1733, 293, 'admin/structure/types/manage/%/comment/fields/%', 'admin/structure/types/manage/%/comment/fields/%', '', 0x613a303a7b7d, 'system', 0, 0, 0, 0, 0, 6, 0, 1, 23, 39, 206, 293, 1733, 0, 0, 0, 0),
('management', 1734, 1719, 'admin/structure/file-types/manage/%/fields/%/delete', 'admin/structure/file-types/manage/%/fields/%/delete', 'Delete', 0x613a303a7b7d, 'system', -1, 0, 0, 0, 10, 7, 0, 1, 23, 815, 824, 1689, 1719, 1734, 0, 0, 0),
('management', 1735, 1719, 'admin/structure/file-types/manage/%/fields/%/edit', 'admin/structure/file-types/manage/%/fields/%/edit', 'Edit', 0x613a303a7b7d, 'system', -1, 0, 0, 0, 0, 7, 0, 1, 23, 815, 824, 1689, 1719, 1735, 0, 0, 0),
('management', 1736, 1719, 'admin/structure/file-types/manage/%/fields/%/field-settings', 'admin/structure/file-types/manage/%/fields/%/field-settings', 'Field settings', 0x613a303a7b7d, 'system', -1, 0, 0, 0, 0, 7, 0, 1, 23, 815, 824, 1689, 1719, 1736, 0, 0, 0),
('management', 1737, 1719, 'admin/structure/file-types/manage/%/fields/%/widget-type', 'admin/structure/file-types/manage/%/fields/%/widget-type', 'Widget type', 0x613a303a7b7d, 'system', -1, 0, 0, 0, 0, 7, 0, 1, 23, 815, 824, 1689, 1719, 1737, 0, 0, 0),
('management', 1738, 1720, 'admin/structure/types/manage/%/fields/%/delete', 'admin/structure/types/manage/%/fields/%/delete', 'Delete', 0x613a303a7b7d, 'system', -1, 0, 0, 0, 10, 7, 0, 1, 23, 39, 206, 1690, 1720, 1738, 0, 0, 0),
('management', 1739, 1720, 'admin/structure/types/manage/%/fields/%/edit', 'admin/structure/types/manage/%/fields/%/edit', 'Edit', 0x613a303a7b7d, 'system', -1, 0, 0, 0, 0, 7, 0, 1, 23, 39, 206, 1690, 1720, 1739, 0, 0, 0),
('management', 1740, 1720, 'admin/structure/types/manage/%/fields/%/field-settings', 'admin/structure/types/manage/%/fields/%/field-settings', 'Field settings', 0x613a303a7b7d, 'system', -1, 0, 0, 0, 0, 7, 0, 1, 23, 39, 206, 1690, 1720, 1740, 0, 0, 0),
('management', 1741, 1720, 'admin/structure/types/manage/%/fields/%/widget-type', 'admin/structure/types/manage/%/fields/%/widget-type', 'Widget type', 0x613a303a7b7d, 'system', -1, 0, 0, 0, 0, 7, 0, 1, 23, 39, 206, 1690, 1720, 1741, 0, 0, 0),
('management', 1742, 1733, 'admin/structure/types/manage/%/comment/fields/%/delete', 'admin/structure/types/manage/%/comment/fields/%/delete', 'Delete', 0x613a303a7b7d, 'system', -1, 0, 0, 0, 10, 7, 0, 1, 23, 39, 206, 293, 1733, 1742, 0, 0, 0),
('management', 1743, 1733, 'admin/structure/types/manage/%/comment/fields/%/edit', 'admin/structure/types/manage/%/comment/fields/%/edit', 'Edit', 0x613a303a7b7d, 'system', -1, 0, 0, 0, 0, 7, 0, 1, 23, 39, 206, 293, 1733, 1743, 0, 0, 0),
('management', 1744, 1733, 'admin/structure/types/manage/%/comment/fields/%/field-settings', 'admin/structure/types/manage/%/comment/fields/%/field-settings', 'Field settings', 0x613a303a7b7d, 'system', -1, 0, 0, 0, 0, 7, 0, 1, 23, 39, 206, 293, 1733, 1744, 0, 0, 0),
('management', 1745, 1733, 'admin/structure/types/manage/%/comment/fields/%/widget-type', 'admin/structure/types/manage/%/comment/fields/%/widget-type', 'Widget type', 0x613a303a7b7d, 'system', -1, 0, 0, 0, 0, 7, 0, 1, 23, 39, 206, 293, 1733, 1745, 0, 0, 0),
('management', 1746, 315, 'admin/structure/nodequeue/%', 'admin/structure/nodequeue/%', '', 0x613a303a7b7d, 'system', 0, 0, 0, 0, 0, 4, 0, 1, 23, 315, 1746, 0, 0, 0, 0, 0, 0);

-- --------------------------------------------------------

--
-- Структура таблицы `menu_router`
--

CREATE TABLE IF NOT EXISTS `menu_router` (
  `path` varchar(255) CHARACTER SET latin1 NOT NULL DEFAULT '' COMMENT 'Primary Key: the Drupal path this entry describes',
  `load_functions` blob NOT NULL COMMENT 'A serialized array of function names (like node_load) to be called to load an object corresponding to a part of the current path.',
  `to_arg_functions` blob NOT NULL COMMENT 'A serialized array of function names (like user_uid_optional_to_arg) to be called to replace a part of the router path with another string.',
  `access_callback` varchar(255) CHARACTER SET latin1 NOT NULL DEFAULT '' COMMENT 'The callback which determines the access to this router path. Defaults to user_access.',
  `access_arguments` blob COMMENT 'A serialized array of arguments for the access callback.',
  `page_callback` varchar(255) CHARACTER SET latin1 NOT NULL DEFAULT '' COMMENT 'The name of the function that renders the page.',
  `page_arguments` blob COMMENT 'A serialized array of arguments for the page callback.',
  `delivery_callback` varchar(255) CHARACTER SET latin1 NOT NULL DEFAULT '' COMMENT 'The name of the function that sends the result of the page_callback function to the browser.',
  `fit` int(11) NOT NULL DEFAULT '0' COMMENT 'A numeric representation of how specific the path is.',
  `number_parts` smallint(6) NOT NULL DEFAULT '0' COMMENT 'Number of parts in this router path.',
  `context` int(11) NOT NULL DEFAULT '0' COMMENT 'Only for local tasks (tabs) - the context of a local task to control its placement.',
  `tab_parent` varchar(255) CHARACTER SET latin1 NOT NULL DEFAULT '' COMMENT 'Only for local tasks (tabs) - the router path of the parent page (which may also be a local task).',
  `tab_root` varchar(255) CHARACTER SET latin1 NOT NULL DEFAULT '' COMMENT 'Router path of the closest non-tab parent page. For pages that are not local tasks, this will be the same as the path.',
  `title` varchar(255) CHARACTER SET latin1 NOT NULL DEFAULT '' COMMENT 'The title for the current page, or the title for the tab if this is a local task.',
  `title_callback` varchar(255) CHARACTER SET latin1 NOT NULL DEFAULT '' COMMENT 'A function which will alter the title. Defaults to t()',
  `title_arguments` varchar(255) CHARACTER SET latin1 NOT NULL DEFAULT '' COMMENT 'A serialized array of arguments for the title callback. If empty, the title will be used as the sole argument for the title callback.',
  `theme_callback` varchar(255) CHARACTER SET latin1 NOT NULL DEFAULT '' COMMENT 'A function which returns the name of the theme that will be used to render this page. If left empty, the default theme will be used.',
  `theme_arguments` varchar(255) CHARACTER SET latin1 NOT NULL DEFAULT '' COMMENT 'A serialized array of arguments for the theme callback.',
  `type` int(11) NOT NULL DEFAULT '0' COMMENT 'Numeric representation of the type of the menu item, like MENU_LOCAL_TASK.',
  `description` text CHARACTER SET latin1 NOT NULL COMMENT 'A description of this item.',
  `position` varchar(255) CHARACTER SET latin1 NOT NULL DEFAULT '' COMMENT 'The position of the block (left or right) on the system administration page for this item.',
  `weight` int(11) NOT NULL DEFAULT '0' COMMENT 'Weight of the element. Lighter weights are higher up, heavier weights go down.',
  `include_file` mediumtext CHARACTER SET latin1 COMMENT 'The file to include for this element, usually the page callback function lives in this file.',
  PRIMARY KEY (`path`),
  KEY `fit` (`fit`),
  KEY `tab_parent` (`tab_parent`(64),`weight`,`title`),
  KEY `tab_root_weight_title` (`tab_root`(64),`weight`,`title`)
) ENGINE=InnoDB DEFAULT CHARSET=utf8 COMMENT='Maps paths to various callbacks (access, page and title)';

--
-- Дамп данных таблицы `menu_router`
--

INSERT INTO `menu_router` (`path`, `load_functions`, `to_arg_functions`, `access_callback`, `access_arguments`, `page_callback`, `page_arguments`, `delivery_callback`, `fit`, `number_parts`, `context`, `tab_parent`, `tab_root`, `title`, `title_callback`, `title_arguments`, `theme_callback`, `theme_arguments`, `type`, `description`, `position`, `weight`, `include_file`) VALUES
('academic-board', '', '', 'views_access', 0x613a313a7b693a303b623a313b7d, 'views_page', 0x613a323a7b693a303b733a383a2270726f66696c6573223b693a313b733a363a22706167655f33223b7d, '', 1, 1, 0, '', 'academic-board', '', 't', '', '', 'a:0:{}', 0, '', '', 0, ''),
('admin', '', '', 'user_access', 0x613a313a7b693a303b733a32373a226163636573732061646d696e697374726174696f6e207061676573223b7d, 'system_admin_menu_block_page', 0x613a303a7b7d, '', 1, 1, 0, '', 'admin', 'Administration', 't', '', '', 'a:0:{}', 6, '', '', 9, 'modules/system/system.admin.inc'),
('admin/appearance', '', '', 'user_access', 0x613a313a7b693a303b733a31373a2261646d696e6973746572207468656d6573223b7d, 'system_themes_page', 0x613a303a7b7d, '', 3, 2, 0, '', 'admin/appearance', 'Appearance', 't', '', '', 'a:0:{}', 6, 'Select and configure your themes.', 'left', -6, 'modules/system/system.admin.inc'),
('admin/appearance/default', '', '', 'user_access', 0x613a313a7b693a303b733a31373a2261646d696e6973746572207468656d6573223b7d, 'system_theme_default', 0x613a303a7b7d, '', 7, 3, 0, '', 'admin/appearance/default', 'Set default theme', 't', '', '', 'a:0:{}', 0, '', '', 0, 'modules/system/system.admin.inc'),
('admin/appearance/delta', '', '', 'ctools_export_ui_task_access', 0x613a323a7b693a303b733a353a2264656c7461223b693a313b733a343a226c697374223b7d, 'ctools_export_ui_switcher_page', 0x613a323a7b693a303b733a353a2264656c7461223b693a313b733a343a226c697374223b7d, '', 7, 3, 1, 'admin/appearance', 'admin/appearance', 'Delta', 't', '', '', 'a:0:{}', 132, 'Create additional instances of your theme settings.', '', 0, 'profiles/openpublic/modules/contrib/ctools/includes/export-ui.inc'),
('admin/appearance/delta/add', '', '', 'ctools_export_ui_task_access', 0x613a323a7b693a303b733a353a2264656c7461223b693a313b733a333a22616464223b7d, 'ctools_export_ui_switcher_page', 0x613a323a7b693a303b733a353a2264656c7461223b693a313b733a333a22616464223b7d, '', 15, 4, 1, 'admin/appearance/delta', 'admin/appearance', 'Add', 't', '', '', 'a:0:{}', 388, '', '', 0, 'profiles/openpublic/modules/contrib/ctools/includes/export-ui.inc'),
('admin/appearance/delta/import', '', '', 'ctools_export_ui_task_access', 0x613a323a7b693a303b733a353a2264656c7461223b693a313b733a363a22696d706f7274223b7d, 'ctools_export_ui_switcher_page', 0x613a323a7b693a303b733a353a2264656c7461223b693a313b733a363a22696d706f7274223b7d, '', 15, 4, 1, 'admin/appearance/delta', 'admin/appearance', 'Import', 't', '', '', 'a:0:{}', 388, '', '', 0, 'profiles/openpublic/modules/contrib/ctools/includes/export-ui.inc'),
('admin/appearance/delta/list', '', '', 'ctools_export_ui_task_access', 0x613a323a7b693a303b733a353a2264656c7461223b693a313b733a343a226c697374223b7d, 'ctools_export_ui_switcher_page', 0x613a323a7b693a303b733a353a2264656c7461223b693a313b733a343a226c697374223b7d, '', 15, 4, 1, 'admin/appearance/delta', 'admin/appearance', 'List', 't', '', '', 'a:0:{}', 140, '', '', -10, 'profiles/openpublic/modules/contrib/ctools/includes/export-ui.inc'),
('admin/appearance/delta/list/%', 0x613a313a7b693a343b613a313a7b733a32313a2263746f6f6c735f6578706f72745f75695f6c6f6164223b613a313a7b693a303b733a353a2264656c7461223b7d7d7d, '', 'ctools_export_ui_task_access', 0x613a333a7b693a303b733a353a2264656c7461223b693a313b733a343a2265646974223b693a323b693a343b7d, 'ctools_export_ui_switcher_page', 0x613a333a7b693a303b733a353a2264656c7461223b693a313b733a343a2265646974223b693a323b693a343b7d, '', 30, 5, 0, '', 'admin/appearance/delta/list/%', '', 't', '', '', 'a:0:{}', 0, '', '', 0, 'profiles/openpublic/modules/contrib/ctools/includes/export-ui.inc'),
('admin/appearance/delta/list/%/clone', 0x613a313a7b693a343b613a313a7b733a32313a2263746f6f6c735f6578706f72745f75695f6c6f6164223b613a313a7b693a303b733a353a2264656c7461223b7d7d7d, '', 'ctools_export_ui_task_access', 0x613a333a7b693a303b733a353a2264656c7461223b693a313b733a353a22636c6f6e65223b693a323b693a343b7d, 'ctools_export_ui_switcher_page', 0x613a333a7b693a303b733a353a2264656c7461223b693a313b733a353a22636c6f6e65223b693a323b693a343b7d, '', 61, 6, 0, '', 'admin/appearance/delta/list/%/clone', 'Clone', 't', '', '', 'a:0:{}', 0, '', '', 0, 'profiles/openpublic/modules/contrib/ctools/includes/export-ui.inc'),
('admin/appearance/delta/list/%/configure', 0x613a313a7b693a343b733a31303a2264656c74615f6c6f6164223b7d, '', 'user_access', 0x613a313a7b693a303b733a31363a2261646d696e69737465722064656c7461223b7d, 'drupal_get_form', 0x613a323a7b693a303b733a32353a2264656c74615f75695f6c61796f75745f636f6e666967757265223b693a313b693a343b7d, '', 61, 6, 0, '', 'admin/appearance/delta/list/%/configure', 'Settings', 't', '', '', 'a:0:{}', 6, 'Override settings for a layout.', '', 0, 'profiles/openpublic/modules/contrib/delta/delta_ui/delta_ui.admin.inc'),
('admin/appearance/delta/list/%/delete', 0x613a313a7b693a343b613a313a7b733a32313a2263746f6f6c735f6578706f72745f75695f6c6f6164223b613a313a7b693a303b733a353a2264656c7461223b7d7d7d, '', 'ctools_export_ui_task_access', 0x613a333a7b693a303b733a353a2264656c7461223b693a313b733a363a2264656c657465223b693a323b693a343b7d, 'ctools_export_ui_switcher_page', 0x613a333a7b693a303b733a353a2264656c7461223b693a313b733a363a2264656c657465223b693a323b693a343b7d, '', 61, 6, 0, '', 'admin/appearance/delta/list/%/delete', 'Delete', 't', '', '', 'a:0:{}', 0, '', '', 0, 'profiles/openpublic/modules/contrib/ctools/includes/export-ui.inc'),
('admin/appearance/delta/list/%/disable', 0x613a313a7b693a343b613a313a7b733a32313a2263746f6f6c735f6578706f72745f75695f6c6f6164223b613a313a7b693a303b733a353a2264656c7461223b7d7d7d, '', 'ctools_export_ui_task_access', 0x613a333a7b693a303b733a353a2264656c7461223b693a313b733a373a2264697361626c65223b693a323b693a343b7d, 'ctools_export_ui_switcher_page', 0x613a333a7b693a303b733a353a2264656c7461223b693a313b733a373a2264697361626c65223b693a323b693a343b7d, '', 61, 6, 0, '', 'admin/appearance/delta/list/%/disable', 'Disable', 't', '', '', 'a:0:{}', 0, '', '', 0, 'profiles/openpublic/modules/contrib/ctools/includes/export-ui.inc'),
('admin/appearance/delta/list/%/edit', 0x613a313a7b693a343b613a313a7b733a32313a2263746f6f6c735f6578706f72745f75695f6c6f6164223b613a313a7b693a303b733a353a2264656c7461223b7d7d7d, '', 'ctools_export_ui_task_access', 0x613a333a7b693a303b733a353a2264656c7461223b693a313b733a343a2265646974223b693a323b693a343b7d, 'ctools_export_ui_switcher_page', 0x613a333a7b693a303b733a353a2264656c7461223b693a313b733a343a2265646974223b693a323b693a343b7d, '', 61, 6, 1, 'admin/appearance/delta/list/%', 'admin/appearance/delta/list/%', 'Edit', 't', '', '', 'a:0:{}', 140, '', '', -10, 'profiles/openpublic/modules/contrib/ctools/includes/export-ui.inc'),
('admin/appearance/delta/list/%/enable', 0x613a313a7b693a343b613a313a7b733a32313a2263746f6f6c735f6578706f72745f75695f6c6f6164223b613a313a7b693a303b733a353a2264656c7461223b7d7d7d, '', 'ctools_export_ui_task_access', 0x613a333a7b693a303b733a353a2264656c7461223b693a313b733a363a22656e61626c65223b693a323b693a343b7d, 'ctools_export_ui_switcher_page', 0x613a333a7b693a303b733a353a2264656c7461223b693a313b733a363a22656e61626c65223b693a323b693a343b7d, '', 61, 6, 0, '', 'admin/appearance/delta/list/%/enable', 'Enable', 't', '', '', 'a:0:{}', 0, '', '', 0, 'profiles/openpublic/modules/contrib/ctools/includes/export-ui.inc'),
('admin/appearance/delta/list/%/export', 0x613a313a7b693a343b613a313a7b733a32313a2263746f6f6c735f6578706f72745f75695f6c6f6164223b613a313a7b693a303b733a353a2264656c7461223b7d7d7d, '', 'ctools_export_ui_task_access', 0x613a333a7b693a303b733a353a2264656c7461223b693a313b733a363a226578706f7274223b693a323b693a343b7d, 'ctools_export_ui_switcher_page', 0x613a333a7b693a303b733a353a2264656c7461223b693a313b733a363a226578706f7274223b693a323b693a343b7d, '', 61, 6, 1, 'admin/appearance/delta/list/%', 'admin/appearance/delta/list/%', 'Export', 't', '', '', 'a:0:{}', 132, '', '', 0, 'profiles/openpublic/modules/contrib/ctools/includes/export-ui.inc'),
('admin/appearance/delta/list/%/revert', 0x613a313a7b693a343b613a313a7b733a32313a2263746f6f6c735f6578706f72745f75695f6c6f6164223b613a313a7b693a303b733a353a2264656c7461223b7d7d7d, '', 'ctools_export_ui_task_access', 0x613a333a7b693a303b733a353a2264656c7461223b693a313b733a363a22726576657274223b693a323b693a343b7d, 'ctools_export_ui_switcher_page', 0x613a333a7b693a303b733a353a2264656c7461223b693a313b733a363a2264656c657465223b693a323b693a343b7d, '', 61, 6, 0, '', 'admin/appearance/delta/list/%/revert', 'Revert', 't', '', '', 'a:0:{}', 0, '', '', 0, 'profiles/openpublic/modules/contrib/ctools/includes/export-ui.inc'),
('admin/appearance/disable', '', '', 'user_access', 0x613a313a7b693a303b733a31373a2261646d696e6973746572207468656d6573223b7d, 'system_theme_disable', 0x613a303a7b7d, '', 7, 3, 0, '', 'admin/appearance/disable', 'Disable theme', 't', '', '', 'a:0:{}', 0, '', '', 0, 'modules/system/system.admin.inc'),
('admin/appearance/enable', '', '', 'user_access', 0x613a313a7b693a303b733a31373a2261646d696e6973746572207468656d6573223b7d, 'system_theme_enable', 0x613a303a7b7d, '', 7, 3, 0, '', 'admin/appearance/enable', 'Enable theme', 't', '', '', 'a:0:{}', 0, '', '', 0, 'modules/system/system.admin.inc'),
('admin/appearance/install', '', '', 'update_manager_access', 0x613a303a7b7d, 'drupal_get_form', 0x613a323a7b693a303b733a32373a227570646174655f6d616e616765725f696e7374616c6c5f666f726d223b693a313b733a353a227468656d65223b7d, '', 7, 3, 1, 'admin/appearance', 'admin/appearance', 'Install new theme', 't', '', '', 'a:0:{}', 388, '', '', 25, 'modules/update/update.manager.inc'),
('admin/appearance/list', '', '', 'user_access', 0x613a313a7b693a303b733a31373a2261646d696e6973746572207468656d6573223b7d, 'system_themes_page', 0x613a303a7b7d, '', 7, 3, 1, 'admin/appearance', 'admin/appearance', 'List', 't', '', '', 'a:0:{}', 140, 'Select and configure your theme', '', -1, 'modules/system/system.admin.inc'),
('admin/appearance/settings', '', '', 'user_access', 0x613a313a7b693a303b733a31373a2261646d696e6973746572207468656d6573223b7d, 'drupal_get_form', 0x613a313a7b693a303b733a32313a2273797374656d5f7468656d655f73657474696e6773223b7d, '', 7, 3, 1, 'admin/appearance', 'admin/appearance', 'Settings', 't', '', '', 'a:0:{}', 132, 'Configure default and theme specific settings.', '', 20, 'modules/system/system.admin.inc'),
('admin/appearance/settings/alpha', '', '', '_system_themes_access', 0x[encoded data, 22486 characters], 'delta_theme_settings', 0x613a313a7b693a303b733a353a22616c706861223b7d, '', 15, 4, 1, 'admin/appearance/settings', 'admin/appearance', 'Alpha', 't', '', '', 'a:0:{}', 132, '', '', 0, 'modules/system/system.admin.inc'),
('admin/appearance/settings/bartik', '', '', '_system_themes_access', 0x[encoded data, 5474 characters], 'delta_theme_settings', 0x613a313a7b693a303b733a363a2262617274696b223b7d, '', 15, 4, 1, 'admin/appearance/settings', 'admin/appearance', 'Bartik', 't', '', '', 'a:0:{}', 132, '', '', 0, 'modules/system/system.admin.inc'),
('admin/appearance/settings/garland', '', '', '_system_themes_access', 0x[encoded data, 4318 characters], 'delta_theme_settings', 0x613a313a7b693a303b733a373a226761726c616e64223b7d, '', 15, 4, 1, 'admin/appearance/settings', 'admin/appearance', 'Garland', 't', '', '', 'a:0:{}', 132, '', '', 0, 'modules/system/system.admin.inc'),
('admin/appearance/settings/global', '', '', 'user_access', 0x613a313a7b693a303b733a31373a2261646d696e6973746572207468656d6573223b7d, 'drupal_get_form', 0x613a313a7b693a303b733a32313a2273797374656d5f7468656d655f73657474696e6773223b7d, '', 15, 4, 1, 'admin/appearance/settings', 'admin/appearance', 'Global settings', 't', '', '', 'a:0:{}', 140, '', '', -1, 'modules/system/system.admin.inc');
INSERT INTO `menu_router` (`path`, `load_functions`, `to_arg_functions`, `access_callback`, `access_arguments`, `page_callback`, `page_arguments`, `delivery_callback`, `fit`, `number_parts`, `context`, `tab_parent`, `tab_root`, `title`, `title_callback`, `title_arguments`, `theme_callback`, `theme_arguments`, `type`, `description`, `position`, `weight`, `include_file`) VALUES
('admin/appearance/settings/omega', '', '', '_system_themes_access', 0x[encoded data, 42416 characters], 'delta_theme_settings', 0x613a313a7b693a303b733a353a226f6d656761223b7d, '', 15, 4, 1, 'admin/appearance/settings', 'admin/appearance', 'Omega', 't', '', '', 'a:0:{}', 132, '', '', 0, 'modules/system/system.admin.inc');
INSERT INTO `menu_router` (`path`, `load_functions`, `to_arg_functions`, `access_callback`, `access_arguments`, `page_callback`, `page_arguments`, `delivery_callback`, `fit`, `number_parts`, `context`, `tab_parent`, `tab_root`, `title`, `title_callback`, `title_arguments`, `theme_callback`, `theme_arguments`, `type`, `description`, `position`, `weight`, `include_file`) VALUES
('admin/appearance/settings/openomega', '', '', '_system_themes_access', 0x[encoded data, 44038 characters], 'delta_theme_settings', 0x613a313a7b693a303b733a393a226f70656e6f6d656761223b7d, '', 15, 4, 1, 'admin/appearance/settings', 'admin/appearance', 'OpenOmega', 't', '', '', 'a:0:{}', 132, '', '', 0, 'modules/system/system.admin.inc');
INSERT INTO `menu_router` (`path`, `load_functions`, `to_arg_functions`, `access_callback`, `access_arguments`, `page_callback`, `page_arguments`, `delivery_callback`, `fit`, `number_parts`, `context`, `tab_parent`, `tab_root`, `title`, `title_callback`, `title_arguments`, `theme_callback`, `theme_arguments`, `type`, `description`, `position`, `weight`, `include_file`) VALUES
('admin/appearance/settings/openpublic_theme', '', '', '_system_themes_access', 0x[encoded data, 6052 characters], 'delta_theme_settings', 0x613a313a7b693a303b733a31363a226f70656e7075626c69635f7468656d65223b7d, '', 15, 4, 1, 'admin/appearance/settings', 'admin/appearance', 'OpenPublic', 't', '', '', 'a:0:{}', 132, '', '', 0, 'modules/system/system.admin.inc'),
('admin/appearance/settings/rubik', '', '', '_system_themes_access', 0x[encoded data, 5490 characters], 'delta_theme_settings', 0x613a313a7b693a303b733a353a22727562696b223b7d, '', 15, 4, 1, 'admin/appearance/settings', 'admin/appearance', 'Rubik', 't', '', '', 'a:0:{}', 132, '', '', 0, 'modules/system/system.admin.inc'),
('admin/appearance/settings/seven', '', '', '_system_themes_access', 0x613a313a7b693a303b4f3a383a22737464436c617373223a31323a7b733a383a2266696c656e616d65223b733a32333a227468656d65732f736576656e2f736576656e2e696e666f223b733a343a226e616d65223b733a353a22736576656e223b733a343a2274797065223b733a353a227468656d65223b733a353a226f776e6572223b733a34353a227468656d65732f656e67696e65732f70687074656d706c6174652f70687074656d706c6174652e656e67696e65223b733a363a22737461747573223b733a313a2231223b733a393a22626f6f747374726170223b733a313a2230223b733a31343a22736368656d615f76657273696f6e223b733a323a222d31223b733a363a22776569676874223b733a313a2230223b733a343a22696e666f223b613a31393a7b733a343a226e616d65223b733a353a22536576656e223b733a31313a226465736372697074696f6e223b733a36353a22412073696d706c65206f6e652d636f6c756d6e2c207461626c656c6573732c20666c7569642077696474682061646d696e697374726174696f6e207468656d652e223b733a373a227061636b616765223b733a343a22436f7265223b733a373a2276657273696f6e223b733a343a22372e3832223b733a343a22636f7265223b733a333a22372e78223b733a31313a227374796c65736865657473223b613a313a7b733a363a2273637265656e223b613a323a7b733a393a2272657365742e637373223b733a32323a227468656d65732f736576656e2f72657365742e637373223b733a393a227374796c652e637373223b733a32323a227468656d65732f736576656e2f7374796c652e637373223b7d7d733a383a2273657474696e6773223b613a313a7b733a32303a2273686f72746375745f6d6f64756c655f6c696e6b223b733a313a2231223b7d733a373a22726567696f6e73223b613a383a7b733a373a22636f6e74656e74223b733a373a22436f6e74656e74223b733a343a2268656c70223b733a343a2248656c70223b733a383a22706167655f746f70223b733a383a225061676520746f70223b733a31313a22706167655f626f74746f6d223b733a31313a225061676520626f74746f6d223b733a31333a22736964656261725f6669727374223b733a31333a2246697273742073696465626172223b733a31343a2264617368626f6172645f6d61696e223b733a31363a2244617368626f61726420286d61696e29223b733a31373a2264617368626f6172645f73696465626172223b733a31393a2244617368626f61726420287369646562617229223b733a31383a2264617368626f6172645f696e616374697665223b733a32303a2244617368626f6172642028696e61637469766529223b7d733a31343a22726567696f6e735f68696464656e223b613a333a7b693a303b733a31333a22736964656261725f6669727374223b693a313b733a383a22706167655f746f70223b693a323b733a31313a22706167655f626f74746f6d223b7d733a373a2270726f6a656374223b733a363a2264727570616c223b733a393a22646174657374616d70223b733a31303a2231363236383833363639223b733a363a22656e67696e65223b733a31313a2270687074656d706c617465223b733a383a226665617475726573223b613a393a7b693a303b733a343a226c6f676f223b693a313b733a373a2266617669636f6e223b693a323b733a343a226e616d65223b693a333b733a363a22736c6f67616e223b693a343b733a31373a226e6f64655f757365725f70696374757265223b693a353b733a32303a22636f6d6d656e745f757365725f70696374757265223b693a363b733a32353a22636f6d6d656e745f757365725f766572696669636174696f6e223b693a373b733a393a226d61696e5f6d656e75223b693a383b733a31343a227365636f6e646172795f6d656e75223b7d733a31303a2273637265656e73686f74223b733a32373a227468656d65732f736576656e2f73637265656e73686f742e706e67223b733a333a22706870223b733a353a22352e322e34223b733a373a2273637269707473223b613a303a7b7d733a353a226d74696d65223b693a313632363838333636393b733a31353a226f7665726c61795f726567696f6e73223b613a353a7b693a303b733a31343a2264617368626f6172645f6d61696e223b693a313b733a31373a2264617368626f6172645f73696465626172223b693a323b733a31383a2264617368626f6172645f696e616374697665223b693a333b733a373a22636f6e74656e74223b693a343b733a343a2268656c70223b7d733a32383a226f7665726c61795f737570706c656d656e74616c5f726567696f6e73223b613a313a7b693a303b733a383a22706167655f746f70223b7d7d733a363a22707265666978223b733a31313a2270687074656d706c617465223b733a31313a227374796c65736865657473223b613a313a7b733a363a2273637265656e223b613a323a7b733a393a2272657365742e637373223b733a32323a227468656d65732f736576656e2f72657365742e637373223b733a393a227374796c652e637373223b733a32323a227468656d65732f736576656e2f7374796c652e637373223b7d7d733a363a22656e67696e65223b733a31313a2270687074656d706c617465223b7d7d, 'delta_theme_settings', 0x613a313a7b693a303b733a353a22736576656e223b7d, '', 15, 4, 1, 'admin/appearance/settings', 'admin/appearance', 'Seven', 't', '', '', 'a:0:{}', 132, '', '', 0, 'modules/system/system.admin.inc');
