CREATE TABLE IF NOT EXISTS `node_revision` (
  `nid` int(10) UNSIGNED NOT NULL DEFAULT '0' COMMENT 'The node this version belongs to.',
  `vid` int(10) UNSIGNED NOT NULL AUTO_INCREMENT COMMENT 'The primary identifier for this version.',
  `uid` int(11) NOT NULL DEFAULT '0' COMMENT 'The users.uid that created this version.',
  `title` varchar(255) CHARACTER SET latin1 NOT NULL DEFAULT '' COMMENT 'The title of this version.',
  `log` longtext CHARACTER SET latin1 NOT NULL COMMENT 'The log entry explaining the changes in this version.',
  `timestamp` int(11) NOT NULL DEFAULT '0' COMMENT 'A Unix timestamp indicating when this version was created.',
  `status` int(11) NOT NULL DEFAULT '1' COMMENT 'Boolean indicating whether the node (at the time of this revision) is published (visible to non-administrators).',
  `comment` int(11) NOT NULL DEFAULT '0' COMMENT 'Whether comments are allowed on this node (at the time of this revision): 0 = no, 1 = closed (read only), 2 = open (read/write).',
  `promote` int(11) NOT NULL DEFAULT '0' COMMENT 'Boolean indicating whether the node (at the time of this revision) should be displayed on the front page.',
  `sticky` int(11) NOT NULL DEFAULT '0' COMMENT 'Boolean indicating whether the node (at the time of this revision) should be displayed at the top of lists in which it appears.',
  PRIMARY KEY (`vid`),
  KEY `nid` (`nid`),
  KEY `uid` (`uid`)
) ENGINE=InnoDB AUTO_INCREMENT=1607 DEFAULT CHARSET=utf8 COMMENT='Stores information about each saved version of a node.';

--
-- Дамп данных таблицы `node_revision`
--

INSERT INTO `node_revision` (`nid`, `vid`, `uid`, `title`, `log`, `timestamp`, `status`, `comment`, `promote`, `sticky`) VALUES
(8, 8, 0, 'About the ABC Agency', '', 1331052132, 1, 0, 0, 0),
(25, 25, 214, 'David Grigorian', '', 1502119390, 1, 2, 1, 0),
(26, 26, 0, 'More About Open Government', '', 1331052132, 1, 0, 0, 0),
(27, 27, 0, 'Open Government', '', 1331052132, 1, 0, 0, 0),
(28, 28, 15, 'Vladimir Shekoyan', '', 1355077660, 1, 1, 0, 0),
(30, 30, 0, 'Footer Info', '', 1331052132, 1, 0, 0, 0),
(31, 31, 1, 'Contact Us', '', 1331530238, 1, 1, 1, 0),
(32, 32, 0, 'Get Updates', '', 1331052132, 1, 0, 0, 0),
(33, 33, 1, 'Feedback', '', 1331530121, 1, 1, 1, 0),
(36, 36, 0, 'Press Release kit', '', 1331052132, 1, 0, 0, 0),
(43, 43, 0, 'Site Map', '', 1331052132, 1, 0, 0, 0),
(49, 49, 0, 'Press Contact', '', 1331052132, 1, 0, 0, 0),
(50, 50, 0, 'Open Gov Contact', '', 1331052132, 1, 1, 0, 0),
(57, 59, 1, ' MISSION STATEMENT', '', 1331435603, 1, 2, 0, 0),
(30, 60, 1, 'Footer Info', '', 1331440326, 1, 1, 0, 0),
(30, 61, 1, 'Footer Info', '', 1331440479, 1, 1, 0, 0),
(30, 62, 1, 'Footer Info', '', 1331440529, 1, 1, 0, 0),
(30, 63, 1, 'Footer Info', '', 1331440591, 1, 1, 0, 0),
(58, 64, 1, 'PFA\'s Co-founder Spoke at Carnegie Endowment', '', 1331440863, 1, 2, 0, 0),
(60, 69, 8, 'Armenia: Averting an Economic Catastrophe', '', 1357283482, 1, 2, 1, 0),
(61, 70, 1, 'GWU Presentation of the PFA Election Report 5', '', 1331443033, 1, 2, 0, 0),
(62, 71, 1, 'Nice 1', '', 1331443126, 1, 2, 0, 0),
(63, 72, 1, 'Nice 2', '', 1331443172, 1, 2, 0, 0),
(64, 73, 1, 'Nice 3', '', 1331443209, 1, 2, 0, 0),
(65, 74, 4, 'Meeting the Armenian Community in Nice', '', 1355508269, 1, 1, 0, 0),
(66, 75, 1, 'GWU Presentation of the PFA Election Report 4', '', 1331443397, 1, 2, 0, 0),
(67, 76, 4, 'GWU Presentation of the PFA Election Report', '', 1355508284, 1, 1, 0, 0),
(68, 77, 1, 'Policy Forum Armenia announces the publication of a Special Report on “Armenia: Averting an Economic Catastrophe.”', '', 1331443725, 1, 2, 0, 0),
(69, 78, 1, 'POLICY FORUM ARMENIA ISSUES ITS SECOND STATE OF THE NATION REPORT', '', 1331443827, 1, 2, 0, 0),
(69, 79, 1, 'POLICY FORUM ARMENIA ISSUES ITS SECOND STATE OF THE NATION REPORT', '', 1331443950, 1, 2, 0, 0),
(68, 80, 1, 'Policy Forum Armenia announces the publication of a Special Report on “Armenia: Averting an Economic Catastrophe.”', '', 1331444018, 1, 2, 0, 0),
(74, 85, 1, 'Diaspora Relations: Raffi Hovannisian\'s address to Policy Forum-Armenia', '', 1331444648, 1, 2, 0, 0),
(74, 86, 1, 'Diaspora Relations: Raffi Hovannisian\'s address to Policy Forum-Armenia', '', 1331444670, 1, 2, 0, 0),
(74, 87, 1, 'Diaspora Relations: Raffi Hovannisian\'s address to Policy Forum-Armenia', '', 1331444691, 1, 2, 0, 0),
(74, 88, 1, 'Diaspora Relations: Raffi Hovannisian\'s address to Policy Forum-Armenia', '', 1331444709, 1, 2, 0, 0),
(74, 89, 1, 'Diaspora Relations: Raffi Hovannisian\'s address to Policy Forum-Armenia', '', 1331444729, 1, 2, 0, 0),
(74, 90, 1, 'Diaspora Relations: Raffi Hovannisian\'s address to Policy Forum-Armenia', '', 1331444749, 1, 2, 0, 0),
(75, 91, 8, 'The State of Armenia\'s Environment', '', 1355348674, 1, 2, 1, 0),
(76, 92, 1, 'Event in Memory of Vigen Babayan', '', 1331445656, 1, 2, 0, 0),
(77, 93, 8, 'Armenia-Diaspora Relations: 20 Years Since Independence', '', 1358349537, 1, 2, 1, 0),
(78, 94, 4, 'Yerevan\'s 2009 Municipal Election', '', 1347113755, 1, 2, 1, 0),
(79, 95, 20, 'Implications of the Global Financial Crisis for Armenia', '', 1355169114, 1, 2, 1, 0),
(80, 96, 8, 'Armenia\'s 2008 Presidential Election: Select Issues and Analysis', '', 1357284483, 1, 2, 1, 0),
(84, 101, 4, 'PFA Prospectus', '', 1353467253, 1, 2, 0, 0),
(85, 102, 4, '2008 Annual Report', '', 1353466701, 1, 2, 0, 0),
(86, 103, 20, '2009-10 Annual Report', '', 1353425284, 1, 2, 0, 0),
(43, 104, 1, 'MEMBERSHIP APPLICATION', '', 1331529732, 1, 1, 0, 0),
(87, 105, 1, 'SUPPORT PFA', '', 1331529878, 1, 2, 0, 0),
(90, 108, 1, 'Do you think political stability and economic prosperity can be achieved without due respect to civil liberties and fundamental ', '', 1331560410, 1, 2, 1, 0),
(91, 109, 1, 'ARMENIAN OPPOSITION LEADER SENTENCED TO 7 YEARS', '', 1331562092, 1, 2, 0, 0),
(92, 110, 1, 'ARMENIAN COURT OKS TURKEY PROTOCOLS', '', 1331562188, 1, 2, 0, 0),
(93, 111, 1, 'THE CRISIS 2009: THE WORLD’S WOES REACH ARMENIA', '', 1331562259, 1, 2, 0, 0),
(98, 116, 1, 'Breaking News: Turkish State Wages War Against Kurdish Civilian Political Movement', '', 1331562804, 1, 2, 0, 0),
(98, 117, 1, 'Breaking News: Turkish State Wages War Against Kurdish Civilian Political Movement', '', 1331562836, 1, 2, 0, 0),
(98, 118, 1, 'Breaking News: Turkish State Wages War Against Kurdish Civilian Political Movement', '', 1331562856, 1, 2, 0, 0),
(98, 120, 1, 'Breaking News: Turkish State Wages War Against Kurdish Civilian Political Movement', '', 1331562928, 1, 2, 0, 0),
(100, 122, 1, 'Armenian GDP, Exports Continue Rapid Contraction During October', '', 1331563168, 1, 2, 0, 0),
(101, 123, 1, 'Armenia Ranked Among World’s Most Corrupt Countries', '', 1331563231, 1, 2, 0, 0),
(102, 124, 1, 'IMF Warns Yerevan Over Dram Support', '', 1331563437, 1, 2, 0, 0),
(103, 125, 1, 'LIBRARY', '', 1331563663, 1, 2, 0, 0),
(103, 126, 1, 'LIBRARY', '', 1331563839, 1, 2, 0, 0),
(103, 127, 1, 'LIBRARY', '', 1331563935, 1, 2, 0, 0),
(103, 128, 1, 'LIBRARY', '', 1331564152, 1, 2, 0, 0),
(103, 129, 1, 'LIBRARY', '', 1331564316, 1, 2, 0, 0),
(104, 130, 1, 'PFA INTERNSHIP', '', 1331567555, 1, 2, 0, 0),
(105, 131, 1, 'PFA WATCH LIST', '', 1331567668, 1, 2, 0, 0),
(106, 132, 1, 'USEFUL LINKS TO POLICY-RELATED SITES', '', 1331569206, 1, 2, 0, 0),
(106, 133, 1, 'USEFUL LINKS TO POLICY-RELATED SITES', '', 1331569275, 1, 2, 0, 0),
(107, 134, 4, 'First PFA Meeting in Washington, DC', '', 1347114104, 1, 1, 1, 0),
(108, 135, 1, 'PFA Presents Its Report on Armenia\'s February Presidential Election in Boston', '', 1331598356, 1, 1, 1, 0),
(110, 137, 8, 'PFA\'s Election Report Presented at a George Washington University Seminar', '', 1355339774, 1, 1, 0, 0),
(111, 138, 8, 'PFA Activities Discussed in Nice, France', '', 1355338792, 1, 1, 0, 0),
(30, 139, 4, 'Footer Info', '', 1341449584, 1, 1, 0, 0),
(106, 140, 1, 'SUPPORT US', '', 1343770943, 1, 2, 0, 0),
(30, 141, 1, 'Footer Info', '', 1345123943, 1, 1, 0, 0),
(30, 142, 1, 'Footer Info', '', 1345124024, 1, 1, 0, 0),
(30, 143, 1, 'Footer Info', '', 1345124101, 1, 1, 0, 0),
(30, 144, 1, 'Footer Info', '', 1345124142, 1, 1, 0, 0),
(113, 146, 4, 'PFA’s Statement Concerning the Death of Major Vahe Avetyan', '', 1346503606, 1, 1, 0, 0),
(113, 147, 4, 'PFA’s Statement Concerning the Death of Major Vahe Avetyan', '', 1346503681, 1, 1, 0, 0),
(114, 148, 8, 'Reception on the Occasion of the First Republic\'s Independence', '', 1359429747, 1, 1, 0, 0),
(69, 150, 4, 'Policy Forum Armenia Issues its Second State of the Nation Report', '', 1347114066, 1, 2, 0, 0),
(91, 151, 4, 'Armenian Opposition Leader Sentenced to 7 Years', '', 1347114137, 1, 2, 0, 0),
(92, 152, 4, 'Armenian Court OK\'s Turkey Protocols', '', 1347114319, 1, 2, 0, 0),
(93, 153, 4, 'Crisis 2009: The World\'s Woes Reach Armenia ', '', 1347114402, 1, 2, 0, 0),
(121, 160, 15, 'Socrat Arakelyan', '', 1382898729, 1, 2, 0, 0),
(123, 162, 20, 'Vahagn Asatryan', '', 1354728943, 1, 2, 0, 0),
(124, 163, 20, 'Narine Badasyan', '', 1352232732, 1, 2, 0, 0),
(125, 164, 4, 'Edik Baghdasaryan', '', 1347120755, 1, 2, 0, 0),
(126, 165, 20, 'Mane Beglaryan', '', 1354724169, 1, 2, 0, 0),
(127, 166, 20, 'Ruby Chorbajian', '', 1354724339, 1, 2, 0, 0),
(128, 167, 20, 'Hamazasp Danielyan', '', 1355348782, 1, 2, 0, 0),
(129, 168, 8, 'David Davtian', '', 1412362307, 0, 2, 0, 0),
(130, 169, 226, 'Annie Demirjian', '', 1469946436, 1, 2, 0, 0),
(132, 171, 8, 'Areg Gharabegian', '', 1472677439, 0, 2, 0, 0),
(133, 172, 20, 'Hilda Grigorian', '', 1352232813, 1, 2, 0, 0),
(134, 173, 20, 'Anush Hakobyan', '', 1352233085, 1, 2, 0, 0),
(135, 174, 4, 'Naira Harutyunyan', '', 1347121443, 1, 2, 0, 0),
(136, 175, 20, 'Vahe Heboyan', '', 1352233134, 1, 2, 0, 0),
(137, 176, 20, 'Armen Hovakimian', '', 1352232943, 1, 2, 0, 0),
(138, 177, 20, 'Armine Ishkanian', '', 1385955157, 0, 2, 0, 0),
(139, 178, 4, 'Anna Jenderedjian', '', 1347121680, 1, 2, 0, 0),
(140, 179, 214, 'Zaven Kalayjian', '', 1502119628, 1, 2, 0, 0),
(142, 181, 8, 'Ursula Kazarian', '', 1389045665, 0, 2, 0, 0),
(143, 182, 4, 'Arthur Kachikian', '', 1347121946, 1, 2, 0, 0),
(144, 183, 20, 'Arpine Korekyan', '', 1349885878, 1, 2, 0, 0),
(145, 184, 20, 'Hrant Kostanyan', '', 1363205042, 0, 2, 0, 0),
(146, 185, 4, 'Asbed Kotchikian', '', 1347122110, 1, 2, 0, 0),
(148, 187, 20, 'Ara Manoogian', '', 1349885772, 1, 2, 0, 0),
(151, 190, 20, 'Jeff Masarjian', '', 1349960221, 1, 2, 0, 0),
(153, 192, 20, 'Samvel A. Mkhitaryan  ', '', 1349960583, 1, 2, 0, 0),
(154, 193, 20, 'Vahagn Movsesyan', '', 1355448873, 1, 2, 0, 0),
(155, 194, 20, 'Richard Ohanian', '', 1349961162, 1, 2, 0, 0),
(156, 195, 20, 'Ashot Papoyan', '', 1349961323, 1, 2, 0, 0),
(157, 196, 20, 'Galina Petrosian', '', 1349961478, 1, 2, 0, 0),
(158, 197, 214, 'Rev. Vertanes  Kalayjian', '', 1502119282, 0, 2, 0, 0),
(159, 198, 20, 'Vahe Sahakyan', '', 1349961790, 1, 2, 0, 0),
(160, 199, 20, 'Hayk Sargsyan', '', 1354733568, 1, 2, 0, 0),
(161, 200, 20, 'Audrey Selian', '', 1349962225, 1, 2, 0, 0),
(162, 201, 8, 'Jason Sohigian', '', 1428611001, 0, 2, 0, 0),
(163, 202, 20, 'Arsen Stepanyan', '', 1349962507, 1, 2, 0, 0),
(165, 204, 20, ' Jeffrey Tufenkian', '', 1354725457, 1, 2, 0, 0),
(166, 205, 8, 'Mais Vanoyan', '', 1476716835, 1, 2, 0, 0),
(168, 207, 20, 'IMF Completes Second Review Under Stand-By Arrangement with Armenia, Approves Request for Waiver of Nonobservance of Performance Criterion, Modification of Performance Criteria, and Rephasing of Purchases', '', 1350051245, 1, 1, 0, 0),
(169, 208, 20, 'Armenia Warned To End ‘Oligopoly’', '', 1350051428, 1, 1, 0, 0),
(169, 209, 20, 'Armenia Warned To End ‘Oligopoly’', '', 1350051883, 1, 1, 0, 0),
(168, 210, 20, 'IMF Completes Second Review Under Stand-By Arrangement with Armenia, Approves Request for Waiver of Nonobservance of Performance Criterion, Modification of Performance Criteria, and Rephasing of Purchases', '', 1350051958, 1, 1, 0, 0),
(168, 211, 20, 'IMF Completes Second Review Under Stand-By Arrangement with Armenia, Approves Request for Waiver of Nonobservance of Performance Criterion, Modification of Performance Criteria, and Rephasing of Purchases', '', 1350052267, 1, 1, 0, 0),
(171, 213, 20, 'GEVORG POGHOSIAN: ARMENIAN AND TURKISH SOCIETIES ARE NOT READY FOR', '', 1350052582, 1, 1, 0, 0),
(173, 215, 20, 'Alice  Agulian (Summer 2012)', '', 1371593865, 1, 2, 0, 0),
(174, 216, 20, 'Marine  Sargsyan (Winter 2010)', '', 1352741549, 1, 2, 0, 0),
(175, 217, 15, 'Sosseh Taimoorian (Summer 2011)', '', 1354735713, 1, 2, 0, 0),
(176, 218, 20, 'UNITED STATES COMMISSION ON SECURITY AND COOPERATION IN EUROPE (HELSINKI COMMISSION) HOLDS HEARING: \"ARMENIA AFTER THE ELECTION\"  ', '', 1351632471, 1, 1, 0, 0),
(177, 219, 20, 'Genocide forgotten: Armenians horrified by treaty with Turkey  ', '', 1351633123, 1, 1, 0, 0),
(169, 220, 20, 'Armenia Warned To End ‘Oligopoly’', '', 1351633188, 1, 1, 0, 0),
(178, 221, 20, 'AN OPEN LETTER TO THE ARMENIAN NATION: PROTOCOLS AND PRECONDITIONS', '', 1351700271, 1, 1, 0, 0),
(179, 222, 20, ' LTP\'s - Mayday, Mayday', '', 1351700546, 1, 1, 0, 0),
(180, 223, 20, 'ARMENIA: Little has been achieved in combating crisis', '', 1351700708, 1, 1, 0, 0),
(181, 224, 20, ' Statement of President Barack Obama on Armenian Remembrance Day', '', 1351700775, 1, 1, 0, 0),
(182, 225, 20, 'Weathering the Storm: A commentary on Armenia’s Oligarchs', '', 1351700903, 1, 1, 0, 0),
(183, 226, 20, ' Not Home Alone: Global economic crisis slows Armenian workers’ migration', '', 1351700979, 1, 1, 0, 0),
(184, 227, 20, ' IMF Press Statement', '', 1351701159, 1, 1, 0, 0),
(185, 228, 20, 'ARMENIA SEEKS INTERNATIONAL LOANS TO ALLEVIATE CRISIS  ', '', 1351701247, 1, 1, 0, 0),
(186, 229, 20, ' Obama Foreign Policy', '', 1351701331, 1, 1, 0, 0),
(187, 230, 20, 'Tigran Sargsyan: Armenian government will ensure transparency of its anti-crisis actions  ', '', 1351701401, 1, 1, 0, 0),
(188, 231, 20, 'Armenian Trade Deficit Hits New High  ', '', 1351701496, 1, 1, 0, 0),
(189, 232, 20, ' NO 2009 BUDGET REVISIONS IN ARMENIA, PRIME MINISTER SAYS', '', 1351701572, 1, 1, 0, 0),
(179, 233, 20, ' LTP\'s - Mayday, Mayday', '', 1351701669, 1, 1, 0, 0),
(179, 234, 20, ' LTP\'s - Mayday, Mayday', '', 1351701733, 1, 1, 0, 0),
(190, 235, 20, 'Armenian PM Defends Economic Policies In Face Of Global Crisis', '', 1351701887, 1, 1, 0, 0),
(191, 236, 20, 'Armenian PM Defends Government Response To Global Crisis', '', 1351702039, 1, 1, 0, 0),
(192, 237, 20, ' Armenian ‘Coup’ Trial In Turmoil  ', '', 1351702121, 1, 1, 0, 0),
(193, 238, 20, 'PACE Moves To Sanction Yerevan Over ‘Political Prisoners’', '', 1351702213, 1, 1, 0, 0),
(194, 239, 20, 'Four Oppositionists Cleared Of Coup Charges', '', 1351702326, 1, 1, 0, 0),
(195, 240, 20, 'Armenia Faces Council Of Europe Sanctions  ', '', 1351702423, 1, 1, 0, 0),
(196, 241, 20, 'Turkey Loses Armenian Property Case in European Court on Human Rights', '', 1351702491, 1, 1, 0, 0),
(197, 242, 20, 'Poll Finds Majority in Karabakh Oppose New Referendum  ', '', 1351702555, 1, 1, 0, 0),
(198, 243, 20, ' U.S. Extends Freeze In Armenia Road Funding  ', '', 1351702636, 1, 1, 0, 0),
(199, 244, 20, 'ARF Warns of Turkish Ploys  ', '', 1351702722, 1, 1, 0, 0),
(199, 245, 20, 'ARF Warns of Turkish Ploys  ', '', 1351702749, 1, 1, 0, 0),
(200, 246, 20, ' Prominent Oppositionist Again Denied Armenian Citizenship  ', '', 1351702812, 1, 1, 0, 0),
(201, 247, 20, ' Yerevan Loses More European Court Cases  ', '', 1351703730, 1, 1, 0, 0),
(202, 248, 20, 'Opposition Leader To Continue PACE Boycott', '', 1351703810, 1, 1, 0, 0),
(202, 249, 20, 'Opposition Leader To Continue PACE Boycott', '', 1351703830, 1, 1, 0, 0),
(203, 250, 20, 'Hans Boon: I have worked in over 50 developing states, however this was a unique experience  ', '', 1351703910, 1, 1, 0, 0),
(204, 251, 20, 'Vardan Ayvazyan is Named a Defendant by International Court of Arbitration  ', '', 1351704048, 1, 1, 0, 0),
(205, 252, 20, 'Ambushed: Investigative journalist becomes victim of violent attack', '', 1351704170, 1, 1, 0, 0),
(206, 253, 20, 'Investigative Journalist Attacked in Yerevan  ', '', 1351704239, 1, 1, 0, 0),
(207, 254, 20, 'Double Deprived: “High ranked”corruption affects orphans’ housing  ', '', 1351704308, 1, 1, 0, 0),
(208, 255, 20, ' ARMENIAN MOLY CODDLED: Something funny happened on the way to the roaster', '', 1351705307, 1, 1, 0, 0),
(209, 256, 20, 'The Caucasus After the War: An edgy neighborhood has become both more dangerous and more important  ', '', 1351705431, 1, 1, 0, 0),
(210, 257, 20, ' REPORT: IYC’s monitoring mission of the local government elections in Kentron, Nor-Nork, Nork-Marash, Avan, Davitashen and Shengavit communities of Yerevan', '', 1351705555, 1, 1, 0, 0),
(211, 258, 20, 'EX-PREMIER: WORLD FINANCIAL CRISIS CONTAINS RISKS FOR ARMENIAN ECONOMY', '', 1351705644, 1, 1, 0, 0),
(212, 259, 20, ' Serious tendency of real estate prices correction in Armenia  ', '', 1351705727, 1, 1, 0, 0),
(213, 260, 20, ' ARMENIA\'S MONOPOLISTS GET 100 PERCENT PROFIT IN 2007  ', '', 1351705813, 1, 1, 0, 0),
(214, 261, 20, 'WEF: Corruption, low level of tax administration, regulation of exchange rates and unsatisfactory work of state machine are main obstacles for Armenia\'s economy  ', '', 1351705875, 1, 1, 0, 0),
(215, 262, 20, 'ARMENIA: Sargsyan government weathers March storms  ', '', 1351705989, 1, 1, 0, 0),
(216, 263, 20, 'Sarkisian Vows ‘Drastic Steps’ Against Corruption', '', 1351706093, 1, 1, 0, 0),
(215, 264, 20, 'ARMENIA: Sargsyan government weathers March storms  ', '', 1351706170, 1, 1, 0, 0),
(217, 265, 20, 'Armenia: PACE Monitoring Committee remains concerned about the limited progress with regard to the implementation of Resolutions 1609 and 1620', '', 1351706267, 1, 1, 0, 0),
(218, 266, 20, ' RUSSIAN-AZERBAIJAN RELATIONS: TIME FOR A GRAND BARGAIN?', '', 1351706381, 1, 1, 0, 0),
(219, 267, 20, 'Armenia Slides In Global Corruption Rankings  ', '', 1351706444, 1, 1, 0, 0),
(219, 268, 20, 'Armenia Slides In Global Corruption Rankings  ', '', 1351706461, 1, 1, 0, 0),
(220, 269, 20, 'ARMENIA/TURKEY: Opportunity opens for rapprochement', '', 1351706560, 1, 1, 0, 0),
(221, 270, 20, 'Yerevan After Gul: Half Way There', '', 1351706664, 1, 1, 0, 0),
(106, 271, 4, 'SUPPORT US', '', 1351736153, 1, 2, 0, 0),
(106, 272, 4, 'SUPPORT US', '', 1351736270, 1, 2, 0, 0),
(106, 274, 4, 'SUPPORT PFA', '', 1351997643, 1, 2, 0, 0),
(106, 275, 4, 'SUPPORT PFA', '', 1351997925, 1, 2, 0, 0),
(223, 276, 15, 'Evelina  Beknazaryan (Summer 2011)', '', 1354734852, 1, 2, 0, 0),
(106, 277, 4, 'SUPPORT PFA', '', 1352079602, 1, 2, 0, 0),
(106, 278, 8, 'SUPPORT PFA', '', 1352082906, 1, 2, 0, 0),
(57, 279, 20, ' MISSION STATEMENT', '', 1352131238, 1, 2, 0, 0),
(57, 280, 20, ' MISSION STATEMENT', '', 1352133492, 1, 2, 0, 0),
(57, 281, 20, ' MISSION STATEMENT', '', 1352135037, 1, 2, 0, 0),
(57, 282, 20, ' MISSION STATEMENT', '', 1352135292, 1, 2, 0, 0),
(57, 283, 20, ' MISSION STATEMENT', '', 1352135525, 1, 2, 0, 0),
(57, 284, 20, 'OUR MISSION ', '', 1352135586, 1, 2, 0, 0),
(57, 285, 20, 'OUR MISSION ', '', 1352135714, 1, 2, 0, 0),
(57, 286, 20, 'OUR MISSION ', '', 1352135841, 1, 2, 0, 0),
(57, 287, 20, 'OUR MISSION ', '', 1352135966, 1, 2, 0, 0),
(57, 288, 20, 'OUR MISSION ', '', 1352136007, 1, 2, 0, 0),
(57, 289, 20, 'OUR MISSION ', '', 1352213307, 1, 2, 0, 0),
(57, 290, 20, 'OUR MISSION ', '', 1352213497, 1, 2, 0, 0),
(57, 291, 20, 'OUR MISSION ', '', 1352213588, 1, 2, 0, 0),
(225, 314, 20, 'Garo Yegnukian', '', 1352237328, 1, 2, 0, 0),
(226, 315, 15, 'PFA Senior Fellow Spoke about Corruption at a New Jersey Seminar', '', 1352396532, 1, 1, 0, 0),
(226, 316, 15, 'PFA Senior Fellow Spoke about Corruption at a New Jersey Seminar', '', 1352396702, 1, 1, 0, 0),
(226, 318, 15, 'PFA Senior Fellow Spoke about Corruption at a New Jersey Seminar', '', 1352407084, 1, 1, 0, 0),
(228, 319, 15, 'PFA\'s Co-founder Spoke at Carnegie Endowment', '', 1352407599, 1, 1, 0, 0),
(228, 321, 15, 'PFA\'s Co-founder Spoke at Carnegie Endowment', '', 1352407998, 1, 1, 0, 0),
(228, 322, 15, 'PFA\'s Co-founder Spoke at Carnegie Endowment', '', 1352408094, 1, 1, 0, 0),
(228, 323, 15, 'PFA\'s Co-founder Spoke at Carnegie Endowment', '', 1352408267, 1, 1, 0, 0),
(230, 324, 15, 'PFA’s Co-founder Spoke at an Event on Artsakh’s Development', '', 1352408487, 1, 1, 0, 0),
(230, 325, 15, 'PFA’s Co-founder Spoke at an Event on Artsakh’s Development', '', 1352408593, 1, 1, 0, 0),
(231, 326, 15, 'PFA Issues Its 2009-2010 Annual Report', '', 1352409490, 1, 1, 0, 0),
(231, 327, 15, 'PFA Issues Its 2009-2010 Annual Report', '', 1352445537, 1, 1, 0, 0),
(232, 328, 15, 'Raffi Hovannisian\'s hunger strike', '', 1352522758, 1, 1, 0, 0),
(103, 332, 4, 'LIBRARY', '', 1352601331, 1, 2, 0, 0),
(103, 333, 4, 'LIBRARY', '', 1352601402, 1, 2, 0, 0),
(103, 334, 4, 'LIBRARY', '', 1352601488, 1, 2, 0, 0),
(103, 335, 4, 'LIBRARY', '', 1352607482, 1, 2, 0, 0),
(103, 336, 4, 'LIBRARY', '', 1352607510, 1, 2, 0, 0),
(103, 337, 4, 'LIBRARY', '', 1352607596, 1, 2, 0, 0),
(103, 338, 4, 'LIBRARY', '', 1352607662, 1, 2, 0, 0),
(103, 339, 4, 'LIBRARY', '', 1352607729, 1, 2, 0, 0),
(103, 340, 4, 'LIBRARY', '', 1352608207, 1, 2, 0, 0),
(103, 341, 4, 'LIBRARY', '', 1352608228, 1, 2, 0, 0),
(103, 342, 4, 'LIBRARY', '', 1352608297, 1, 2, 0, 0),
(103, 343, 4, 'LIBRARY', '', 1352609113, 1, 2, 0, 0),
(103, 344, 4, 'LIBRARY', '', 1352609162, 1, 2, 0, 0),
(103, 345, 4, 'LIBRARY', '', 1352609384, 1, 2, 0, 0),
(105, 346, 4, 'PFA WATCH LIST', '', 1352609560, 1, 2, 0, 0),
(236, 347, 20, 'Tamar Gasparian', '', 1355336107, 1, 2, 0, 0),
(237, 348, 8, 'Gassia  Assadourian', '', 1358919115, 1, 2, 0, 0),
(105, 349, 20, 'PFA WATCH LIST', '', 1352739181, 1, 2, 0, 0),
(105, 350, 20, 'PFA WATCH LIST', '', 1352739563, 1, 2, 0, 0),
(105, 354, 20, 'PFA WATCH LIST', '', 1352739785, 1, 2, 0, 0),
(105, 356, 20, 'PFA WATCH LIST', '', 1352739874, 1, 2, 0, 0),
(239, 359, 15, 'PFA Diaspora Report Presented at a UC Berkeley Symposium', '', 1353273656, 1, 1, 0, 0),
(241, 361, 15, 'PFA issues a statement following the death of Lt. Artak Nazaryan ', '', 1353276442, 1, 1, 0, 0),
(105, 362, 20, 'PFA WATCH LIST', '', 1353423604, 1, 2, 0, 0),
(105, 363, 20, 'PFA WATCH LIST', '', 1353423637, 1, 2, 0, 0),
(105, 365, 20, 'PFA WATCH LIST', 'Copy of the revision from <em class=\"placeholder\">Mon, 2012-11-12 12:04</em>.', 1353424054, 1, 2, 0, 0),
(105, 366, 20, 'PFA WATCH LIST', 'Copy of the revision from <em class=\"placeholder\">Sat, 2012-11-10 23:52</em>.', 1353424081, 1, 2, 0, 0),
(76, 367, 4, 'Event in Memory of Vigen Babayan', '', 1353466226, 1, 2, 0, 0),
(242, 368, 4, 'I am happy with the general direction Armenia is heading.', '', 1355287984, 1, 2, 1, 0),
(243, 369, 15, 'Talin Baghdadlian (Summer 2012)', '', 1354734798, 1, 2, 0, 0),
(245, 371, 20, 'Test', '', 1353945855, 1, 2, 0, 0),
(246, 372, 20, '1', '', 1353946064, 1, 2, 0, 0),
(247, 373, 20, 'Nice 4', '', 1353946184, 1, 2, 0, 0),
(248, 374, 20, 'Nice 4', '', 1353946253, 1, 2, 0, 0),
(251, 377, 214, 'Aramayis Baloyan ', '', 1469026574, 0, 2, 0, 0),
(252, 378, 15, 'Armen  Avagyan (Summer 2009) ', '', 1355161882, 1, 2, 0, 0),
(253, 379, 8, 'Hosting Members of Sardarapat Movement', '', 1359429691, 1, 1, 0, 0),
(254, 380, 4, 'Tigran Khzmalyan and Greg Aftandilian', '', 1354160603, 1, 2, 0, 0),
(255, 381, 4, 'Tigran Khzmalyan and Ruben Adalian', '', 1354579864, 1, 2, 0, 0),
(257, 383, 4, 'Greg Aftandilian and Garegin Chugaszyan', '', 1354579760, 1, 2, 0, 0),
(258, 384, 4, 'Guests at the reception', '', 1354579772, 1, 2, 0, 0),
(259, 385, 4, 'Guests at the reception', '', 1354579788, 1, 2, 0, 0),
(260, 386, 4, 'Ruben Adalian, guest speaker for the evening', '', 1354579805, 1, 2, 0, 0),
(261, 387, 4, 'Guests at the reception', '', 1354579818, 1, 2, 0, 0),
(262, 388, 4, 'Tigran Khzmalyan spoke about Armenian independence, then and today', '', 1354580557, 1, 2, 0, 0),
(263, 389, 4, 'Garegin Chugaszyan, discussing his vision of independence', '', 1354579831, 1, 2, 0, 0),
(264, 390, 4, 'David Grigorian and Susan Karamanian', '', 1354579843, 1, 2, 0, 0),
(265, 391, 20, 'Hrach  Kalsahakian', '', 1354241092, 1, 2, 0, 0),
(266, 392, 15, 'Hamazasp  Danielyan (Summer 2008)', '', 1354734965, 1, 2, 0, 0),
(270, 404, 20, 'ARF and Armenia: How to Withstand the Challenges of the Future?', '', 1354508913, 1, 1, 0, 0),
(270, 405, 20, 'ARF and Armenia: How to Withstand the Challenges of the Future?', '', 1354509084, 1, 1, 0, 0),
(271, 406, 20, 'PFA Holds Reception on May 28', '', 1354509449, 1, 1, 0, 0),
(271, 407, 20, 'PFA Holds Reception on May 28', '', 1354509484, 1, 1, 0, 0),
(76, 409, 4, 'Event in Memory of Vigen Babayan', '', 1354577989, 1, 2, 0, 0),
(272, 410, 4, 'Evening in Memory of Vigen Babayan', '', 1354578225, 1, 2, 0, 0),
(76, 411, 4, 'Event in Memory of Vigen Babayan', '', 1354578278, 1, 2, 0, 0),
(76, 412, 4, 'Event in Memory of Vigen Babayan', '', 1354578357, 1, 2, 0, 0),
(273, 413, 4, '2nd Annual PFA Forum on Armenia-Diaspora Relations', '', 1354578694, 1, 2, 0, 0),
(273, 414, 4, '2nd Annual PFA Forum on Armenia-Diaspora Relations', '', 1354578769, 1, 2, 0, 0),
(273, 415, 4, '2nd Annual PFA Forum on Armenia-Diaspora Relations', '', 1354578908, 1, 2, 0, 0),
(273, 416, 4, '2nd Annual PFA Forum on Armenia-Diaspora Relations', '', 1354579009, 1, 2, 0, 0),
(273, 417, 4, '2nd Annual PFA Forum on Armenia-Diaspora Relations', '', 1354579077, 1, 2, 0, 0),
(273, 418, 4, '2nd Annual PFA Forum on Armenia-Diaspora Relations', '', 1354579132, 1, 2, 0, 0),
(273, 419, 4, '2nd Annual PFA Forum on Armenia-Diaspora Relations', '', 1354579162, 1, 2, 0, 0),
(273, 420, 4, '2nd Annual PFA Forum on Armenia-Diaspora Relations', '', 1354579433, 1, 2, 0, 0),
(273, 421, 4, '2nd Annual PFA Forum on Armenia-Diaspora Relations', '', 1354579611, 1, 2, 0, 0),
(273, 422, 4, '2nd Annual PFA Forum on Armenia-Diaspora Relations', '', 1354621472, 1, 2, 0, 0),
(273, 423, 4, '2nd Annual PFA Forum on Armenia-Diaspora Relations', '', 1354621549, 1, 2, 0, 0),
(273, 424, 4, '2nd Annual PFA Forum on Armenia-Diaspora Relations', '', 1354621591, 1, 2, 0, 0),
(273, 425, 4, '2nd Annual PFA Forum on Armenia-Diaspora Relations', '', 1354621848, 1, 2, 0, 0),
(273, 426, 4, '2nd Annual PFA Forum on Armenia-Diaspora Relations', '', 1354621880, 1, 2, 0, 0),
(273, 427, 4, '2nd Annual PFA Forum on Armenia-Diaspora Relations', '', 1354621918, 1, 2, 0, 0),
(273, 428, 4, '2nd Annual PFA Forum on Armenia-Diaspora Relations', '', 1354622180, 1, 2, 0, 0),
(273, 429, 4, '2nd Annual PFA Forum on Armenia-Diaspora Relations', '', 1354622231, 1, 2, 0, 0),
(274, 430, 8, 'PFA\'s 2nd Annual Forum on Armenia-Diaspora Relations', '', 1359005046, 1, 1, 0, 0),
(276, 433, 8, 'Evening in Memory of Vigen Babayan', '', 1355338967, 1, 1, 0, 0),
(277, 446, 8, 'High Level Economic Forum in Yerevan', '', 1359347822, 1, 1, 0, 0),
(278, 447, 4, 'Armenia:  Weathering the Global Storm', '', 1354681520, 1, 2, 0, 0),
(281, 450, 20, 'Tigran  Sedrakyan ', '', 1354728900, 1, 2, 0, 0),
(282, 451, 20, 'Roundtable on the Role of Elections in Armenia  ', '', 1354731709, 1, 1, 0, 0),
(284, 453, 8, 'Roundtable on Karabakh at the Carnegie Endowment', '', 1355339260, 1, 1, 0, 0),
(285, 454, 8, 'Presentation of PFA\'s Diaspora Report in Glendale  ', '', 1359429855, 1, 1, 0, 0),
(286, 455, 20, 'Biographies of panelists', '', 1354738203, 1, 2, 0, 0),
(286, 456, 20, 'Biographies of panelists', '', 1354738215, 1, 2, 0, 0),
(287, 457, 8, 'Diaspora Report Presentation in Glendale  ', '', 1359429789, 1, 1, 0, 0),
(288, 458, 20, 'Diaspora Report Presentation in Glendale ', '', 1354739125, 1, 2, 0, 0),
(289, 459, 20, 'Diaspora Report Presentation in Glendale ', '', 1354739126, 1, 2, 0, 0),
(290, 460, 20, 'Diaspora Report Presentation in Glendale  ', '', 1354739217, 1, 2, 0, 0),
(291, 461, 20, 'Diaspora Report Presentation', '', 1354739356, 1, 2, 0, 0),
(292, 462, 20, 'Presentation in Glendale ', '', 1354739547, 1, 2, 0, 0),
(293, 463, 20, 'Discussions ', '', 1354739606, 1, 2, 0, 0),
(294, 464, 20, 'Q&A', '', 1354739641, 1, 2, 0, 0),
(295, 465, 8, 'Seminar Series To Discuss Armenia-Turkey Protocols  ', '', 1359347730, 1, 1, 0, 0),
(296, 466, 20, 'Biographies of Presenters  ', '', 1354740698, 1, 2, 0, 0),
(296, 467, 20, 'Biographies of Presenters  ', '', 1354740715, 1, 2, 0, 0),
(297, 468, 20, 'Biographies of Presenters  ', '', 1354740956, 1, 2, 0, 0),
(297, 469, 20, 'Biographies of Presenters  ', '', 1354740966, 1, 2, 0, 0),
(228, 470, 20, 'PFA\'s Co-founder Spoke at Carnegie Endowment', '', 1354743711, 1, 1, 0, 0),
(230, 471, 20, 'PFA’s Co-founder Spoke at an Event on Artsakh’s Development', '', 1354744156, 1, 1, 0, 0),
(230, 472, 20, 'PFA’s Co-founder Spoke at an Event on Artsakh’s Development', '', 1354744192, 1, 1, 0, 0),
(230, 473, 20, 'PFA’s Co-founder Spoke at an Event on Artsakh’s Development', '', 1354744333, 1, 1, 0, 0),
(297, 474, 20, 'Biographies of Presenters  ', '', 1354746246, 1, 2, 0, 0),
(228, 475, 20, 'PFA\'s Co-founder Spoke at Carnegie Endowment', '', 1354746632, 1, 1, 0, 0),
(278, 476, 4, 'Armenia:  Weathering the Global Storm', '', 1354763606, 1, 2, 0, 0),
(299, 478, 4, 'High Level Economic Forum in Yerevan', '', 1354767776, 1, 1, 0, 0),
(300, 479, 4, 'Armenia-Turkey Protocols: Seminar I  ', '', 1355508321, 1, 1, 0, 0),
(301, 480, 20, 'Seminar 1', '', 1354810863, 1, 2, 0, 0),
(302, 481, 20, 'Seminar I', '', 1354810909, 1, 2, 0, 0),
(303, 482, 20, 'Seminar II', '', 1354983236, 1, 2, 0, 0),
(304, 483, 20, 'Seminar III', '', 1354811302, 1, 2, 0, 0),
(232, 490, 20, 'Raffi Hovannisian\'s hunger strike', '', 1354812847, 1, 1, 0, 0),
(232, 494, 20, 'Raffi Hovannisian\'s hunger strike', '', 1354813159, 1, 1, 0, 0),
(232, 495, 20, 'Raffi Hovannisian\'s hunger strike', '', 1354813207, 1, 1, 0, 0),
(232, 497, 20, 'Raffi Hovannisian\'s hunger strike', '', 1354813298, 1, 1, 0, 0),
(232, 499, 20, 'Raffi Hovannisian\'s hunger strike', '', 1354813439, 1, 1, 0, 0),
(232, 500, 20, 'Raffi Hovannisian\'s hunger strike', '', 1354813466, 1, 1, 0, 0),
(230, 501, 20, 'PFA’s Co-founder Spoke at an Event on Artsakh’s Development', '', 1354813919, 1, 1, 0, 0),
(230, 502, 20, 'PFA’s Co-founder Spoke at an Event on Artsakh’s Development', '', 1354813941, 1, 1, 0, 0),
(305, 511, 4, 'Human Rights, Society, Religion Reports', '', 1354935337, 1, 2, 0, 0),
(305, 512, 4, 'Human Rights, Society, Religion Reports', '', 1354935358, 1, 2, 0, 0),
(103, 513, 4, 'LIBRARY', '', 1354935434, 1, 2, 0, 0),
(305, 514, 4, 'Human Rights, Society, Religion Reports', '', 1354935463, 1, 2, 0, 0),
(306, 515, 4, 'Law and Governance', '', 1354935565, 1, 2, 0, 0),
(306, 516, 4, 'Law and Governance Reports', '', 1354935632, 1, 2, 0, 0),
(103, 517, 4, 'LIBRARY', '', 1354935679, 1, 2, 0, 0),
(306, 518, 4, 'Law and Governance Reports', '', 1354935701, 1, 2, 0, 0),
(307, 519, 4, 'Economics, Finance, Business, and Development ', '', 1354935750, 1, 2, 0, 0),
(307, 520, 4, 'Economics, Finance, Business, and Development ', '', 1354935782, 1, 2, 0, 0),
(307, 521, 4, 'Economics, Finance, Business, and Development ', '', 1354935794, 1, 2, 0, 0),
(307, 522, 4, 'Economics, Finance, Business, and Development ', '', 1354935827, 1, 2, 0, 0),
(103, 523, 4, 'LIBRARY', '', 1354935846, 1, 2, 0, 0),
(308, 524, 4, 'Politics and International Relations', '', 1354935919, 1, 2, 0, 0),
(308, 525, 4, 'Politics and International Relations', '', 1354935953, 1, 2, 0, 0),
(103, 526, 4, 'LIBRARY', '', 1354935969, 1, 2, 0, 0),
(309, 527, 4, 'Science, Technology, and Environment', '', 1354936042, 1, 2, 0, 0),
(103, 528, 4, 'LIBRARY', '', 1354936074, 1, 2, 0, 0),
(309, 529, 4, 'Science, Technology, and Environment', '', 1354936318, 1, 2, 0, 0),
(305, 530, 4, 'Human Rights, Society, Religion Reports', '', 1354936560, 1, 2, 0, 0),
(305, 531, 4, 'Human Rights, Society, Religion Reports', '', 1354936604, 1, 2, 0, 0),
(307, 532, 4, 'Economics, Finance, Business, and Development ', '', 1354936675, 1, 2, 0, 0),
(309, 533, 4, 'Science, Technology, and Environment', '', 1354936710, 1, 2, 0, 0),
(306, 534, 4, 'Law and Governance Reports', '', 1354936773, 1, 2, 0, 0),
(103, 535, 4, 'LIBRARY', '', 1354936839, 1, 2, 0, 0),
(76, 536, 4, 'Event in Memory of Vigen Babayan', '', 1354937577, 1, 2, 0, 0),
(305, 537, 4, 'Human Rights, Society, Religion Reports', '', 1354938005, 1, 2, 0, 0),
(305, 538, 4, 'Human Rights, Society, Religion Reports', '', 1354938057, 1, 2, 0, 0),
(310, 539, 15, 'Tsovinar Nazaryan (Winter 2010) ', '', 1354955470, 1, 2, 0, 0),
(311, 540, 20, 'Evening in Memory of Vigen Babayan', '', 1354982666, 1, 2, 0, 0),
(312, 541, 4, 'Evening in Memory of Vigen Babayan', '', 1355508331, 1, 1, 0, 0),
(313, 542, 20, 'Evening in Memory of Vigen Babayan', '', 1354982722, 1, 2, 0, 0),
(314, 543, 20, 'Evening in Memory of Vigen Babayan', '', 1354982768, 1, 2, 0, 0),
(315, 544, 20, 'Evening in Memory of Vigen Babayan', '', 1354982817, 1, 2, 0, 0),
(316, 545, 20, 'Evening in Memory of Vigen Babayan', '', 1354982860, 1, 2, 0, 0),
(317, 546, 20, 'Evening in Memory of Vigen Babayan', '', 1354982920, 1, 2, 0, 0),
(318, 547, 15, 'Diana  Khachaturyan (Summer 2012)', '', 1355005028, 1, 2, 0, 0),
(324, 553, 15, 'Viken Attarian', '', 1355771500, 1, 2, 0, 0),
(325, 554, 20, 'Guest Speakers\' Background  ', '', 1355081047, 1, 2, 0, 0),
(325, 555, 20, 'Guest Speakers\' Background  ', '', 1355081066, 1, 2, 0, 0),
(326, 556, 20, 'High Level Economic Forum in Yerevan', '', 1355081757, 1, 2, 0, 0),
(327, 557, 15, 'High Level Economic Forum in Yerevan', '', 1355381944, 1, 2, 0, 0),
(328, 558, 15, 'High Level Economic Forum in Yerevan', '', 1355382058, 1, 2, 0, 0),
(329, 559, 20, 'High Level Economic Forum in Yerevan', '', 1355081904, 1, 1, 0, 0),
(330, 560, 15, 'High Level Economic Forum in Yerevan', '', 1355382118, 1, 2, 0, 0),
(331, 561, 15, 'High Level Economic Forum in Yerevan', '', 1355381885, 1, 2, 0, 0),
(332, 562, 15, 'High Level Economic Forum in Yerevan', '', 1355381855, 1, 2, 0, 0),
(334, 564, 15, 'High Level Economic Forum in Yerevan', '', 1355382273, 1, 2, 0, 0),
(335, 565, 20, 'High Level Economic Forum in Yerevan', '', 1355082313, 1, 2, 0, 0),
(336, 566, 20, 'High Level Economic Forum in Yerevan', '', 1355082324, 1, 2, 0, 0),
(337, 567, 15, 'High Level Economic Forum in Yerevan', '', 1355382409, 1, 2, 0, 0),
(338, 568, 15, 'High Level Economic Forum in Yerevan', '', 1355382527, 1, 2, 0, 0),
(339, 569, 15, 'High Level Economic Forum in Yerevan', '', 1355382598, 1, 2, 0, 0),
(340, 570, 20, 'High Level Economic Forum in Yerevan', '', 1355082519, 1, 2, 0, 0),
(341, 571, 20, 'High Level Economic Forum in Yerevan', '', 1355082585, 1, 2, 0, 0),
(342, 572, 20, 'High Level Economic Forum in Yerevan', '', 1355082629, 1, 2, 0, 0),
(343, 573, 20, 'High Level Economic Forum in Yerevan', '', 1355082689, 1, 2, 0, 0),
(344, 574, 20, 'High Level Economic Forum in Yerevan', '', 1355082741, 1, 2, 0, 0),
(345, 575, 20, 'High Level Economic Forum in Yerevan', '', 1355082781, 1, 2, 0, 0),
(346, 576, 20, 'High Level Economic Forum in Yerevan', '', 1355082830, 1, 2, 0, 0),
(347, 577, 20, 'High Level Economic Forum in Yerevan', '', 1355082839, 1, 2, 0, 0),
(348, 578, 20, 'High Level Economic Forum in Yerevan', '', 1355082882, 1, 2, 0, 0),
(349, 579, 20, 'High Level Economic Forum in Yerevan', '', 1355082935, 1, 2, 0, 0),
(350, 580, 20, 'High Level Economic Forum in Yerevan', '', 1355082966, 1, 2, 0, 0),
(351, 581, 20, 'High Level Economic Forum in Yerevan', '', 1355083009, 1, 2, 0, 0),
(352, 582, 20, 'High Level Economic Forum in Yerevan', '', 1355083042, 1, 2, 0, 0),
(353, 583, 20, 'High Level Economic Forum in Yerevan', '', 1355083079, 1, 2, 0, 0),
(354, 584, 20, 'High Level Economic Forum in Yerevan', '', 1355083101, 1, 2, 0, 0),
(355, 585, 20, 'High Level Economic Forum in Yerevan', '', 1355083150, 1, 2, 0, 0),
(356, 586, 20, 'High Level Economic Forum in Yerevan', '', 1355083175, 1, 2, 0, 0),
(357, 587, 20, 'High Level Economic Forum in Yerevan', '', 1355083219, 1, 2, 0, 0),
(358, 588, 20, 'High Level Economic Forum in Yerevan', '', 1355083284, 1, 2, 0, 0),
(359, 589, 20, 'High Level Economic Forum in Yerevan', '', 1355083313, 1, 2, 0, 0),
(360, 590, 20, 'High Level Economic Forum in Yerevan', '', 1355083357, 1, 2, 0, 0),
(361, 591, 15, 'High Level Economic Forum in Yerevan', '', 1355382632, 1, 2, 0, 0),
(363, 593, 20, 'high Level Economic Forum in Yerevan', '', 1355083503, 1, 2, 0, 0),
(365, 595, 20, 'high Level Economic Forum in Yerevan', '', 1355083577, 1, 2, 0, 0),
(366, 596, 20, 'high Level Economic Forum in Yerevan', '', 1355083621, 1, 2, 0, 0),
(368, 598, 20, 'high Level Economic Forum in Yerevan', '', 1355083679, 1, 2, 0, 0),
(371, 601, 20, 'Forum in the Media', '', 1355084094, 1, 2, 0, 0),
(371, 602, 20, 'Forum in the Media', '', 1355084114, 1, 2, 0, 0),
(325, 603, 20, 'Guest Speakers\' Background  ', '', 1355084311, 1, 2, 0, 0),
(241, 604, 20, 'PFA issues a statement following the death of Lt. Artak Nazaryan ', '', 1355084711, 1, 1, 0, 0),
(241, 605, 20, 'PFA issues a statement following the death of Lt. Artak Nazaryan ', '', 1355084736, 1, 1, 0, 0),
(241, 606, 20, 'PFA issues a statement following the death of Lt. Artak Nazaryan ', '', 1355084869, 1, 1, 0, 0),
(372, 607, 8, 'Armenia’s Ombudsman Talks about Human Rights Issues in Armenia at a PFA Event', '', 1359348029, 1, 1, 0, 0),
(373, 608, 20, 'PFA Issues a Statement on the Dram Devaluation in Armenia', '', 1355085390, 1, 1, 0, 0),
(373, 609, 20, 'PFA Issues a Statement on the Dram Devaluation in Armenia', '', 1355085489, 1, 1, 0, 0),
(373, 610, 20, 'PFA Issues a Statement on the Dram Devaluation in Armenia', '', 1355085536, 1, 1, 0, 0),
(373, 611, 20, 'PFA Issues a Statement on the Dram Devaluation in Armenia', '', 1355085617, 1, 1, 0, 0),
(373, 612, 20, 'PFA Issues a Statement on the Dram Devaluation in Armenia', '', 1355085691, 1, 1, 0, 0),
(374, 613, 20, 'PFA\'s Statement on the Attack on Investigative Journalist Edik Baghdasaryan', '', 1355085891, 1, 1, 0, 0),
(374, 614, 20, 'PFA\'s Statement on the Attack on Investigative Journalist Edik Baghdasaryan', '', 1355085908, 1, 1, 0, 0),
(377, 617, 20, 'PFA Responds to Events of March 1-2, 2008 in Armenia', '', 1355086460, 1, 1, 0, 0),
(377, 618, 20, 'PFA Responds to Events of March 1-2, 2008 in Armenia', '', 1355086554, 1, 1, 0, 0),
(305, 619, 20, 'Human Rights, Society, Religion Reports', '', 1355086666, 1, 2, 0, 0),
(306, 620, 20, 'Law and Governance Reports', '', 1355086688, 1, 2, 0, 0),
(307, 621, 20, 'Economics, Finance, Business, and Development ', '', 1355086705, 1, 2, 0, 0),
(305, 622, 20, 'Human Rights, Society, Religion Reports', '', 1355086783, 1, 2, 0, 0),
(306, 623, 20, 'Law and Governance Reports', '', 1355086796, 1, 2, 0, 0),
(307, 624, 20, 'Economics, Finance, Business, and Development ', '', 1355086815, 1, 2, 0, 0),
(308, 625, 20, 'Politics and International Relations', '', 1355086833, 1, 2, 0, 0),
(309, 626, 20, 'Science, Technology, and Environment', '', 1355086849, 1, 2, 0, 0),
(272, 627, 20, 'Evening in Memory of Vigen Babayan', '', 1355087205, 1, 2, 0, 0),
(272, 628, 20, 'Evening in Memory of Vigen Babayan', '', 1355087273, 1, 2, 0, 0),
(378, 629, 15, 'Susan Karamanian', '', 1355290098, 1, 2, 0, 0),
(380, 631, 15, 'Levon Barkhudaryan', '', 1355289951, 1, 2, 0, 0),
(305, 632, 20, 'Human Rights, Society, Religion Reports', '', 1355093935, 1, 2, 0, 0),
(305, 633, 20, 'Human Rights, Society, Religion Reports', '', 1355094437, 1, 2, 0, 0),
(305, 634, 20, 'Human Rights, Society, Religion Reports', '', 1355094551, 1, 2, 0, 0),
(306, 635, 20, 'Law and Governance Reports', '', 1355094677, 1, 2, 0, 0),
(306, 636, 20, 'Law and Governance Reports', '', 1355094717, 1, 2, 0, 0),
(307, 637, 20, 'Economics, Finance, Business, and Development ', '', 1355094905, 1, 2, 0, 0),
(374, 638, 8, 'PFA\'s Statement on the Attack on Investigative Journalist Edik Baghdasaryan', '', 1355095136, 1, 1, 0, 0),
(307, 639, 20, 'Economics, Finance, Business, and Development ', '', 1355095189, 1, 2, 0, 0),
(308, 640, 20, 'Politics and International Relations', '', 1355095344, 1, 2, 0, 0),
(308, 641, 20, 'Politics and International Relations', '', 1355095355, 1, 2, 0, 0),
(309, 648, 20, 'Science, Technology, and Environment', '', 1355096651, 1, 2, 0, 0),
(305, 651, 20, 'Human Rights, Society, Religion Reports', 'Copy of the revision from <em class=\"placeholder\">Fri, 2012-12-07 22:40</em>.', 1355096880, 1, 2, 0, 0),
(305, 652, 20, 'Human Rights, Society, Religion Reports', '', 1355096986, 1, 2, 0, 0),
(305, 653, 20, 'Human Rights, Society, Religion Reports', '', 1355097020, 1, 2, 0, 0),
(305, 654, 20, 'Human Rights, Society, Religion Reports', '', 1355097089, 1, 2, 0, 0),
(306, 655, 20, 'Law and Governance Reports', 'Copy of the revision from <em class=\"placeholder\">Sun, 2012-12-09 15:58</em>.', 1355097164, 1, 2, 0, 0),
(306, 656, 20, 'Law and Governance Reports', '', 1355097259, 1, 2, 0, 0),
(306, 657, 20, 'Law and Governance Reports', '', 1355097270, 1, 2, 0, 0),
(307, 658, 20, 'Economics, Finance, Business, and Development ', 'Copy of the revision from <em class=\"placeholder\">Sun, 2012-12-09 15:58</em>.', 1355097356, 1, 2, 0, 0),
(307, 659, 20, 'Economics, Finance, Business, and Development ', '', 1355097407, 1, 2, 0, 0),
(307, 660, 20, 'Economics, Finance, Business, and Development ', '', 1355097436, 1, 2, 0, 0),
(308, 661, 20, 'Politics and International Relations', 'Copy of the revision from <em class=\"placeholder\">Sun, 2012-12-09 18:22</em>.', 1355097486, 1, 2, 0, 0),
(308, 662, 20, 'Politics and International Relations', 'Copy of the revision from <em class=\"placeholder\">Sun, 2012-12-09 18:22</em>.', 1355097512, 1, 2, 0, 0),
(308, 663, 20, 'Politics and International Relations', 'Copy of the revision from <em class=\"placeholder\">Sun, 2012-12-09 16:00</em>.', 1355097532, 1, 2, 0, 0),
(308, 664, 20, 'Politics and International Relations', '', 1355097563, 1, 2, 0, 0),
(309, 669, 20, 'Science, Technology, and Environment', 'Copy of the revision from <em class=\"placeholder\">Fri, 2012-12-07 22:18</em>.', 1355097931, 1, 2, 0, 0),
(309, 670, 20, 'Science, Technology, and Environment', '', 1355098236, 1, 2, 0, 0),
(309, 671, 20, 'Science, Technology, and Environment', '', 1355098294, 1, 2, 0, 0),
(309, 672, 20, 'Science, Technology, and Environment', '', 1355098707, 1, 2, 0, 0),
(305, 673, 20, 'Human Rights, Society, Religion Reports', '', 1355098772, 1, 2, 0, 0),
(381, 674, 1, 'Video', '', 1355098852, 1, 2, 0, 0),
(305, 675, 20, 'Human Rights, Society, Religion Reports', '', 1355098876, 1, 2, 0, 0),
(382, 676, 1, 'Audio', '', 1355098877, 1, 2, 0, 0),
(305, 677, 20, 'Human Rights, Society, Religion Reports', '', 1355098940, 1, 2, 0, 0),
(305, 678, 20, 'Human Rights, Society, Religion Reports', '', 1355099175, 1, 2, 0, 0),
(305, 679, 20, 'Human Rights, Society, Religion Reports', '', 1355099191, 1, 2, 0, 0),
(307, 680, 20, 'Economics, Finance, Business, and Development ', '', 1355099298, 1, 2, 0, 0),
(307, 681, 20, 'Economics, Finance, Business, and Development ', '', 1355099336, 1, 2, 0, 0),
(307, 682, 20, 'Economics, Finance, Business, and Development ', '', 1355099475, 1, 2, 0, 0),
(308, 683, 20, 'Politics and International Relations', '', 1355099522, 1, 2, 0, 0),
(383, 684, 1, 'About Watch List', '', 1355100958, 1, 2, 0, 0),
(383, 685, 1, 'About', '', 1355101096, 1, 2, 0, 0),
(384, 686, 1, 'Legislature', '', 1355104736, 1, 2, 0, 0),
(385, 687, 20, 'Environmental Activist Yeghia Nersesian in Los Angeles', '', 1356018782, 1, 1, 0, 0),
(386, 688, 1, 'Government', '', 1355104775, 1, 2, 0, 0),
(387, 689, 1, 'Society', '', 1355104818, 1, 2, 0, 0),
(383, 690, 1, 'About', '', 1355105465, 1, 2, 0, 0),
(383, 691, 20, 'About', '', 1355105562, 1, 2, 0, 0),
(390, 694, 20, 'Forum in the Media', '', 1355109012, 1, 1, 0, 0),
(390, 695, 20, 'Forum in the Media', '', 1355109038, 1, 1, 0, 0),
(390, 696, 20, 'Aysor', '', 1355109132, 1, 1, 0, 0),
(390, 697, 20, '«Armenia: facing global crisis» economic forum gets underway', '', 1355109235, 1, 1, 0, 0),
(390, 698, 20, 'Aysor', '', 1355109268, 1, 1, 0, 0),
(390, 699, 20, 'Aysor', '', 1355109384, 1, 1, 0, 0),
(390, 701, 20, 'PFA in the News ', '', 1355110139, 1, 1, 0, 0),
(384, 702, 20, 'Legislature', '', 1355111281, 1, 2, 0, 0),
(384, 703, 20, 'Legislature', '', 1355111314, 1, 2, 0, 0),
(386, 704, 20, 'Government', '', 1355111545, 1, 2, 0, 0),
(386, 705, 20, 'Government', '', 1355111556, 1, 2, 0, 0),
(387, 706, 20, 'Society', '', 1355111912, 1, 2, 0, 0),
(387, 707, 20, 'Society', '', 1355111937, 1, 2, 0, 0),
(384, 708, 20, 'Legislature', '', 1355112443, 1, 2, 0, 0),
(384, 709, 20, 'Legislature', '', 1355112476, 1, 2, 0, 0),
(386, 710, 20, 'Government', '', 1355112495, 1, 2, 0, 0),
(390, 719, 20, 'ABEL AGHANBEGYAN: ECONOMIC CRISIS TO LAST 3-3.5 MORE YEARS', '', 1355113525, 1, 1, 0, 0),
(390, 720, 20, 'ABEL AGHANBEGYAN: ECONOMIC CRISIS TO LAST 3-3.5 MORE YEARS', '', 1355113607, 1, 1, 0, 0),
(392, 721, 20, 'FORUM FOR SURVIVAL: PF-A TO HOST DISCUSSIONS ON THE FINANCIAL “STORM”', '', 1355113850, 1, 1, 0, 0),
(392, 722, 20, 'FORUM FOR SURVIVAL: PF-A TO HOST DISCUSSIONS ON THE FINANCIAL “STORM”', '', 1355113885, 1, 1, 0, 0),
(393, 723, 20, 'Breaking the Grip of the Oligarchs: How a tragic twist of fate is fueling a revolt against Armenia’s overweening tycoons', '', 1355114380, 1, 1, 0, 0),
(394, 724, 20, 'Group of experts warns of financial crisis in Armenia', '', 1355114683, 1, 1, 0, 0),
(394, 725, 20, 'Group of experts warns of financial crisis in Armenia', '', 1355114763, 1, 1, 0, 0),
(272, 726, 8, 'Evening in Memory of Vigen Babayan', '', 1355118653, 1, 2, 0, 0),
(395, 727, 15, 'Gregory Aftandilian', '', 1355335956, 1, 2, 0, 0),
(396, 728, 20, 'Policy Forum Armenia Warns of Economic Catastrophe in the Country', '', 1355162180, 1, 1, 0, 0),
(396, 729, 20, 'Policy Forum Armenia Warns of Economic Catastrophe in the Country', '', 1355162199, 1, 1, 0, 0),
(396, 730, 20, 'Policy Forum Armenia Warns of Economic Catastrophe in the Country', '', 1355162321, 1, 1, 0, 0),
(397, 731, 20, 'Washington forum focuses on Armenia-Diaspora Relations', '', 1355162602, 1, 1, 0, 0),
(397, 732, 20, 'Washington forum focuses on Armenia-Diaspora Relations', '', 1355162616, 1, 1, 0, 0),
(397, 733, 20, 'Washington forum focuses on Armenia-Diaspora Relations', '', 1355162680, 1, 1, 0, 0),
(398, 734, 20, 'Good News, Not Good Prediction: Economic growth up, but trouble ahead according to report ', '', 1355162956, 1, 1, 0, 0),
(399, 735, 20, 'Teghoot', '', 1355163175, 1, 1, 0, 0),
(399, 736, 20, 'Teghoot', '', 1355163207, 1, 1, 0, 0),
(399, 737, 20, 'Teghoot', '', 1355163240, 1, 1, 0, 0),
(400, 738, 20, 'UNDERMINING THE ENVIRONMENT', '', 1355163486, 1, 1, 0, 0),
(400, 739, 20, 'UNDERMINING THE ENVIRONMENT', '', 1355163502, 1, 1, 0, 0),
(400, 740, 20, 'UNDERMINING THE ENVIRONMENT', '', 1355163717, 1, 1, 0, 0),
(401, 741, 20, '‘Save Teghut’ Redefines Environmental Activism in Armenia', '', 1355163953, 1, 1, 0, 0),
(401, 742, 20, '‘Save Teghut’ Redefines Environmental Activism in Armenia', '', 1355163968, 1, 1, 0, 0),
(401, 743, 20, '‘Save Teghut’ Redefines Environmental Activism in Armenia', '', 1355163986, 1, 1, 0, 0),
(402, 744, 20, 'strty', '', 1355164540, 1, 2, 0, 0),
(404, 746, 20, 'Diaspor Forum 2', '', 1355164907, 1, 2, 0, 0),
(405, 747, 20, 'Diaspora Forum 2', '', 1355164997, 1, 2, 0, 0),
(406, 748, 4, 'PFA Forum: Armenia-Diaspora Relations', '', 1355508348, 1, 1, 0, 0),
(407, 749, 20, 'Arnenia\'s Investment Climate and Diaspora\'s participation in development policies', '', 1355166933, 1, 2, 0, 0),
(408, 750, 15, 'Diaspora Forum 2', '', 1355167940, 1, 2, 0, 0),
(409, 751, 15, 'Diaspora Forum 2', '', 1355167984, 1, 2, 0, 0),
(410, 752, 15, 'Diaspora Forum 2', '', 1355168015, 1, 2, 0, 0),
(411, 753, 15, 'Diaspora Forum 2', '', 1355168047, 1, 2, 0, 0),
(412, 754, 15, 'Diaspora Forum 2', '', 1355168080, 1, 2, 0, 0),
(413, 755, 15, 'Diaspora Forum 2', '', 1355168307, 1, 2, 0, 0),
(414, 756, 15, 'Diaspora Forum 2', '', 1355168334, 1, 2, 0, 0),
(415, 757, 15, 'Diaspora Forum 2', '', 1355168359, 1, 2, 0, 0),
(416, 758, 15, 'Diaspora Forum 2', '', 1355168391, 1, 2, 0, 0),
(417, 759, 15, 'Diaspora Forum 2', '', 1355168426, 1, 2, 0, 0),
(418, 760, 15, 'Diaspora Forum 2', '', 1355168454, 1, 2, 0, 0),
(419, 761, 15, 'Diaspora Forum 2', '', 1355168481, 1, 2, 0, 0),
(420, 762, 15, 'Diaspora Forum 2', '', 1355168514, 1, 2, 0, 0),
(421, 763, 15, 'Diaspora Forum 2', '', 1355168560, 1, 2, 0, 0),
(422, 764, 15, 'Diaspora Forum 2', '', 1355168735, 1, 2, 0, 0),
(423, 765, 15, 'Diaspora Forum 2', '', 1355168765, 1, 2, 0, 0),
(424, 766, 15, 'Diaspora Forum 2', '', 1355168792, 1, 2, 0, 0),
(425, 767, 15, 'Diaspora Forum 2', '', 1355168823, 1, 2, 0, 0),
(426, 768, 15, 'Diaspora Forum 2', '', 1355168857, 1, 2, 0, 0),
(427, 769, 15, 'Diaspora Forum 2', '', 1355168890, 1, 2, 0, 0),
(428, 770, 15, 'Diaspora Forum 2', '', 1355168922, 1, 2, 0, 0),
(429, 771, 15, 'Diaspora Forum 2', '', 1355168954, 1, 2, 0, 0),
(430, 772, 15, 'Diaspora Forum 2', '', 1355168988, 1, 2, 0, 0),
(431, 773, 15, 'Diaspora Forum 2', '', 1355169030, 1, 2, 0, 0),
(432, 774, 15, 'Diaspora Forum 2', '', 1355169070, 1, 2, 0, 0),
(433, 775, 15, 'Diaspora Forum 2', '', 1355169102, 1, 2, 0, 0),
(434, 776, 15, 'Diaspora Forum 2', '', 1355169496, 1, 2, 0, 0),
(435, 777, 15, 'Diaspora Forum 2', '', 1355169528, 1, 2, 0, 0),
(436, 778, 15, 'Diaspora Forum 2', '', 1355169566, 1, 2, 0, 0),
(437, 779, 15, 'Diaspora Forum 2', '', 1355169604, 1, 2, 0, 0),
(438, 780, 15, 'Diaspora Forum 2', '', 1355169633, 1, 2, 0, 0),
(439, 781, 15, 'Diaspora Forum 2', '', 1355169667, 1, 2, 0, 0),
(440, 782, 15, 'Diaspora Forum 2', '', 1355169703, 1, 2, 0, 0),
(441, 783, 15, 'Diaspora Forum 2', '', 1355169740, 1, 2, 0, 0),
(442, 784, 15, 'Diaspora Forum 2', '', 1355169770, 1, 2, 0, 0),
(443, 785, 15, 'Diaspora Forum 2', '', 1355169810, 1, 2, 0, 0),
(444, 786, 15, 'Diaspora Forum 2', '', 1355169835, 1, 2, 0, 0),
(445, 787, 15, 'Diaspora Forum 2', '', 1355169863, 1, 2, 0, 0),
(446, 788, 15, 'Diaspora Forum 2', '', 1355169894, 1, 2, 0, 0),
(447, 789, 15, 'Diaspora Forum 2', '', 1355169945, 1, 2, 0, 0),
(448, 790, 15, 'Diaspora Forum 2', '', 1355169973, 1, 2, 0, 0),
(449, 791, 15, 'Diaspora Forum 2', '', 1355170002, 1, 2, 0, 0),
(450, 792, 15, 'Diaspora Forum 2', '', 1355170029, 1, 2, 0, 0),
(451, 793, 15, 'Diaspora Forum 2', '', 1355170057, 1, 2, 0, 0),
(452, 794, 15, 'Diaspora Forum 2', '', 1355170091, 1, 2, 0, 0),
(453, 795, 15, 'Diaspora Forum 2', '', 1355170122, 1, 2, 0, 0),
(454, 796, 15, 'Diaspora Forum 2', '', 1355170163, 1, 2, 0, 0),
(455, 797, 15, 'Diaspora Forum 2', '', 1355170192, 1, 2, 0, 0),
(456, 798, 15, 'Diaspora Forum 2', '', 1355170247, 1, 2, 0, 0),
(230, 799, 15, 'PFA’s Co-founder Spoke at an Event on Artsakh’s Development', '', 1355170605, 1, 1, 0, 0),
(457, 800, 15, 'Vladimir Airapetian', '', 1355292524, 1, 2, 0, 0),
(458, 801, 20, 'Roundtable on Karabakh at the Carnegie Endowment', '', 1355174300, 1, 2, 0, 0),
(459, 802, 15, 'NKR Roundtable: Carnegie Endowment', '', 1355175950, 1, 1, 0, 0),
(460, 803, 20, 'PFA Diaspora Report Presented at a UC Berkeley Symposium', '', 1355174517, 1, 2, 0, 0),
(461, 804, 8, 'Presenting \"Diaspora Report\" at UC Berkeley', '', 1355234512, 1, 1, 0, 0),
(462, 805, 15, 'Roundtable on Karabakh at the Carnegie Endowment ', '', 1355175414, 1, 2, 0, 0),
(463, 806, 15, 'Roundtable on Karabakh at the Carnegie Endowment ', '', 1355175442, 1, 2, 0, 0),
(464, 807, 15, 'Roundtable on Karabakh at the Carnegie Endowment ', '', 1355175844, 1, 2, 0, 0),
(465, 808, 15, 'Roundtable on Karabakh at the Carnegie Endowment ', '', 1355175898, 1, 2, 0, 0),
(466, 809, 15, 'Roundtable on Karabakh at the Carnegie Endowment ', '', 1355175941, 1, 2, 0, 0),
(467, 810, 15, 'PFA Diaspora Report Presented at a UC Berkeley Symposium', '', 1355177299, 1, 2, 0, 0),
(468, 811, 15, 'PFA Diaspora Report Presented at a UC Berkeley Symposium', '', 1355177854, 1, 2, 0, 0),
(469, 812, 15, 'PFA Diaspora Report Presented at a UC Berkeley Symposium', '', 1355177924, 1, 2, 0, 0),
(475, 818, 15, 'Stephan Astourian', '', 1355289884, 1, 2, 0, 0),
(476, 819, 15, 'AnnaLee  Saxenian', '', 1355290140, 1, 2, 0, 0),
(392, 820, 8, 'FORUM FOR SURVIVAL: PF-A TO HOST DISCUSSIONS ON THE FINANCIAL “STORM”', '', 1355234785, 1, 1, 0, 0),
(399, 821, 8, 'Teghoot', '', 1355240687, 1, 1, 0, 0),
(399, 822, 8, 'Teghood', '', 1355240708, 1, 1, 0, 0),
(399, 823, 8, 'Teghood', '', 1355240809, 1, 1, 0, 0),
(91, 824, 8, 'Armenian Opposition Leader Sentenced to 7 Years', '', 1355240904, 0, 2, 0, 0),
(98, 825, 8, 'Breaking News: Turkish State Wages War Against Kurdish Civilian Political Movement', '', 1355240984, 0, 2, 0, 0),
(184, 826, 8, ' IMF Press Statement', '', 1355241399, 0, 1, 0, 0),
(232, 827, 8, 'Press Release regarding Raffi Hovannisian\'s hunger strike', '', 1355241466, 1, 1, 0, 0),
(232, 828, 8, 'Statement regarding Raffi Hovannisian\'s hunger strike', '', 1355241499, 1, 1, 0, 0);
INSERT INTO `node_revision` (`nid`, `vid`, `uid`, `title`, `log`, `timestamp`, `status`, `comment`, `promote`, `sticky`) VALUES
(232, 829, 8, 'Statement regarding Raffi Hovannisian\'s hunger strike', '', 1355241546, 1, 1, 0, 0),
(58, 830, 8, 'PFA\'s Co-founder Spoke at Carnegie Endowment', '', 1355241780, 1, 2, 0, 0),
(228, 831, 8, 'PFA\'s Co-founder Spoke at Carnegie Endowment', '', 1355241812, 1, 1, 0, 0),
(228, 832, 8, 'PFA\'s Co-founder Spoke at Carnegie Endowment', '', 1355241865, 1, 1, 0, 0),
(272, 834, 8, 'Evening in Memory of Vigen Babayan', '', 1355242674, 1, 2, 0, 0),
(76, 835, 8, 'In Memory of Vigen Babayan', '', 1355243070, 1, 2, 0, 0),
(76, 836, 8, 'In Memory of Vigen Babayan', '', 1355243101, 1, 2, 0, 0),
(270, 837, 20, 'ARF and Armenia: How to Withstand the Challenges of the Future?', '', 1355248121, 0, 1, 0, 0),
(387, 838, 20, 'Society', '', 1355248777, 1, 2, 0, 0),
(477, 839, 20, 'PFA Special Report ', '', 1355256452, 1, 2, 0, 0),
(477, 840, 20, 'PFA Special Report ', '', 1355256470, 1, 2, 0, 0),
(477, 841, 20, 'PFA Special Report: Armenia\'s 2012 Parliamentary Election  ', '', 1355256546, 1, 2, 0, 0),
(477, 842, 20, 'PFA Special Report: Armenia\'s 2012 Parliamentary Election  ', '', 1355256851, 1, 2, 0, 0),
(477, 843, 20, 'PFA Special Report: Armenia\'s 2012 Parliamentary Election  ', '', 1355257364, 1, 2, 0, 0),
(477, 844, 20, 'PFA Special Report: Armenia\'s 2012 Parliamentary Election  ', '', 1355260131, 1, 2, 0, 0),
(477, 845, 20, 'PFA Special Report: Armenia\'s 2012 Parliamentary Election  ', '', 1355260959, 1, 2, 0, 0),
(478, 860, 4, 'Do you support the legislative initiative allowing public funding to be used for foreign language schools in Armenia?', '', 1355378758, 1, 2, 1, 0),
(479, 861, 4, 'Do you support the signing of the Armenia-Turkey protocols of October 10, 2009?', '', 1355379672, 1, 2, 1, 0),
(480, 862, 4, 'What kind of impact do you expect the world’s financial crisis and economic slowdown to have on Armenia’s economy?', '', 1355379634, 1, 2, 1, 0),
(482, 864, 4, 'On 3/17/2008 the National Assembly amended the law on public gatherings.  Do you think these amendments contribute to stability?', '', 1355379524, 1, 2, 1, 0),
(483, 865, 4, 'Do you think the use of force against demonstrators on March 1 was justified?', '', 1355379491, 1, 2, 1, 0),
(484, 866, 4, 'Do you think that the February 19th elections in Armenia were free, fair and transparent?', '', 1355379421, 1, 2, 1, 0),
(477, 867, 4, 'PFA Special Report: Armenia\'s 2012 Parliamentary Election  ', '', 1355265757, 1, 2, 0, 0),
(477, 868, 4, 'PFA Special Report: Armenia\'s 2012 Parliamentary Election  ', '', 1355265909, 1, 2, 0, 0),
(477, 869, 20, 'PFA Special Report: Armenia\'s 2012 Parliamentary Election', '', 1355266149, 1, 2, 0, 0),
(485, 870, 8, 'Armenian\'s 2012 Parliamentary Election  ', '', 1355870680, 1, 1, 1, 0),
(477, 871, 20, 'PFA Special Report: Armenia\'s 2012 Parliamentary Election', '', 1355268976, 1, 2, 0, 0),
(477, 872, 20, 'PFA Special Report: Armenia\'s 2012 Parliamentary Election', '', 1355269755, 1, 2, 0, 0),
(486, 873, 20, 'AUTHORITIES IN ARMENIA PUT A NEW FACE ON ELECTION FRAUD', '', 1355282301, 1, 1, 0, 0),
(486, 874, 20, 'AUTHORITIES IN ARMENIA PUT A NEW FACE ON ELECTION FRAUD', '', 1355282321, 1, 1, 0, 0),
(486, 875, 20, 'AUTHORITIES IN ARMENIA PUT A NEW FACE ON ELECTION FRAUD', '', 1355282393, 1, 1, 0, 0),
(486, 876, 20, 'AUTHORITIES IN ARMENIA PUT A NEW FACE ON ELECTION FRAUD', '', 1355282413, 1, 1, 0, 0),
(486, 877, 20, 'PFA Special Report: Armenia\'s 2012 Parliamentary Election', '', 1355282515, 1, 1, 0, 0),
(486, 878, 20, 'PFA Special Report: Armenia\'s 2012 Parliamentary Election', '', 1355282671, 1, 1, 0, 0),
(487, 879, 20, 'Presentation ', '', 1355284075, 1, 2, 0, 0),
(489, 881, 4, 'Which of the candidates has the capacity and vision to become the president of Armenia?', '', 1355379445, 1, 2, 1, 0),
(490, 882, 15, 'Armenia-Turkey Protocols: Seminar III', '', 1355289224, 1, 1, 0, 0),
(491, 883, 15, 'Seminar III', '', 1355288507, 1, 2, 0, 0),
(492, 884, 15, 'Seminar III', '', 1355288555, 1, 2, 0, 0),
(493, 885, 15, 'Seminar III', '', 1355288640, 1, 2, 0, 0),
(494, 886, 15, 'Seminar III', '', 1355288682, 1, 2, 0, 0),
(495, 887, 15, 'Seminar III', '', 1355288736, 1, 2, 0, 0),
(496, 888, 15, 'Seminar III', '', 1355288812, 1, 2, 0, 0),
(497, 889, 15, 'Seminar III', '', 1355288845, 1, 2, 0, 0),
(498, 890, 15, 'Seminar III', '', 1355288872, 1, 2, 0, 0),
(499, 891, 15, 'Seminar III', '', 1355288900, 1, 2, 0, 0),
(500, 892, 15, 'Seminar III', '', 1355288937, 1, 2, 0, 0),
(501, 893, 15, 'Seminar III', '', 1355289000, 1, 2, 0, 0),
(502, 895, 15, 'Seminar III', '', 1355289042, 1, 2, 0, 0),
(503, 896, 15, 'Seminar III', '', 1355289093, 1, 2, 0, 0),
(504, 897, 15, 'Seminar III', '', 1355289132, 1, 2, 0, 0),
(505, 898, 15, 'Seminar III', '', 1355289194, 1, 2, 0, 0),
(477, 899, 8, 'PFA Special Report: Armenia\'s 2012 Parliamentary Election', '', 1355325885, 1, 2, 0, 0),
(486, 900, 8, 'PFA Special Report: Armenia\'s 2012 Parliamentary Election', '', 1355325962, 1, 1, 0, 0),
(486, 901, 8, 'PFA Special Report: Armenia\'s 2012 Parliamentary Election', '', 1355326000, 1, 1, 0, 0),
(486, 902, 8, 'PFA Special Report: Armenia\'s 2012 Parliamentary Election', '', 1355330100, 1, 1, 0, 0),
(486, 903, 20, 'PFA Special Report: Armenia\'s 2012 Parliamentary Election', '', 1355333999, 1, 1, 0, 0),
(486, 904, 20, 'PFA Special Report: The Armenian Parliamentary Election of 2012', '', 1355334098, 1, 1, 0, 0),
(486, 905, 20, 'PFA Special Report: The Armenian Parliamentary Election of 2012', '', 1355334281, 1, 1, 0, 0),
(486, 906, 20, 'PFA Special Report: The Armenian Parliamentary Election of 2012', '', 1355334375, 1, 1, 0, 0),
(506, 907, 20, 'Sassoon Kosian', '', 1359918188, 1, 2, 0, 0),
(486, 908, 20, 'PFA Special Report: The Armenian Parliamentary Election of 2012', '', 1355337138, 1, 1, 0, 0),
(486, 909, 20, 'PFA Special Report: The Armenian Parliamentary Election of 2012', '', 1355337172, 1, 1, 0, 0),
(486, 910, 20, 'PFA Special Report: The Armenian Parliamentary Election of 2012', '', 1355337192, 1, 1, 0, 0),
(486, 911, 20, 'PFA Special Report: The Armenian Parliamentary Election of 2012', '', 1355337234, 1, 1, 0, 0),
(486, 912, 20, 'PFA Special Report: The Armenian Parliamentary Election of 2012', '', 1355337279, 1, 1, 0, 0),
(486, 913, 20, 'PFA Special Report: Armenian\'s 2012 Parliamentary Election', '', 1355337573, 1, 1, 0, 0),
(486, 914, 20, 'PFA Special Report: Armenian\'s 2012 Parliamentary Election', '', 1355337702, 1, 1, 0, 0),
(486, 915, 20, 'PFA Special Report: Armenian\'s 2012 Parliamentary Election', '', 1355337773, 1, 1, 0, 0),
(486, 916, 20, 'PFA Special Report: Armenian\'s 2012 Parliamentary Election', '', 1355337878, 1, 1, 0, 0),
(305, 917, 20, 'Human Rights, Society, Religion Reports', '', 1355339094, 1, 2, 0, 0),
(307, 918, 20, 'Economics, Finance, Business, and Development ', '', 1355339174, 1, 2, 0, 0),
(308, 919, 20, 'Politics and International Relations', '', 1355339256, 1, 2, 0, 0),
(308, 920, 20, 'Politics and International Relations', '', 1355339337, 1, 2, 0, 0),
(308, 921, 20, 'Politics and International Relations', '', 1355339388, 1, 2, 0, 0),
(308, 922, 20, 'Politics and International Relations', '', 1355339487, 1, 2, 0, 0),
(306, 923, 20, 'Law and Governance Reports', '', 1355340099, 1, 2, 0, 0),
(306, 924, 20, 'Law and Governance Reports', '', 1355340179, 1, 2, 0, 0),
(306, 925, 20, 'Law and Governance Reports', '', 1355340269, 1, 2, 0, 0),
(306, 926, 20, 'Law and Governance Reports', '', 1355340296, 1, 2, 0, 0),
(306, 927, 20, 'Law and Governance Reports', '', 1355340332, 1, 2, 0, 0),
(306, 928, 20, 'Law and Governance Reports', '', 1355340487, 1, 2, 0, 0),
(306, 929, 20, 'Law and Governance Reports', '', 1355340517, 1, 2, 0, 0),
(306, 930, 20, 'Law and Governance Reports', '', 1355340581, 1, 2, 0, 0),
(306, 931, 20, 'Law and Governance Reports', '', 1355340642, 1, 2, 0, 0),
(305, 932, 20, 'Human Rights, Society, Religion Reports', '', 1355340967, 1, 2, 0, 0),
(92, 933, 20, 'Armenian Court OK\'s Turkey Protocols', '', 1355341027, 0, 2, 0, 0),
(93, 934, 20, 'Crisis 2009: The World\'s Woes Reach Armenia ', '', 1355341068, 0, 2, 0, 0),
(100, 935, 20, 'Armenian GDP, Exports Continue Rapid Contraction During October', '', 1355341109, 0, 2, 0, 0),
(307, 936, 20, 'Economics, Finance, Business, and Development ', '', 1355341850, 1, 2, 0, 0),
(101, 937, 20, 'Armenia Ranked Among World’s Most Corrupt Countries', '', 1355342078, 0, 2, 0, 0),
(486, 938, 8, 'PFA Special Report: Armenia\'s 2012 Parliamentary Election', '', 1355342188, 1, 1, 0, 0),
(507, 939, 20, 'Press Release in Armenian ', '', 1355347039, 1, 2, 0, 0),
(486, 940, 20, 'PFA Special Report: Armenia\'s 2012 Parliamentary Election', '', 1355347193, 1, 1, 0, 0),
(486, 941, 20, 'PFA Special Report: Armenia\'s 2012 Parliamentary Election', '', 1355347336, 1, 1, 0, 0),
(486, 942, 20, 'PFA Special Report: Armenia\'s 2012 Parliamentary Election', '', 1355347541, 1, 1, 0, 0),
(381, 943, 8, 'Video', '', 1355364910, 1, 2, 0, 0),
(381, 944, 8, 'Video', '', 1355364931, 1, 2, 0, 0),
(507, 945, 20, 'Press Release in Armenian ', '', 1355367200, 1, 2, 0, 0),
(486, 946, 20, 'PFA Special Report: Armenia\'s 2012 Parliamentary Election', '', 1355369745, 1, 1, 0, 0),
(486, 947, 20, 'PFA Special Report: Armenia\'s 2012 Parliamentary Election', '', 1355369765, 1, 1, 0, 0),
(486, 948, 20, 'PFA Special Report: Armenia\'s 2012 Parliamentary Election', '', 1355369783, 1, 1, 0, 0),
(486, 949, 20, 'PFA Special Report: Armenia\'s 2012 Parliamentary Election', '', 1355369811, 1, 1, 0, 0),
(486, 950, 20, 'PFA Special Report: Armenia\'s 2012 Parliamentary Election', '', 1355370452, 1, 1, 0, 0),
(382, 951, 4, 'Audio', '', 1355377671, 1, 2, 0, 0),
(382, 952, 4, 'Audio', '', 1355377689, 1, 2, 0, 0),
(508, 953, 15, 'High Level Economic Forum in Yerevan', '', 1355381158, 1, 2, 0, 0),
(382, 954, 4, 'Audio', '', 1355378577, 1, 2, 0, 0),
(509, 955, 15, 'High Level Economic Forum in Yerevan', '', 1355378596, 1, 2, 0, 0),
(510, 956, 15, 'High Level Economic Forum in Yerevan', '', 1355378640, 1, 2, 0, 0),
(512, 958, 15, 'High Level Economic Forum in Yerevan', '', 1355383350, 1, 2, 0, 0),
(513, 959, 15, 'High Level Economic Forum in Yerevan', '', 1355383749, 1, 2, 0, 0),
(514, 960, 15, 'High Level Economic Forum in Yerevan', '', 1355383990, 1, 2, 0, 0),
(515, 961, 15, 'High Level Economic Forum in Yerevan', '', 1355384015, 1, 2, 0, 0),
(516, 962, 15, 'High Level Economic Forum in Yerevan', '', 1355384104, 1, 2, 0, 0),
(518, 964, 15, 'High Level Economic Forum in Yerevan', '', 1355384194, 1, 2, 0, 0),
(519, 965, 15, 'High Level Economic Forum in Yerevan', '', 1355384238, 1, 2, 0, 0),
(520, 966, 15, 'High Level Economic Forum in Yerevan', '', 1355384333, 1, 2, 0, 0),
(521, 967, 15, 'High Level Economic Forum in Yerevan', '', 1355384395, 1, 2, 0, 0),
(522, 968, 15, 'High Level Economic Forum in Yerevan', '', 1355384441, 1, 2, 0, 0),
(523, 969, 15, 'High Level Economic Forum in Yerevan', '', 1355384526, 1, 2, 0, 0),
(524, 970, 15, 'High Level Economic Forum in Yerevan', '', 1355384569, 1, 2, 0, 0),
(525, 971, 15, 'High Level Economic Forum in Yerevan', '', 1355384666, 1, 2, 0, 0),
(526, 972, 15, 'High Level Economic Forum in Yerevan', '', 1355384754, 1, 2, 0, 0),
(527, 973, 15, 'High Level Economic Forum in Yerevan', '', 1355384794, 1, 2, 0, 0),
(528, 974, 15, 'High Level Economic Forum in Yerevan', '', 1355384827, 1, 2, 0, 0),
(529, 975, 15, 'High Level Economic Forum in Yerevan', '', 1355385277, 1, 1, 0, 0),
(530, 976, 15, 'High Level Economic Forum in Yerevan', '', 1355385183, 1, 2, 0, 0),
(69, 977, 8, 'Policy Forum Armenia Issues its Second State of the Nation Report', '', 1355519994, 1, 2, 0, 0),
(68, 978, 8, 'Policy Forum Armenia announces the publication of a Special Report on “Armenia: Averting an Economic Catastrophe.”', '', 1355520306, 1, 2, 0, 0),
(69, 979, 8, 'Policy Forum Armenia Issues its Second State of the Nation Report', '', 1355520338, 1, 2, 0, 0),
(226, 980, 8, 'PFA Senior Fellow Spoke about Corruption at a New Jersey Seminar', '', 1355520405, 1, 1, 0, 0),
(231, 981, 8, 'PFA Issues Its 2009-2010 Annual Report', '', 1355520479, 1, 1, 0, 0),
(168, 982, 8, 'IMF Completes Second Review Under Stand-By Arrangement with Armenia, Approves Request for Waiver of Nonobservance of Performance Criterion, Modification of Performance Criteria, and Rephasing of Purchases', '', 1355520669, 0, 1, 0, 0),
(486, 983, 8, 'PFA Special Report: Armenia\'s 2012 Parliamentary Election', '', 1355774914, 1, 1, 0, 0),
(486, 984, 8, 'PFA Special Report: Armenia\'s 2012 Parliamentary Election', '', 1355774951, 1, 1, 0, 0),
(531, 985, 20, 'Armenia\'s 2012 Parliamentary Election', '', 1355864741, 1, 2, 0, 0),
(531, 986, 20, 'Armenia\'s 2012 Parliamentary Election', '', 1355864787, 1, 2, 0, 0),
(486, 987, 20, 'PFA Special Report: Armenia\'s 2012 Parliamentary Election', '', 1355865009, 1, 1, 0, 0),
(74, 994, 8, 'Diaspora Relations: Raffi Hovannisian\'s address to Policy Forum-Armenia', '', 1355950326, 0, 2, 0, 0),
(532, 996, 20, 'Yelling at Yerevan', '', 1356567511, 1, 1, 0, 0),
(532, 997, 8, 'Yelling at Yerevan', '', 1356567809, 1, 1, 0, 0),
(241, 998, 8, 'PFA issues a statement following the death of Lt. Artak Nazaryan ', '', 1357616256, 1, 1, 0, 0),
(241, 999, 8, 'PFA issues a statement following the death of Lt. Artak Nazaryan ', '', 1357616358, 1, 1, 0, 0),
(533, 1000, 20, 'Diana Khachaturyan', '', 1357665392, 1, 2, 0, 0),
(486, 1001, 20, 'PFA Special Report: Armenia\'s 2012 Parliamentary Election', '', 1357699818, 1, 1, 0, 0),
(232, 1002, 20, 'Statement regarding Raffi Hovannisian\'s hunger strike', '', 1357699879, 1, 1, 0, 0),
(241, 1003, 20, 'PFA issues a statement following the death of Lt. Artak Nazaryan ', '', 1357699948, 1, 1, 0, 0),
(241, 1004, 20, 'PFA issues a statement following the death of Lt. Artak Nazaryan ', '', 1357700017, 1, 1, 0, 0),
(373, 1005, 20, 'PFA Issues a Statement on the Dram Devaluation in Armenia', '', 1357700276, 1, 1, 0, 0),
(228, 1006, 20, 'PFA\'s Co-founder Spoke at Carnegie Endowment', '', 1357700339, 1, 1, 0, 0),
(534, 1007, 20, 'PFA’s Latest Reports Presented at ABA’s 2013 Winter Meeting in Las Vegas', '', 1367256313, 1, 1, 0, 0),
(57, 1008, 8, 'OUR MISSION ', '', 1357845793, 1, 2, 0, 0),
(306, 1009, 8, 'Law and Governance Reports', '', 1358101250, 1, 2, 0, 0),
(386, 1010, 8, 'Government', '', 1358101355, 1, 2, 0, 0),
(386, 1011, 8, 'Government', '', 1358101392, 1, 2, 0, 0),
(305, 1012, 8, 'Human Rights, Society, Religion Reports', '', 1358101675, 1, 2, 0, 0),
(387, 1013, 8, 'Society', '', 1358101761, 1, 2, 0, 0),
(305, 1014, 8, 'Human Rights, Society, Religion Reports', '', 1358102072, 1, 2, 0, 0),
(535, 1015, 20, 'Armenia at the Crossroads ', '', 1358184858, 1, 2, 0, 0),
(536, 1016, 20, 'Armenia at the Crossroads ', '', 1358185059, 1, 1, 0, 0),
(538, 1018, 20, 'Armenia at the Crossroads ', '', 1358184920, 1, 2, 0, 0),
(539, 1019, 20, 'Armenia at the Crossroads ', '', 1358184953, 1, 2, 0, 0),
(540, 1020, 20, 'Armenia at the Crossroads ', '', 1358184989, 1, 2, 0, 0),
(541, 1021, 20, 'Armenia at the Crossroads ', '', 1358185023, 1, 2, 0, 0),
(542, 1022, 20, 'Armenia at the Crossroads ', '', 1358185054, 1, 2, 0, 0),
(543, 1023, 20, 'PRESS RELEASE', '', 1358185518, 1, 2, 0, 0),
(543, 1024, 20, 'PRESS RELEASE', '', 1358185579, 1, 2, 0, 0),
(241, 1025, 20, 'PFA issues a statement following the death of Lt. Artak Nazaryan ', '', 1358185629, 1, 1, 0, 0),
(544, 1026, 20, 'AN URGENT APPEAL TO INTERNATIONAL ELECTION MONITORS  TO ENHANCE FRAUD DETECTION IN ARMENIA  ', '', 1358268133, 0, 1, 0, 0),
(57, 1037, 8, 'OUR MISSION ', '', 1358353433, 1, 2, 0, 0),
(532, 1038, 8, 'Yelling at Yerevan', '', 1358353814, 1, 1, 0, 0),
(544, 1039, 20, 'AN URGENT APPEAL TO INTERNATIONAL ELECTION MONITORS  TO ENHANCE FRAUD DETECTION IN ARMENIA  ', '', 1358354584, 0, 1, 0, 0),
(544, 1040, 20, 'AN URGENT APPEAL TO INTERNATIONAL ELECTION MONITORS  TO ENHANCE FRAUD DETECTION IN ARMENIA  ', '', 1358354658, 0, 1, 0, 0),
(544, 1041, 20, 'AN URGENT APPEAL TO INTERNATIONAL ELECTION MONITORS  TO ENHANCE FRAUD DETECTION IN ARMENIA  ', '', 1358354683, 0, 1, 0, 0),
(544, 1042, 20, 'AN URGENT APPEAL TO INTERNATIONAL ELECTION MONITORS  TO ENHANCE FRAUD DETECTION IN ARMENIA  ', '', 1358354712, 0, 1, 0, 0),
(544, 1043, 20, 'AN URGENT APPEAL TO INTERNATIONAL ELECTION MONITORS  TO ENHANCE FRAUD DETECTION IN ARMENIA  ', '', 1358356710, 0, 1, 0, 0),
(544, 1044, 20, 'AN URGENT APPEAL TO INTERNATIONAL ELECTION MONITORS  TO ENHANCE FRAUD DETECTION IN ARMENIA  ', '', 1358356796, 0, 1, 0, 0),
(544, 1045, 20, 'AN URGENT APPEAL TO INTERNATIONAL ELECTION MONITORS  TO ENHANCE FRAUD DETECTION IN ARMENIA  ', '', 1358356865, 0, 1, 0, 0),
(549, 1046, 20, 'AN URGENT APPEAL TO INTERNATIONAL ELECTION MONITORS  TO ENHANCE FRAUD DETECTION IN ARMENIA  ', '', 1358357344, 1, 2, 0, 0),
(544, 1047, 20, 'AN URGENT APPEAL TO INTERNATIONAL ELECTION MONITORS  TO ENHANCE FRAUD DETECTION IN ARMENIA  ', '', 1358357432, 0, 1, 0, 0),
(544, 1048, 20, 'AN URGENT APPEAL TO INTERNATIONAL ELECTION MONITORS  TO ENHANCE FRAUD DETECTION IN ARMENIA  ', '', 1358357480, 0, 1, 0, 0),
(544, 1049, 8, 'An Urgent Appeal to International Election Monitors ', '', 1358359142, 0, 1, 0, 0),
(544, 1050, 8, 'An Urgent Appeal to International Election Monitors ', '', 1358359174, 0, 1, 0, 0),
(544, 1051, 8, 'An Urgent Appeal to International Election Monitors ', '', 1358359188, 0, 1, 0, 0),
(544, 1052, 8, 'An Urgent Appeal to International Election Monitors ', '', 1358359241, 0, 1, 0, 0),
(544, 1053, 8, 'An Urgent Appeal to International Election Monitors ', '', 1358359968, 0, 1, 0, 0),
(544, 1054, 8, 'An Urgent Appeal to International Election Monitors ', '', 1358360358, 0, 1, 0, 0),
(544, 1055, 8, 'An Urgent Appeal to International Election Monitors ', '', 1358360375, 0, 1, 0, 0),
(544, 1056, 8, 'An Urgent Appeal to International Election Monitors ', '', 1358360419, 0, 1, 0, 0),
(549, 1057, 8, 'AN URGENT APPEAL TO INTERNATIONAL ELECTION MONITORS  TO ENHANCE FRAUD DETECTION IN ARMENIA  ', '', 1358360494, 1, 2, 0, 0),
(544, 1058, 8, 'An Urgent Appeal to International Election Monitors ', '', 1358360531, 0, 1, 0, 0),
(544, 1059, 8, 'An Urgent Appeal to International Election Observers', '', 1358390851, 1, 1, 0, 0),
(544, 1060, 8, 'An Urgent Appeal to International Election Observers', '', 1358390892, 1, 1, 0, 0),
(544, 1061, 8, 'An Urgent Appeal to International Election Observers', '', 1358390980, 0, 1, 0, 0),
(544, 1062, 4, 'An Urgent Appeal to International Election Observers', '', 1358393550, 1, 1, 1, 0),
(544, 1063, 4, 'An Urgent Appeal to International Election Observers', '', 1358393622, 0, 1, 0, 0),
(544, 1064, 4, 'An Urgent Appeal to International Election Observers', '', 1358393846, 1, 1, 1, 0),
(550, 1065, 8, ' Armenian Elections: Taking Stock and Looking Forward-How Analytical Methods Help Expose Election Fraud', '', 1379902643, 0, 1, 0, 0),
(230, 1066, 20, 'PFA’s Co-founder Spoke at an Event on Artsakh’s Development', '', 1358868635, 1, 1, 0, 0),
(230, 1067, 20, 'PFA’s Co-founder Spoke at an Event on Artsakh’s Development', '', 1358868655, 1, 1, 0, 0),
(230, 1068, 20, 'PFA’s Co-founder Spoke at an Event on Artsakh’s Development', '', 1358978828, 1, 1, 0, 0),
(230, 1069, 8, 'PFA’s Co-founder Spoke at an Event on Artsakh’s Development', '', 1359001806, 1, 1, 0, 0),
(230, 1070, 8, 'PFA’s Co-founder Spoke at an Event on Artsakh’s Development', '', 1359001849, 1, 1, 0, 0),
(228, 1071, 8, 'PFA\'s Co-founder Spoke at Carnegie Endowment', '', 1359002172, 1, 1, 0, 0),
(228, 1072, 8, 'PFA\'s Co-founder Spoke at Carnegie Endowment', '', 1359002190, 1, 1, 0, 0),
(228, 1073, 8, 'PFA\'s Co-founder Spoke at Carnegie Endowment', '', 1359002205, 1, 1, 0, 0),
(477, 1074, 8, 'PFA Special Report: Armenia\'s 2012 Parliamentary Election', '', 1359002650, 1, 2, 0, 0),
(58, 1075, 8, 'PFA\'s Co-founder Spoke at Carnegie Endowment', '', 1359002732, 1, 2, 0, 0),
(278, 1076, 8, 'Armenia:  Weathering the Global Storm', '', 1359002852, 1, 2, 0, 0),
(272, 1077, 8, 'Evening in Memory of Vigen Babayan', '', 1359002980, 1, 2, 0, 0),
(278, 1079, 8, 'Armenia:  Weathering the Global Storm', '', 1359003331, 1, 2, 0, 0),
(278, 1080, 8, 'Armenia:  Weathering the Global Storm', '', 1359003355, 1, 2, 0, 0),
(551, 1081, 20, 'PFA in a report presented to the Armenian government in 2011', '', 1359127545, 1, 1, 0, 0),
(551, 1082, 8, 'Diaspora Strategies in Transition States: Prospects and Opportunities for Armenia', '', 1359128044, 1, 1, 0, 0),
(551, 1083, 8, 'Diaspora Strategies in Transition States: Prospects and Opportunities for Armenia', '', 1359128391, 1, 1, 0, 0),
(552, 1084, 20, 'Julia Nikogosian', '', 1359173628, 1, 2, 0, 0),
(383, 1085, 1, 'About', '', 1359342528, 1, 2, 0, 0),
(383, 1086, 1, 'About', '', 1359342546, 1, 2, 0, 0),
(286, 1087, 8, 'Biographies of panelists', '', 1359346987, 1, 2, 0, 0),
(325, 1088, 8, 'Guest Speakers\' Background  ', '', 1359347871, 1, 2, 0, 0),
(553, 1089, 20, 'Diaspora Report ', '', 1359423691, 1, 2, 0, 0),
(554, 1090, 20, 'Diaspora Report ', '', 1359423722, 1, 2, 0, 0),
(555, 1091, 20, 'Diaspora Report ', '', 1359423751, 1, 2, 0, 0),
(556, 1092, 20, 'Diaspora Report ', '', 1359423779, 1, 2, 0, 0),
(557, 1093, 20, 'Diaspora Report ', '', 1359423844, 1, 2, 0, 0),
(558, 1094, 20, 'Diaspora Report ', '', 1359423871, 1, 2, 0, 0),
(559, 1095, 20, 'Vegas Presentation ', '', 1359424575, 1, 2, 0, 0),
(560, 1096, 20, 'Vegas Report ', '', 1359424642, 1, 2, 0, 0),
(561, 1097, 20, 'Vegas Report ', '', 1359424674, 1, 2, 0, 0),
(562, 1098, 20, 'vegas Report ', '', 1359424707, 1, 2, 0, 0),
(563, 1099, 8, 'Presentation of PFA Reports at ABA meeting ', '', 1359428896, 1, 1, 0, 0),
(272, 1100, 8, 'Evening in Memory of Vigen Babayan', '', 1359584338, 1, 2, 0, 0),
(564, 1101, 20, 'PFA\'s Sassoon Kosian shares his views regarding the recent joint announcement of the leading opposition candidates on PFA\'s Blog.', '', 1361662928, 0, 2, 0, 0),
(306, 1102, 20, 'Law and Governance Reports', '', 1360596153, 1, 2, 0, 0),
(386, 1103, 20, 'Government', '', 1361317136, 1, 2, 0, 0),
(386, 1104, 20, 'Government', '', 1361317149, 1, 2, 0, 0),
(386, 1105, 20, 'Government', '', 1361317208, 1, 2, 0, 0),
(387, 1106, 20, 'Society', '', 1361317221, 1, 2, 0, 0),
(386, 1107, 20, 'Government', '', 1361317430, 1, 2, 0, 0),
(386, 1108, 20, 'Government', '', 1361318840, 1, 2, 0, 0),
(386, 1115, 20, 'Government', '', 1361377013, 1, 2, 0, 0),
(386, 1116, 20, 'Government', '', 1361377025, 1, 2, 0, 0),
(565, 1117, 20, 'PFA Publishes the Results of Its Preliminary Analysis on Presidential Election in Armenia ', '', 1361541245, 1, 1, 0, 0),
(566, 1118, 20, 'Policy Forum Armenia Publishes the Results of Its Preliminary Analysis on  February 18, 2013 Presidential Election in Armenia ', '', 1361541513, 1, 2, 0, 0),
(565, 1119, 20, 'PFA Publishes the Results of Its Preliminary Analysis on Presidential Election in Armenia ', '', 1361541768, 1, 1, 0, 0),
(565, 1120, 20, 'PFA Publishes the Results of Its Preliminary Analysis on Presidential Election in Armenia ', '', 1361541823, 1, 1, 0, 0),
(565, 1121, 20, 'PFA Publishes the Results of Its Preliminary Analysis on Presidential Election in Armenia ', '', 1361541843, 1, 1, 0, 0),
(565, 1122, 20, 'PFA Publishes the Results of Its Preliminary Analysis on Presidential Election in Armenia ', '', 1361541874, 1, 1, 0, 0),
(565, 1123, 20, 'PFA Publishes the Results of Its Preliminary Analysis on Presidential Election in Armenia ', '', 1361542181, 1, 1, 0, 0),
(565, 1124, 8, 'PFA Publishes the Results of Its Preliminary Analysis on Presidential Election in Armenia ', '', 1361545514, 1, 1, 0, 0),
(565, 1125, 8, 'PFA Publishes the Results of Its Preliminary Analysis on Presidential Election in Armenia ', '', 1361545529, 1, 1, 0, 0),
(567, 1126, 20, 'Figure 1', '', 1361546704, 1, 2, 0, 0),
(568, 1127, 20, 'Figure 2', '', 1361546897, 1, 2, 0, 0),
(569, 1128, 20, 'Figure 3', '', 1361546961, 1, 2, 0, 0),
(565, 1129, 20, 'PFA Publishes the Results of Its Preliminary Analysis on Presidential Election in Armenia ', '', 1361547187, 1, 1, 0, 0),
(566, 1130, 20, 'Policy Forum Armenia Publishes the Results of Its Preliminary Analysis on  February 18, 2013 Presidential Election in Armenia ', '', 1361600063, 1, 2, 0, 0),
(566, 1131, 20, 'Policy Forum Armenia Publishes the Results of Its Preliminary Analysis on  February 18, 2013 Presidential Election in Armenia ', '', 1361645974, 1, 2, 0, 0),
(565, 1132, 20, 'PFA Publishes the Results of Its Preliminary Analysis on Presidential Election in Armenia ', '', 1361646024, 1, 1, 0, 0),
(566, 1133, 20, 'Policy Forum Armenia Publishes the Results of Its Preliminary Analysis on  February 18, 2013 Presidential Election in Armenia ', '', 1361647528, 1, 2, 0, 0),
(565, 1134, 20, 'PFA Publishes the Results of Its Preliminary Analysis on Presidential Election in Armenia ', '', 1361647605, 1, 1, 0, 0),
(571, 1136, 20, 'PFA Fellow and Communications Director Tamar Gasparian is reporting from New York City on a recent protest organized by a group of Armenian activists against the massive presidential election fraud in Armenia. ', '', 1371855234, 1, 2, 0, 0),
(565, 1137, 8, 'PFA Publishes the Results of Its Preliminary Analysis on Presidential Election in Armenia ', '', 1361665650, 1, 1, 0, 0),
(572, 1138, 20, ' London-based \"Foreign Policy Centre\" Publishes PFA\'s Briefing on Armenia\'s Presidential Election by PFA Senior Fellows Zaven Kalayjian & Sassoon Kosian.', '', 1361982165, 1, 2, 0, 0),
(573, 1139, 20, 'How would you describe your reaction to the official announcement about Serge Sargsyan\'s re-election as president of Armenia?', '', 1362072915, 1, 2, 1, 0),
(308, 1140, 8, 'Politics and International Relations', '', 1362075278, 1, 2, 0, 0),
(308, 1141, 8, 'Politics and International Relations', '', 1362075331, 1, 2, 0, 0),
(308, 1142, 20, 'Politics and International Relations', '', 1362076195, 1, 2, 0, 0),
(308, 1143, 20, 'Politics and International Relations', '', 1362076389, 1, 2, 0, 0),
(308, 1144, 20, 'Politics and International Relations', '', 1362076539, 1, 2, 0, 0),
(308, 1145, 20, 'Politics and International Relations', '', 1362076791, 1, 2, 0, 0),
(308, 1146, 20, 'Politics and International Relations', '', 1362076934, 1, 2, 0, 0),
(565, 1147, 8, 'PFA Publishes the Results of Its Preliminary Analysis on Presidential Election in Armenia ', '', 1362113783, 1, 1, 0, 0),
(574, 1148, 20, 'PFA Releases the list of 20 Top Violator Polling Stations', '', 1362501725, 1, 1, 0, 0),
(575, 1149, 20, 'PFA Releases the list of 20 Top Violator Polling Stations', '', 1362501766, 1, 2, 0, 0),
(575, 1152, 20, 'PFA Releases the list of 20 Top Violator Polling Stations', '', 1362502471, 1, 2, 0, 0),
(574, 1153, 20, 'PFA Releases the list of 20 Top Violator Polling Stations', '', 1362502528, 1, 1, 0, 0),
(574, 1154, 20, 'PFA Releases the list of 20 Top Violator Polling Stations', '', 1362502590, 1, 1, 0, 0),
(575, 1155, 20, 'PFA Releases the list of 20 Top Violator Polling Stations', '', 1362540143, 1, 2, 0, 0),
(574, 1156, 20, 'PFA Releases the list of 20 Top Violator Polling Stations', '', 1362630717, 1, 1, 0, 0),
(576, 1157, 20, 'PFA Fellow Sassoon Kosian suggests alternative ways of power transition in Armenia and outlines the steps necessary to achieve it.', '', 1371855197, 0, 2, 0, 0),
(577, 1158, 20, 'Petition ', '', 1363716597, 0, 2, 0, 0),
(578, 1159, 20, 'Truth or Consequences 2013, Part I: Challenges to Election Results in Armenia ', '', 1367854023, 1, 1, 0, 0),
(579, 1160, 20, 'A Challenge to the Armenian Diaspora: Help Lead the Armenian Homeland in a New Direction ', '', 1364785352, 1, 1, 0, 0),
(579, 1161, 20, 'A Challenge to the Armenian Diaspora: Help Lead the Armenian Homeland in a New Direction ', '', 1364785373, 0, 1, 0, 0),
(580, 1162, 20, 'A Challenge to the Armenian Diaspora: Help Lead the Armenian Homeland in a New Direction ', '', 1364785462, 1, 2, 0, 0),
(580, 1163, 20, 'A Challenge to the Armenian Diaspora: Help Lead the Armenian Homeland in a New Direction ', '', 1364785479, 1, 2, 0, 0),
(580, 1164, 20, 'A Challenge to the Armenian Diaspora: Help Lead the Armenian Homeland in a New Direction (In Western Armenian)', '', 1364785568, 1, 2, 0, 0),
(580, 1165, 20, 'A Challenge to the Armenian Diaspora: Help Lead the Armenian Homeland in a New Direction ', '', 1364785775, 1, 2, 0, 0),
(579, 1166, 20, 'A Challenge to the Armenian Diaspora: Help Lead the Armenian Homeland in a New Direction ', '', 1364786031, 0, 1, 0, 0),
(579, 1167, 20, 'A Challenge to the Armenian Diaspora: Help Lead the Armenian Homeland in a New Direction ', '', 1364786142, 0, 1, 0, 0),
(581, 1168, 20, 'The Appeal in Armenian', '', 1364786172, 1, 2, 0, 0),
(582, 1169, 20, 'The Appeal in Russian ', '', 1364786193, 1, 2, 0, 0),
(580, 1170, 20, 'The Appeal in English', '', 1364786225, 1, 2, 0, 0),
(583, 1171, 20, 'The Appeal in French', '', 1364786440, 1, 2, 0, 0),
(584, 1172, 20, 'Election Fraud, Civil Society Awakening, and the Diaspora’s Role', '', 1367854137, 1, 1, 0, 0),
(585, 1179, 20, 'Roundtable Discussion on Election Fraud, Civil Society Awakening, And the Diaspora’s Role. ', '', 1366126082, 1, 2, 0, 0),
(586, 1180, 20, 'Roundtable Discussion on Election Fraud, Civil Society Awakening, And the Diaspora’s Role. ', '', 1366126108, 1, 2, 0, 0),
(587, 1181, 20, 'Roundtable Discussion on Election Fraud, Civil Society Awakening, And the Diaspora’s Role. ', '', 1366126136, 1, 2, 0, 0),
(588, 1182, 20, 'Election Fraud, Civil Society & the Diaspora', '', 1366126308, 1, 1, 0, 0),
(589, 1183, 20, 'Roundtable Discussion on Election Fraud, Civil Society Awakening, And the Diaspora’s Role. ', '', 1366126404, 1, 1, 0, 0),
(589, 1184, 20, 'Roundtable Discussion on Election Fraud, Civil Society Awakening, And the Diaspora’s Role. ', '', 1366126447, 1, 1, 0, 0),
(589, 1185, 20, 'Roundtable Discussion on Election Fraud, Civil Society Awakening, And the Diaspora’s Role. ', '', 1366126505, 1, 1, 0, 0),
(591, 1195, 20, 'Zaven\'s Presentation ', '', 1366739759, 1, 2, 0, 0),
(599, 1203, 20, 'Discussion on Election Fraud in New Jersey ', '', 1367853729, 1, 2, 0, 0),
(600, 1204, 20, 'Discussion on Election Fraud in New Jersey ', '', 1367853766, 1, 2, 0, 0),
(601, 1205, 20, 'Discussion on Election Fraud in New Jersey ', '', 1367853879, 1, 2, 0, 0),
(602, 1206, 20, 'discussion on Election Fraud in New Jersey ', '', 1367853903, 1, 2, 0, 0),
(603, 1207, 20, 'Election Fraud: Discussion in NJ', '', 1367853910, 1, 1, 0, 0),
(604, 1208, 20, 'A Conversation on Armenia with Raffi Hovannisian', '', 1372274426, 1, 1, 0, 0),
(606, 1210, 1, 'A Joint Seminar with the Atlantic Council on Armenia-NATO Relations', '', 1370556508, 1, 1, 0, 0),
(609, 1216, 20, 'A Conversation on Armenia with Raffi Hovannisian at GWU', '', 1370635004, 1, 2, 0, 0),
(610, 1217, 20, 'A ', '', 1370635045, 1, 2, 0, 0),
(611, 1218, 20, 'B', '', 1370635069, 1, 2, 0, 0),
(612, 1219, 20, 'C', '', 1370635098, 1, 2, 0, 0),
(613, 1220, 20, 'D', '', 1370635127, 1, 2, 0, 0),
(614, 1221, 20, 'E', '', 1370635156, 1, 2, 0, 0),
(615, 1222, 20, 'F', '', 1370635186, 1, 2, 0, 0),
(616, 1223, 20, 'G', '', 1370635228, 1, 2, 0, 0),
(617, 1224, 20, 'H', '', 1370661866, 1, 2, 0, 0),
(618, 1225, 20, 'A Conversation on Armenia with Raffi Hovannisian at GWU', '', 1370662312, 1, 1, 0, 0),
(619, 1226, 20, 'I', '', 1370661927, 1, 2, 0, 0),
(620, 1227, 20, 'j', '', 1370662091, 1, 2, 0, 0),
(621, 1228, 20, 'K', '', 1370662265, 1, 2, 0, 0),
(623, 1230, 20, 'Christina Najarian (Summer 2013)', '', 1371593639, 1, 2, 0, 0),
(624, 1231, 20, 'PFA Summer Intern, Christina Najarian, talks about her impressions from a recent speech by Raffi Hovannisian at the GWU Law School in Washington in her PFA blog post.', '', 1371854925, 1, 2, 0, 0),
(625, 1232, 20, 'November summit in Vilnius between the EU and six members of the European Partnership program is expected to produce some tangible results. What does this mean for Armenia especially now when regional developments are becoming scary to watch.', '', 1377196322, 1, 2, 0, 0),
(626, 1233, 20, 'PFA Hosted a Discussion on the Conditions of Armenians in Syria', '', 1378089389, 1, 1, 0, 0),
(627, 1234, 8, 'PFA Hosted a Discussion on the Conditions of Armenians in Syria', '', 1379906633, 1, 1, 0, 0),
(628, 1235, 20, 'Armenins in Syria', '', 1378090061, 1, 2, 0, 0),
(629, 1236, 20, 'Armenins in Syria', '', 1378090102, 1, 2, 0, 0),
(630, 1237, 20, 'A Discussion on Conditions of Armenians in Syria', '', 1378090345, 1, 1, 0, 0),
(631, 1238, 20, 'Armenins in Syria', '', 1378090146, 1, 2, 0, 0),
(632, 1239, 20, 'Armenins in Syria', '', 1378090181, 1, 2, 0, 0),
(626, 1240, 8, 'PFA Hosted a Discussion on the Conditions of Armenians in Syria', '', 1378588386, 0, 1, 0, 0),
(626, 1241, 8, 'PFA Hosted a Discussion on the Conditions of Armenians in Syria', '', 1378588437, 0, 1, 0, 0),
(633, 1242, 4, 'Forum on Armenia’s Economy to Feature Daron Acemoglu, David Grigorian', '', 1379987793, 1, 1, 0, 0),
(633, 1243, 4, 'Forum on Armenia’s Economy to Feature Daron Acemoglu, David Grigorian', '', 1379987897, 1, 1, 0, 0),
(633, 1244, 4, 'Forum on Armenia’s Economy to Feature Daron Acemoglu, David Grigorian', '', 1379988450, 1, 1, 0, 0),
(633, 1245, 4, 'Forum on Armenia’s Economy to Feature Daron Acemoglu, David Grigorian', '', 1379988474, 1, 1, 0, 0),
(635, 1247, 4, 'Armenia Reloaded: 2013 Elections and Shuttle Diplomacy', '', 1379988768, 1, 1, 0, 0),
(635, 1248, 4, 'Armenia Reloaded: 2013 Elections and Shuttle Diplomacy', '', 1379988831, 1, 1, 0, 0),
(636, 1249, 4, 'The Protesters Are Right: Evidence Suggests More Election Fraud in Last Week’s Elections in Armenia', '', 1379988886, 1, 1, 0, 0),
(636, 1250, 4, 'The Protesters Are Right: Evidence Suggests More Election Fraud in Last Week’s Elections in Armenia', '', 1379988933, 1, 1, 0, 0),
(637, 1251, 4, 'Armenian Activists Protest Prime Minister’s Arrival in California', '', 1379989074, 1, 1, 0, 0),
(637, 1252, 4, 'Armenian Activists Protest Prime Minister’s Arrival in California', '', 1380069091, 1, 1, 0, 0),
(636, 1253, 4, 'The Protesters Are Right: Evidence Suggests More Election Fraud in Last Week’s Elections in Armenia', '', 1380069154, 1, 1, 0, 0),
(635, 1254, 4, 'Armenia Reloaded: 2013 Elections and Shuttle Diplomacy', '', 1380069200, 1, 1, 0, 0),
(638, 1255, 20, 'In less than two years, the world will have an opportunity to prove Adolf Hitler wrong.  It was him who, prior to embarking upon a genocidal campaign in Europe, said: “Who, after all, remembers the annihilations of the Armenians?” ', '', 1380590531, 1, 2, 0, 0),
(639, 1256, 20, 'On September 19, 2013, Armenia issued its first sovereign US$-denominated bond and joined Bolivia, Nigeria, Rwanda, and a handful of other (mostly low-income) countries that within the past year or so entered the international market for the first time.', '', 1380590887, 1, 2, 0, 0),
(305, 1257, 15, 'Human Rights, Society, Religion Reports', '', 1382074868, 1, 2, 0, 0),
(308, 1258, 15, 'Politics and International Relations', '', 1382075490, 1, 2, 0, 0),
(308, 1259, 15, 'Politics and International Relations', '', 1382115594, 1, 2, 0, 0),
(231, 1260, 15, 'PFA Issues Its 2009-2010 Annual Report', '', 1382116144, 1, 1, 0, 0),
(386, 1263, 15, 'Government', '', 1382116982, 1, 2, 0, 0),
(387, 1265, 15, 'Society', '', 1382117178, 1, 2, 0, 0),
(640, 1266, 15, 'Corruption in Armenia', '', 1417544209, 1, 2, 1, 0),
(641, 1267, 15, 'NEW REPORT DECONSTRUCTS CORRUPTION IN ARMENIA AND SOUNDS THE ALARM FOR POLITICAL REFORM', '', 1382324777, 1, 1, 1, 0),
(641, 1268, 15, 'New Report Deconstructs Corruption in Armenia and Sounds the Alarm for Political Reform', '', 1382324809, 1, 1, 1, 0),
(641, 1269, 15, 'New Report Deconstructs Corruption in Armenia and Sounds the Alarm for Political Reform', '', 1382324859, 1, 1, 1, 0),
(642, 1270, 15, 'PFA\'s report on \"Corruption in Armenia\"', '', 1382325738, 1, 2, 1, 0),
(643, 1271, 15, 'PFA\'s report on \"Corruption in Armenia\"', '', 1382372680, 0, 2, 0, 0),
(641, 1272, 15, 'New Report Deconstructs Corruption in Armenia and Sounds the Alarm for Political Reform', '', 1382326895, 1, 1, 1, 0),
(641, 1273, 15, 'New Report Deconstructs Corruption in Armenia and Sounds the Alarm for Political Reform', '', 1382326934, 1, 1, 1, 0),
(641, 1274, 15, 'New Report Deconstructs Corruption in Armenia and Sounds the Alarm for Political Reform', '', 1382327295, 1, 1, 1, 0),
(641, 1275, 15, 'New Report Deconstructs Corruption in Armenia and Sounds the Alarm for Political Reform', '', 1382327306, 1, 1, 1, 0),
(641, 1276, 15, 'New Report Deconstructs Corruption in Armenia and Sounds the Alarm for Political Reform', '', 1382327336, 1, 1, 1, 0),
(641, 1277, 15, 'New Report Deconstructs Corruption in Armenia and Sounds the Alarm for Political Reform', '', 1382327578, 1, 1, 1, 0),
(641, 1278, 15, 'New Report Deconstructs Corruption in Armenia and Sounds the Alarm for Political Reform', '', 1382327665, 1, 1, 1, 0),
(641, 1279, 15, 'New Report Deconstructs Corruption in Armenia and Sounds the Alarm for Political Reform', '', 1382327680, 1, 1, 1, 0),
(641, 1280, 15, 'New Report Deconstructs Corruption in Armenia and Sounds the Alarm for Political Reform', '', 1382327690, 1, 1, 1, 0),
(641, 1281, 15, 'New Report Deconstructs Corruption in Armenia and Sounds the Alarm for Political Reform', '', 1382327757, 1, 1, 1, 0),
(641, 1282, 15, 'New Report Deconstructs Corruption in Armenia and Sounds the Alarm for Political Reform', '', 1382327779, 1, 1, 1, 0),
(641, 1283, 15, 'New Report Deconstructs Corruption in Armenia and Sounds the Alarm for Political Reform', '', 1382328418, 1, 1, 1, 0),
(641, 1284, 15, 'New Report Deconstructs Corruption in Armenia and Sounds the Alarm for Political Reform', '', 1382328623, 1, 1, 1, 0),
(642, 1285, 15, 'PFA\'s report on \"Corruption in Armenia\"', '', 1382329196, 1, 2, 1, 0),
(642, 1286, 15, 'PFA\'s State of the Nation Report on \"Corruption in Armenia\"', '', 1382329915, 1, 2, 1, 0),
(642, 1287, 15, 'PFA\'s State of the Nation Report on \"Corruption in Armenia\"', '', 1382330419, 1, 2, 1, 0),
(641, 1288, 15, 'New Report Deconstructs Corruption in Armenia and Sounds the Alarm for Political Reform', '', 1382333415, 1, 1, 1, 0),
(641, 1289, 15, 'New Report Deconstructs Corruption in Armenia and Sounds the Alarm for Political Reform', '', 1382333532, 1, 1, 1, 0),
(641, 1290, 15, 'New Report Deconstructs Corruption in Armenia and Sounds the Alarm for Political Reform', '', 1382333639, 1, 1, 1, 0),
(641, 1291, 15, 'New Report Deconstructs Corruption in Armenia and Sounds the Alarm for Political Reform', '', 1382333672, 1, 1, 1, 0),
(641, 1292, 15, 'New Report Deconstructs Corruption in Armenia and Sounds the Alarm for Political Reform', '', 1382333839, 1, 1, 1, 0),
(641, 1293, 15, 'New Report Deconstructs Corruption in Armenia and Sounds the Alarm for Political Reform', '', 1382333877, 1, 1, 1, 0),
(641, 1294, 15, 'New Report Deconstructs Corruption in Armenia and Sounds the Alarm for Political Reform', '', 1382359252, 1, 1, 1, 0),
(641, 1295, 15, 'New Report Deconstructs Corruption in Armenia and Sounds the Alarm for Political Reform', '', 1382359362, 1, 1, 1, 0),
(106, 1296, 15, 'SUPPORT PFA', '', 1382359928, 1, 2, 0, 0),
(106, 1297, 15, 'SUPPORT PFA', '', 1382360038, 1, 2, 0, 0),
(641, 1298, 15, 'New Report Deconstructs Corruption in Armenia and Sounds the Alarm for Political Reform', '', 1382382720, 1, 1, 1, 0),
(30, 1299, 1, 'Footer Info', '', 1382632397, 1, 1, 0, 0),
(30, 1300, 1, 'Footer Info', '', 1382632422, 1, 1, 0, 0),
(106, 1301, 1, 'SUPPORT PFA', '', 1382632782, 1, 2, 0, 0),
(635, 1302, 8, 'Armenia Reloaded: 2013 Elections and Shuttle Diplomacy', '', 1382928138, 1, 1, 0, 0),
(635, 1303, 8, 'Armenia Reloaded: 2013 Elections and Shuttle Diplomacy', '', 1382928217, 1, 1, 0, 0),
(641, 1304, 15, 'New Report Deconstructs Corruption in Armenia and Sounds the Alarm for Political Reform', '', 1384468913, 1, 1, 1, 0),
(306, 1305, 15, 'Law and Governance Reports', '', 1384749135, 1, 2, 0, 0),
(106, 1306, 20, 'SUPPORT PFA', '', 1386873283, 1, 2, 0, 0),
(106, 1307, 20, 'SUPPORT PFA', 'Copy of the revision from <em class=\"placeholder\">Thu, 2013-10-24 12:39</em>.', 1386873489, 1, 2, 0, 0),
(106, 1308, 20, 'SUPPORT PFA', '', 1386873686, 1, 2, 0, 0),
(106, 1309, 20, 'SUPPORT PFA', '', 1386873842, 1, 2, 0, 0),
(106, 1310, 20, 'SUPPORT PFA', '', 1386873857, 1, 2, 0, 0),
(644, 1311, 20, 'A Holiday Message from Policy Forum Armenia', '', 1388941151, 1, 1, 0, 0),
(644, 1312, 20, 'A Holiday Message from Policy Forum Armenia', '', 1388941304, 1, 1, 0, 0),
(644, 1313, 20, 'A Holiday Message from Policy Forum Armenia', '', 1388941634, 1, 1, 0, 0),
(644, 1314, 8, 'A Holiday Message from Policy Forum Armenia', '', 1388946607, 1, 1, 0, 0),
(644, 1315, 8, 'A Holiday Message from Policy Forum Armenia', '', 1388946709, 1, 1, 0, 0),
(645, 1316, 15, 'Arminé Nalbandian', '', 1389152870, 1, 2, 0, 0),
(646, 1317, 15, 'Lusine Jagharian', '', 1389152817, 1, 2, 0, 0),
(647, 1318, 20, 'Vilnius Summit - Which Way Forward for the European Eastern Neighbourhood Policy?', '', 1394987886, 1, 1, 0, 0),
(647, 1319, 20, 'Vilnius Summit - Which Way Forward for the European Eastern Neighbourhood Policy?', '', 1394987938, 1, 1, 0, 0),
(648, 1320, 8, 'PFA Hosts a Presentation by Ara Papian on Woodrow Wilson\'s Arbitral Award', '', 1404580424, 1, 1, 0, 0),
(649, 1321, 20, 'Armenia and the West: New Vision for the Caucuses? ', '', 1403818844, 0, 1, 0, 0),
(653, 1325, 15, 'Hrach Gregorian', '', 1405142083, 1, 2, 0, 0),
(633, 1326, 8, 'Forum on Armenia’s Economy to Feature Daron Acemoglu', '', 1404708323, 1, 1, 0, 0),
(633, 1327, 8, 'PFA Co-organizes a Landmark High-Level Seminar on \"Armenia and the West\" ', '', 1404710068, 1, 1, 0, 0),
(654, 1328, 8, 'Joint Workshop with the Atlantic Council on \"Armenia and the West\"', '', 1473783219, 1, 1, 0, 0),
(655, 1329, 20, 'Joint Workshop with the Atlantic Council on \"Armenia and the West', '', 1404777374, 1, 2, 0, 0),
(656, 1330, 20, 'Joint Workshop with the Atlantic Council on \"Armenia and the West', '', 1404777395, 1, 2, 0, 0),
(657, 1331, 20, 'Joint Workshop with the Atlantic Council on \"Armenia and the West', '', 1404777425, 1, 1, 0, 0),
(658, 1332, 20, 'Joint Workshop with the Atlantic Council on \"Armenia and the West', '', 1404777451, 1, 2, 0, 0),
(659, 1333, 20, 'Joint Workshop with the Atlantic Council on \"Armenia and the West', '', 1404777571, 1, 2, 0, 0),
(660, 1334, 20, 'Joint Workshop with the Atlantic Council on \"Armenia and the West', '', 1404777596, 1, 2, 0, 0),
(661, 1335, 20, 'Joint Workshop with the Atlantic Council on \"Armenia and the West', '', 1404777622, 1, 2, 0, 0),
(662, 1336, 20, 'Joint Workshop with the Atlantic Council on \"Armenia and the West', '', 1404777651, 1, 2, 0, 0),
(663, 1337, 8, 'Joint Workshop with the Atlantic Council on \"Armenia and the West\"', '', 1404909337, 1, 1, 0, 0),
(664, 1338, 20, 'Joint Workshop with the Atlantic Council on \"Armenia and the West', '', 1404777745, 1, 2, 0, 0),
(665, 1339, 20, 'Joint Workshop with the Atlantic Council on \"Armenia and the West', '', 1404777843, 1, 2, 0, 0),
(633, 1340, 20, 'PFA Co-organizes a Landmark High-Level Seminar on \"Armenia and the West\" ', '', 1404778359, 1, 1, 0, 0),
(633, 1341, 20, 'PFA Co-organizes a Landmark High-Level Seminar on \"Armenia and the West\" ', '', 1404778379, 1, 1, 0, 0),
(666, 1342, 20, 'Presentation by Ara Papian ', '', 1404783286, 1, 2, 0, 0),
(667, 1343, 20, 'Presentation by Ara Papian ', '', 1404783316, 1, 2, 0, 0),
(668, 1344, 20, 'Presentation by Ara Papian ', '', 1404783395, 1, 2, 0, 0),
(669, 1345, 20, 'Presentation by Ara Papian ', '', 1404783421, 1, 2, 0, 0),
(670, 1346, 20, 'Presentation by Ara Papian ', '', 1404783442, 1, 2, 0, 0),
(671, 1347, 8, 'Ara Papian\'s Presentation on Wilson\'s Arbitral Award', '', 1404909449, 1, 1, 0, 0),
(672, 1348, 15, 'Yelena Gyulkhandanyan (Spring 2014)', '', 1404963891, 1, 2, 0, 0),
(633, 1349, 8, 'PFA Co-organizes a Landmark High-Level Seminar on \"Armenia and the West\" ', '', 1404940720, 1, 1, 0, 0),
(673, 1350, 20, 'Dr. Hrach Gregorian joins Policy Forum Armenia’s Academic Board', '', 1405270268, 1, 1, 0, 0),
(673, 1351, 20, 'Dr. Hrach Gregorian joins Policy Forum Armenia’s Academic Board', '', 1405270303, 1, 1, 0, 0),
(673, 1352, 20, 'Dr. Hrach Gregorian joins Policy Forum Armenia’s Academic Board', '', 1405270418, 1, 1, 0, 0),
(673, 1353, 8, 'Dr. Hrach Gregorian joins Policy Forum Armenia’s Academic Board', '', 1405270988, 1, 1, 0, 0),
(675, 1355, 20, 'From stateless thinking to the Forum of independent minds', '', 1405698662, 1, 1, 0, 0),
(675, 1356, 20, 'From stateless thinking to the Forum of independent minds', '', 1405698701, 1, 1, 0, 0),
(675, 1357, 8, 'From stateless thinking to the Forum of independent minds', '', 1405699201, 1, 1, 0, 0),
(675, 1358, 8, 'From stateless thinking to the Forum of independent minds', '', 1405699405, 1, 1, 0, 0),
(675, 1359, 8, 'From stateless thinking to the Forum of independent minds', '', 1405699647, 1, 1, 0, 0),
(677, 1361, 15, 'PFA’s New Report Lays out a Roadmap for Armenia’s Relations with the West and a New Vision for the Caucasus', '', 1412236710, 1, 1, 0, 0),
(677, 1362, 15, 'PFA’s New Report Lays out a Roadmap for Armenia’s Relations with the West and a New Vision for the Caucasus', '', 1412236870, 1, 1, 0, 0),
(677, 1363, 15, 'PFA’s New Report Lays out a Roadmap for Armenia’s Relations with the West and a New Vision for the Caucasus', '', 1412236902, 1, 1, 0, 0),
(678, 1364, 8, 'State of the Nation Report \"Armenia and the West\"', '', 1412275649, 1, 2, 0, 0),
(678, 1365, 8, 'State of the Nation Report \"Armenia and the West\"', '', 1412275822, 1, 2, 0, 0),
(678, 1366, 8, 'State of the Nation Report \"Armenia and the West: A New Vision for the Caucasus\"', '', 1412275917, 1, 2, 0, 0),
(678, 1367, 8, '\"Armenia and the West: A New Vision for the Caucasus\"', '', 1412275971, 1, 2, 0, 0),
(678, 1368, 8, '\"Armenia and the West: A New Vision for the Caucasus\"', '', 1412276076, 1, 2, 0, 0),
(678, 1369, 8, '\"Armenia and the West: A New Vision for the Caucasus\"', '', 1412276232, 1, 2, 1, 0),
(678, 1370, 8, '\"Armenia and the West: A New Vision for the Caucasus\"', '', 1412276301, 1, 2, 0, 1),
(642, 1371, 8, 'PFA\'s State of the Nation Report on \"Corruption in Armenia\"', '', 1412276337, 1, 2, 0, 0),
(678, 1372, 8, '\"Armenia and the West: A New Vision for the Caucasus\"', '', 1412276432, 1, 2, 1, 0),
(678, 1373, 8, '\"Armenia and the West: A New Vision for the Caucasus\"', '', 1412277122, 1, 2, 1, 0),
(678, 1374, 8, '\"Armenia and the West: A New Vision for the Caucasus\"', '', 1412277141, 1, 2, 1, 0),
(678, 1375, 8, '\"Armenia and the West: A New Vision for the Caucasus\"', '', 1412277574, 1, 2, 1, 1),
(678, 1376, 8, '\"Armenia and the West: A New Vision for the Caucasus\"', '', 1412277648, 1, 2, 1, 0),
(678, 1377, 8, 'Armenia and the West: A New Vision for the Caucasus', '', 1412278763, 1, 2, 1, 0),
(677, 1378, 8, 'PFA’s New Report Lays out a Roadmap for Armenia’s Relations with the West and a New Vision for the Caucasus', '', 1412280337, 1, 1, 0, 0),
(678, 1379, 8, 'Armenia and the West: A New Vision for the Caucasus', '', 1412282507, 1, 2, 1, 0),
(678, 1380, 8, 'Armenia and the West: A New Vision for the Caucasus', '', 1412283891, 1, 2, 1, 0),
(675, 1381, 8, 'From stateless thinking to the Forum of independent minds', '', 1412347478, 1, 1, 0, 0),
(675, 1382, 8, 'From stateless thinking to the Forum of independent minds', '', 1412347695, 1, 1, 0, 0),
(677, 1383, 8, 'PFA’s New Report Lays out a Roadmap for Armenia’s Relations with the West and a New Vision for the Caucasus', '', 1412359856, 1, 1, 0, 0),
(677, 1384, 8, 'PFA’s New Report Lays out a Roadmap for Armenia’s Relations with the West and a New Vision for the Caucasus', '', 1412359993, 1, 1, 0, 0),
(679, 1385, 8, 'PFA Issues a Statement Regarding Police Action Against a Prominent Activist, Alec Yenigomshian', '', 1413867726, 1, 1, 0, 0),
(679, 1386, 8, 'PFA Issues a Statement Regarding Police Action Against a Prominent Activist, Alec Yenigomshian', '', 1413870730, 1, 1, 0, 0),
(679, 1387, 8, 'PFA Condemns Police Action Against a Prominent Activist, Alec Yenigomshian', '', 1413899480, 1, 1, 0, 0),
(679, 1388, 8, 'PFA Issues a Statement Regarding Police Action Against a Prominent Activist, Alec Yenigomshian', 'Copy of the revision from <em class=\"placeholder\">Tue, 2014-10-21 01:52</em>.', 1413904286, 1, 1, 0, 0),
(678, 1389, 20, 'Armenia and the West: A New Vision for the Caucasus', '', 1417307325, 1, 2, 1, 1),
(678, 1390, 214, 'Armenia and the West: A New Vision for the Caucasus', '', 1417318152, 1, 2, 1, 1),
(680, 1391, 8, 'Armenia and the West: A New Vision for the Caucasus', '', 1481028562, 1, 2, 1, 0),
(681, 1392, 8, 'Eduard Abrahamyan', '', 1464273381, 1, 2, 0, 0),
(309, 1393, 15, 'Science, Technology, and Environment', '', 1422591684, 1, 2, 0, 0),
(682, 1394, 20, 'One of the key determinants of economic performance of a country is the level of its technological advancement. Technological innovations, however, are highly concentrated. By Ani Harutyunyan, Guest Blogger ', '', 1426433642, 1, 2, 0, 0),
(309, 1395, 15, 'Science, Technology, and Environment', '', 1426723898, 1, 2, 0, 0),
(683, 1396, 8, 'PFA Considers the Issuance of the Eurobond by Armenia\'s Government Irresponsible and Damaging', '', 1427249342, 1, 1, 0, 0),
(683, 1397, 8, 'PFA Considers the Issuance of the Eurobond by Armenia\'s Government Irresponsible and Damaging', '', 1427249445, 1, 1, 0, 0),
(565, 1398, 20, 'PFA Publishes the Results of Its Preliminary Analysis on Presidential Election in Armenia ', '', 1427724004, 1, 1, 0, 0),
(565, 1399, 20, 'PFA Publishes the Results of Its Preliminary Analysis on Presidential Election in Armenia ', '', 1427724052, 1, 1, 0, 0),
(565, 1400, 20, 'PFA Publishes the Results of Its Preliminary Analysis on Presidential Election in Armenia ', '', 1427724129, 1, 1, 0, 0),
(565, 1401, 20, 'PFA Publishes the Results of Its Preliminary Analysis on Presidential Election in Armenia ', '', 1427724230, 1, 1, 0, 0),
(685, 1404, 8, 'PFA Condemns the Arrests of Prominent Opposition Leaders by Armenia\'s Regime', '', 1428633756, 1, 1, 0, 0),
(685, 1405, 8, 'PFA Condemns the Arrests of Prominent Opposition Leaders by Armenia\'s Regime', '', 1428635002, 1, 1, 0, 0),
(687, 1407, 20, 'Policy Forum Armenia condemns the police brutality and arrests of peaceful protesters who were exercising their Constitutional rights of freedom assembly and speech to protest against electricity tariff hikes in Armenia on June 23, 2015.', '', 1435590292, 1, 1, 0, 0),
(687, 1408, 20, 'Policy Forum Armenia condemns the police brutality and arrests of peaceful protesters in Armenia on June 23, 2015.', '', 1435590321, 1, 1, 0, 0);
INSERT INTO `node_revision` (`nid`, `vid`, `uid`, `title`, `log`, `timestamp`, `status`, `comment`, `promote`, `sticky`) VALUES
(687, 1409, 20, 'Policy Forum Armenia condemns the police brutality and arrests of peaceful protesters in Armenia on June 23, 2015.', '', 1435590381, 1, 1, 0, 0),
(687, 1410, 20, 'Policy Forum Armenia condemns the police brutality and arrests of peaceful protesters in Armenia on June 23, 2015.', '', 1435590402, 1, 1, 0, 0),
(687, 1411, 20, 'Policy Forum Armenia condemns the police brutality and arrests of peaceful protesters in Armenia on June 23, 2015.', '', 1435590428, 1, 1, 0, 0),
(687, 1412, 20, 'Policy Forum Armenia condemns the police brutality and arrests of peaceful protesters in Armenia on June 23, 2015.', '', 1435590658, 1, 1, 0, 0),
(687, 1413, 20, 'Policy Forum Armenia condemns the police brutality and arrests of peaceful protesters in Armenia on June 23, 2015.', '', 1435590806, 1, 1, 0, 0),
(687, 1414, 8, 'Policy Forum Armenia condemns the police brutality and arrests of peaceful protesters in Armenia', '', 1435616928, 1, 1, 0, 0),
(687, 1415, 8, 'Policy Forum Armenia condemns the police brutality and arrests of peaceful protesters in Armenia', '', 1435785852, 1, 1, 0, 0),
(687, 1416, 8, 'PFA condemns the police brutality and arrests of peaceful protesters in Armenia', '', 1435785915, 1, 1, 0, 0),
(687, 1417, 8, 'PFA condemns police brutality and arrests of peaceful protesters in Armenia', '', 1435785975, 1, 1, 0, 0),
(687, 1418, 8, 'PFA condemns police brutality and arrests of peaceful protesters in Armenia', '', 1435786148, 1, 1, 0, 0),
(687, 1419, 8, 'PFA condemns police brutality and arrests of peaceful protesters in Armenia', '', 1435786265, 1, 1, 0, 0),
(687, 1420, 8, 'PFA condemns police brutality and arrests of peaceful protesters in Yerevan', '', 1435788279, 1, 1, 0, 0),
(688, 1421, 20, 'It is becoming clear that Armenia is being used by Russia for its anti-Western plans in the Caucasus region and beyond. This became possible following Armenia’s decision to suddenly suspend the process of European integration on September 3, 2013…', '', 1442361269, 1, 2, 0, 0),
(689, 1422, 8, 'Do you support the Constitutional changes in Armenia scheduled for the vote on December 6, 2015? ', '', 1448319045, 1, 2, 1, 0),
(690, 1423, 8, 'PFA’s Statement on Armenia’s 2015 Constitutional Referendum', '', 1449325549, 1, 1, 0, 0),
(690, 1424, 8, 'PFA’s Statement on Armenia’s 2015 Constitutional Referendum', '', 1449325638, 1, 1, 0, 0),
(691, 1425, 20, 'A December 6 referendum that transforms Armenia into a parliamentary form of government is seen as an attempt to extend the rule of President Serzh Sargsyan who, at the end of his second and final term in office, is likely to be appointed Prime Minister. ', '', 1452445342, 1, 2, 0, 0),
(692, 1426, 8, 'The escalation of the conflict between Armenia and Azerbaijan in early-April and its implications for Armenia’s survival raise a number of important questions for the leaders and the general public both in Armenia and the Diaspora. ', '', 1465586522, 1, 2, 0, 0),
(693, 1427, 8, 'Statement Regarding Azerbaijani Military Aggression against Armenia on April 2, 2016', '', 1459655405, 1, 1, 0, 0),
(693, 1428, 8, 'Statement Regarding Azerbaijani Military Aggression against Armenia on April 2, 2016', '', 1459655577, 1, 1, 0, 0),
(693, 1429, 8, 'Statement Regarding Azerbaijani Military Aggression against Armenia on April 2, 2016', '', 1459658318, 1, 1, 0, 0),
(693, 1430, 8, 'Statement Regarding Azerbaijani Military Aggression against Armenia on April 2, 2016', '', 1459704906, 1, 1, 0, 0),
(8, 1431, 8, 'About the ABC Agency', '', 1460434815, 0, 1, 0, 0),
(694, 1432, 8, 'Round-table Discussion on “The 4-day War between Armenia and Azerbaijan:  Russia’s Role and Implications for the Wider Region”', '', 1462307074, 1, 1, 0, 0),
(30, 1433, 214, 'Footer Info', '', 1462388155, 1, 1, 0, 0),
(695, 1434, 226, 'Tatevik Khudinyan (Spring 2016)', '', 1462424454, 1, 2, 0, 0),
(696, 1435, 8, 'Ani Harutyunyan', '', 1524446175, 1, 2, 0, 0),
(58, 1436, 214, 'PFA\'s Co-founder Spoke at Carnegie Endowment', '', 1465903114, 1, 2, 0, 0),
(698, 1438, 214, 'Monopoly Profits in the Wheat Flour Market in Armenia', '', 1465960408, 1, 2, 1, 0),
(698, 1439, 214, 'Monopoly Profits in the Wheat Flour Market in Armenia', '', 1465960475, 1, 2, 1, 0),
(698, 1440, 214, 'Monopoly Profits in the Wheat Flour Market in Armenia', '', 1465960492, 1, 1, 1, 0),
(699, 1441, 8, 'PFA\'s Statement Regarding the Events at Erebuni Police Station in Yerevan, Armenia', '', 1468823555, 1, 1, 0, 0),
(699, 1442, 8, 'PFA\'s Statement Regarding the Events at Erebuni Police Station in Yerevan', '', 1468823576, 1, 1, 0, 0),
(699, 1443, 8, 'PFA\'s Statement Regarding the Events at Erebuni Police Station in Yerevan', '', 1468823706, 1, 1, 0, 0),
(699, 1444, 8, 'PFA\'s Statement Regarding the Events at Erebuni Police Station in Yerevan', '', 1468823775, 1, 1, 0, 0),
(700, 1445, 8, 'At early hours of July 17, a group of gunmen attacked a large police compound in Erebuni district of Yerevan and took several police officers hostage. ', '', 1471384960, 1, 2, 0, 0),
(701, 1446, 8, 'Editorial Blog ', '', 1471385688, 1, 2, 0, 0),
(58, 1447, 214, 'PFA\'s Co-founder Spoke at Carnegie Endowment', '', 1469502345, 0, 2, 0, 0),
(76, 1448, 214, 'In Memory of Vigen Babayan', '', 1469502388, 0, 2, 0, 0),
(702, 1449, 214, 'When People Are Fed Up', '', 1469502655, 1, 2, 0, 0),
(703, 1450, 8, 'Davit Davtyan', '', 1471481382, 1, 2, 0, 0),
(704, 1451, 8, 'Geopolitical Implications of Pro-Democracy Movement in Armenia: What’s at Stake for the US?', '', 1475951420, 1, 1, 0, 0),
(706, 1453, 8, 'PFA’s Statement in Connection with the Detention of Garo Yegnukian', '', 1473739270, 1, 1, 0, 0),
(706, 1454, 8, 'PFA’s Statement in Connection with the Detention of Garo Yegnukian', '', 1473739291, 0, 1, 0, 0),
(706, 1455, 8, 'PFA’s Statement in Connection with the Detention of Garo Yegnukian', '', 1473739315, 0, 1, 0, 0),
(706, 1456, 8, 'PFA’s Statement in Connection with Detention of Garo Yegnukian', '', 1473739436, 0, 1, 0, 0),
(706, 1457, 8, 'PFA’s Statement in Connection with the Arrest and Detention of Garo Yegnukian', '', 1473739482, 0, 1, 0, 0),
(706, 1458, 8, 'PFA’s Statement in Connection with the Arrest and Detention of Garo Yegnukian', '', 1473739506, 0, 1, 0, 0),
(706, 1459, 8, 'PFA’s Statement in Connection with the Arrest and Detention of Garo Yegnukian', '', 1473739525, 0, 1, 0, 0),
(706, 1460, 8, 'PFA’s Statement in Connection with the Arrest and Detention of Garo Yegnukian', '', 1473739559, 0, 1, 0, 0),
(706, 1461, 8, 'PFA’s Statement in Connection with the Arrest and Detention of Garo Yegnukian', '', 1473740071, 1, 1, 0, 0),
(706, 1462, 8, 'PFA’s Statement in Connection with the Arrest and Detention of Garo Yegnukian', '', 1473740179, 1, 1, 0, 0),
(706, 1463, 8, 'PFA’s Statement in Connection with the Arrest and Detention of Garo Yegnukian', '', 1473740212, 1, 1, 0, 0),
(706, 1464, 8, 'PFA’s Statement in Connection with the Arrest and Detention of Garo Yegnukian', '', 1473740287, 0, 1, 0, 0),
(706, 1465, 8, 'PFA’s Statement in Connection with the Arrest and Detention of Garo Yegnukian', '', 1473768872, 0, 1, 0, 0),
(712, 1471, 8, 'Geopolitical Implications of Pro-Democracy Movement in Armenia: What’s at Stake for the US? ', '', 1473782242, 1, 1, 0, 0),
(706, 1472, 8, 'PFA’s Statement in Connection with the Arrest and Detention of Garo Yegnukian', '', 1473786581, 1, 1, 0, 0),
(706, 1473, 8, 'PFA’s Statement in Connection with the Arrest and Detention of Garo Yegnukian', '', 1473786706, 1, 1, 0, 0),
(713, 1474, 8, 'GWU Event Announcement', '', 1481112521, 0, 2, 0, 0),
(715, 1476, 8, 'Geopolitical Implications of Pro-Democracy Movement in Armenia ', '', 1473827307, 1, 1, 0, 0),
(716, 1477, 8, 'Geopolitical Implications of Pro-Democracy Movement in Armenia ', '', 1473827357, 1, 1, 0, 0),
(718, 1479, 8, 'Geopolitical Implications of Pro-Democracy Movement in Armenia  ', '', 1473828043, 1, 2, 0, 0),
(719, 1480, 8, 'Geopolitical Implications of Pro-Democracy Movement in Armenia ', '', 1473828261, 1, 2, 0, 0),
(721, 1482, 8, 'Geopolitical Implications of Pro-Democracy Movement in Armenia ', '', 1473828279, 1, 2, 0, 0),
(722, 1483, 8, 'Geopolitical Implications of Pro-Democracy Movement in Armenia ', '', 1473828307, 1, 2, 0, 0),
(723, 1484, 8, 'Geopolitical Implications of Pro-Democracy Movement in Armenia ', '', 1473828330, 1, 2, 0, 0),
(724, 1485, 8, 'Geopolitical Implications of Pro-Democracy Movement in Armenia ', '', 1473828363, 1, 2, 0, 0),
(725, 1486, 8, 'Geopolitical Implications of Pro-Democracy Movement in Armenia ', '', 1473828387, 1, 2, 0, 0),
(727, 1488, 8, 'Geopolitical Implications of Pro-Democracy Movement in Armenia ', '', 1473828436, 1, 2, 0, 0),
(728, 1489, 8, 'Geopolitical Implications of Pro-Democracy Movement in Armenia ', '', 1473828457, 1, 2, 0, 0),
(729, 1490, 8, 'Geopolitical Implications of Pro-Democracy Movement in Armenia ', '', 1473828477, 1, 2, 0, 0),
(730, 1491, 8, 'G1', '', 1473829248, 1, 2, 0, 0),
(731, 1492, 8, 'G2', '', 1473829279, 1, 2, 0, 0),
(732, 1493, 8, 'G3', '', 1473829300, 1, 2, 0, 0),
(733, 1494, 8, 'G4', '', 1473829322, 1, 2, 0, 0),
(734, 1495, 8, 'G5', '', 1473829348, 1, 2, 0, 0),
(735, 1496, 8, 'G6', '', 1473829369, 1, 2, 0, 0),
(736, 1497, 8, 'G7', '', 1473829400, 1, 2, 0, 0),
(737, 1498, 8, 'G8', '', 1473829424, 1, 2, 0, 0),
(738, 1499, 8, 'G9', '', 1473829444, 1, 2, 0, 0),
(739, 1500, 8, 'Geopolitical Implications of Pro-Democracy Movement in Armenia', '', 1473829450, 1, 1, 0, 0),
(740, 1501, 8, 'PFA will Hold a Panel Discussion on Human Rights and the Rule of Law in Armenia', '', 1475550397, 0, 1, 0, 0),
(740, 1502, 8, 'PFA will Hold a Panel Discussion on Human Rights and the Rule of Law in Armenia', '', 1475550427, 0, 1, 0, 0),
(740, 1503, 8, 'PFA will Hold a Panel Discussion on Human Rights and the Rule of Law in Armenia', '', 1475550512, 0, 1, 0, 0),
(740, 1504, 8, 'PFA will Hold a Panel Discussion on Human Rights and the Rule of Law in Armenia', '', 1475550543, 0, 1, 0, 0),
(741, 1505, 8, 'Human Rights and the Rule of Law in Armenia:  Police Brutality, Political Prisoners, and (Potential) International Response', '', 1476932963, 1, 1, 0, 0),
(740, 1506, 8, 'PFA will Hold a Panel Discussion on Human Rights and the Rule of Law in Armenia', '', 1475550716, 0, 1, 0, 0),
(740, 1507, 8, 'PFA will Hold a Panel Discussion on Human Rights and the Rule of Law in Armenia', '', 1475550765, 0, 1, 0, 0),
(740, 1508, 8, 'PFA to Hold a Panel Discussion on Human Rights and the Rule of Law in Armenia', '', 1475550864, 0, 1, 0, 0),
(740, 1509, 8, 'PFA to Hold a Panel Discussion on Human Rights and the Rule of Law in Armenia', '', 1475550902, 1, 1, 0, 0),
(740, 1510, 8, 'PFA to Hold a Panel Discussion on Human Rights and the Rule of Law in Armenia', '', 1475551140, 1, 1, 0, 0),
(746, 1515, 8, 'H1', '', 1476676110, 1, 2, 0, 0),
(747, 1516, 8, 'Panel on Human Rights and the Rule of Law in Armenia', '', 1476676831, 1, 1, 0, 0),
(748, 1517, 8, 'H2', '', 1476676159, 1, 2, 0, 0),
(749, 1518, 8, 'H3', '', 1476676193, 1, 2, 0, 0),
(750, 1519, 8, 'H4', '', 1476676225, 1, 2, 0, 0),
(751, 1520, 8, 'H5', '', 1476676251, 1, 2, 0, 0),
(752, 1521, 8, 'H6', '', 1476676291, 1, 2, 0, 0),
(753, 1522, 8, 'H7', '', 1476676314, 1, 2, 0, 0),
(754, 1523, 8, 'H8', '', 1476676340, 1, 2, 0, 0),
(755, 1524, 8, 'H9', '', 1476676578, 1, 2, 0, 0),
(756, 1525, 8, 'Armenia Human Rights Panel Concludes in Washington', '', 1476677286, 0, 1, 0, 0),
(756, 1526, 8, 'Armenia Human Rights Panel Concludes in Washington', '', 1476677685, 0, 1, 0, 0),
(756, 1527, 8, 'Armenia Human Rights Panel Concludes in Washington', '', 1476677779, 0, 1, 0, 0),
(756, 1528, 8, 'Armenia Human Rights Panel Concludes in Washington', '', 1476678082, 0, 1, 0, 0),
(756, 1529, 8, 'Armenia Human Rights Panel Concludes in Washington', '', 1476678246, 0, 1, 0, 0),
(756, 1530, 8, 'Armenia Human Rights Panel Concludes in Washington', '', 1476678270, 0, 1, 0, 0),
(756, 1531, 8, 'Armenia Human Rights Panel Concludes in Washington', '', 1476678614, 0, 1, 0, 0),
(756, 1532, 8, 'Armenia Human Rights Panel Concludes in Washington', '', 1476679447, 0, 1, 0, 0),
(756, 1533, 8, 'Armenia Human Rights Panel Concludes in Washington', '', 1476679852, 0, 1, 0, 0),
(756, 1534, 8, 'Armenia Human Rights Panel Concludes in Washington', '', 1476679878, 0, 1, 0, 0),
(756, 1535, 8, 'Armenia Human Rights Panel Concludes in Washington', '', 1476680186, 1, 1, 0, 0),
(756, 1536, 8, 'Armenia Human Rights Panel Concludes in Washington', '', 1476681278, 1, 1, 0, 0),
(756, 1537, 8, 'Armenia Human Rights Panel Concludes in Washington', '', 1476704186, 1, 1, 0, 0),
(381, 1538, 8, 'Video', '', 1476714315, 1, 2, 0, 0),
(381, 1539, 8, 'Video', '', 1476714402, 1, 2, 0, 0),
(381, 1540, 8, 'Video', '', 1476715562, 1, 2, 0, 0),
(381, 1541, 8, 'Video', '', 1476715600, 1, 2, 0, 0),
(757, 1542, 8, 'Human Rights and the Rule of Law in Armenia: Police Brutality, Political Prisoners, and (Potential) International Response', '', 1476764040, 1, 2, 0, 0),
(756, 1543, 8, 'Armenia Human Rights Panel Concludes in Washington', '', 1476829702, 1, 1, 0, 0),
(381, 1544, 8, 'Video', '', 1476932442, 1, 2, 0, 0),
(756, 1545, 8, 'Armenia Human Rights Panel Concludes in Washington', '', 1476932493, 1, 1, 0, 0),
(756, 1546, 8, 'Armenia Human Rights Panel Concludes in Washington', '', 1476932867, 1, 1, 0, 0),
(756, 1547, 8, 'Armenia Human Rights Panel Concludes in Washington', '', 1476933049, 1, 1, 0, 0),
(758, 1548, 8, 'PFA Issues a Special Report on Armenia’s December 2015 Constitutional Referendum', '', 1481026466, 1, 1, 0, 0),
(758, 1549, 8, 'PFA Issues a Special Report on Armenia’s December 2015 Constitutional Referendum', '', 1481026479, 0, 1, 0, 0),
(758, 1550, 8, 'PFA Issues a Special Report on Armenia’s December 2015 Constitutional Referendum', '', 1481026801, 0, 1, 0, 0),
(758, 1551, 8, 'PFA Issues a Special Report on Armenia’s December 2015 Constitutional Referendum', '', 1481026909, 0, 1, 0, 0),
(758, 1552, 8, 'PFA Issues a Special Report on Armenia’s December 2015 Constitutional Referendum', '', 1481027050, 0, 1, 0, 0),
(758, 1553, 8, 'PFA Issues a Special Report on Armenia’s December 2015 Constitutional Referendum', '', 1481027080, 0, 1, 0, 0),
(759, 1554, 226, 'Armenia’s December 2015 Constitutional Referendum', '', 1489552035, 1, 2, 1, 1),
(758, 1555, 8, 'PFA Issues a Special Report on Armenia’s December 2015 Constitutional Referendum', '', 1481033868, 0, 1, 0, 0),
(758, 1556, 8, 'PFA Issues a Special Report on Armenia’s December 2015 Constitutional Referendum', '', 1481033980, 0, 1, 0, 0),
(758, 1557, 8, 'PFA Issues a Special Report on Armenia’s December 2015 Constitutional Referendum', '', 1481111788, 1, 1, 0, 0),
(758, 1558, 8, 'PFA Issues a Special Report on Armenia’s December 2015 Constitutional Referendum', '', 1481256588, 1, 1, 0, 0),
(758, 1559, 8, 'PFA Issues a Special Report on Armenia’s December 2015 Constitutional Referendum', '', 1481344222, 1, 1, 0, 0),
(758, 1560, 8, 'PFA Issues a Special Report on Armenia’s December 2015 Constitutional Referendum', '', 1481353819, 1, 1, 0, 0),
(760, 1561, 8, 'Kristin Cavoukian', '', 1524716776, 0, 2, 1, 0),
(762, 1563, 214, 'Launch of database: \"Wall of Election Falsifiers\"', '', 1490288581, 1, 1, 0, 0),
(762, 1564, 214, 'Launch of database: \"Wall of Election Falsifiers\"', '', 1490288608, 1, 1, 0, 0),
(763, 1565, 214, 'Launch of database: \"Wall of Election Falsifiers\"', '', 1490289030, 1, 2, 1, 0),
(762, 1566, 214, 'Launch of database: \"Wall of Election Falsifiers\"', '', 1490289084, 1, 1, 0, 0),
(763, 1567, 214, 'Launch of database: \"Wall of Election Falsifiers\"', '', 1490289134, 1, 2, 1, 0),
(762, 1568, 214, 'Launch of database: \"Wall of Election Falsifiers\"', '', 1490294111, 1, 1, 0, 0),
(762, 1569, 214, 'Launch of database: \"Wall of Election Falsifiers\"', '', 1490294162, 1, 1, 0, 0),
(764, 1570, 8, 'Statement in Connection with the Anniversary of July 2016 Events in Yerevan', '', 1514603322, 0, 1, 0, 0),
(764, 1571, 8, 'Statement in Connection with the Anniversary of July 2016 Events in Yerevan', '', 1514603372, 0, 1, 0, 0),
(764, 1572, 8, 'Statement in Connection with the Anniversary of July 2016 Events in Yerevan', '', 1514603387, 0, 1, 0, 0),
(764, 1573, 8, 'Statement in Connection with the Anniversary of July 2016 Events in Yerevan', '', 1514603448, 1, 1, 0, 0),
(762, 1574, 8, 'Launch of database: \"Wall of Election Falsifiers\"', '', 1514603514, 1, 1, 0, 0),
(765, 1575, 8, 'Freedom House. Nations in Transit: Armenia Country Report', '', 1514605112, 1, 1, 0, 0),
(702, 1576, 8, 'When People Are Fed Up', '', 1515042074, 1, 2, 0, 0),
(766, 1577, 8, 'Astghik Grigoryan', '', 1523848460, 1, 2, 0, 0),
(767, 1578, 8, 'New Constitution: The Promised Democracy Is Yet Another Defeat', '', 1523769315, 1, 1, 0, 0),
(767, 1579, 8, 'New Constitution: The Promised Democracy Is Yet Another Defeat', '', 1523769370, 1, 1, 0, 0),
(768, 1580, 8, 'Press Release in Connection with Armenia’s CSTO Statement', '', 1523937479, 1, 1, 0, 0),
(768, 1581, 8, 'Press Release in Connection with Armenia’s CSTO Statement', '', 1523937508, 1, 1, 0, 0),
(768, 1582, 8, 'Press Release in Connection with Armenia’s CSTO Statement', '', 1523937557, 1, 1, 0, 0),
(769, 1583, 8, 'In Wake of Armenia\'s Peaceful Uprising, Diaspora\'s Clout is Questioned', '', 1524798170, 1, 1, 0, 0),
(769, 1584, 8, 'In Wake of Armenia\'s Peaceful Uprising, Diaspora\'s Clout is Questioned', '', 1524798242, 1, 1, 0, 0),
(769, 1585, 8, 'In Wake of Armenia\'s Peaceful Uprising, Diaspora\'s Clout is Questioned', '', 1524798264, 1, 1, 0, 0),
(769, 1586, 8, 'In Wake of Armenia\'s Peaceful Uprising, Diaspora\'s Clout is Questioned', '', 1524798331, 1, 1, 0, 0),
(770, 1587, 8, 'Statement in Connection with the Passing of Igor Muradyan', '', 1532488158, 0, 1, 0, 0),
(770, 1588, 8, 'Statement in Connection with the Passing of Igor Muradyan', '', 1532488186, 0, 1, 0, 0),
(770, 1589, 8, 'Statement in Connection with the Passing of Igor Muradyan', '', 1532488316, 1, 1, 0, 0),
(770, 1590, 8, 'Statement in Connection with the Passing of Igor Muradyan', '', 1532489252, 1, 1, 0, 0),
(770, 1591, 8, 'Statement in Connection with the Passing of Igor Muradyan', '', 1532489284, 1, 1, 0, 0),
(771, 1592, 8, 'Armenia Escapes Its Post-Soviet Malaise', '', 1532489664, 0, 1, 0, 0),
(771, 1593, 8, 'Armenia Escapes Its Post-Soviet Malaise', '', 1532489683, 0, 1, 0, 0),
(771, 1594, 8, 'Armenia Escapes Its Post-Soviet Malaise', '', 1532489699, 1, 1, 0, 0),
(770, 1595, 8, 'Statement in Connection with the Passing of Igor Muradyan', '', 1532491368, 1, 1, 0, 0),
(771, 1596, 8, 'Washington Post Refers to PFA\'s Anti-Corruption Research', '', 1532493918, 1, 1, 0, 0),
(771, 1597, 8, 'The Washington Post Refers to PFA\'s Anti-Corruption Research', '', 1532494000, 1, 1, 0, 0),
(771, 1598, 8, 'The Washington Post Refers to PFA\'s Anti-Corruption Research', '', 1532494111, 1, 1, 0, 0),
(770, 1599, 8, 'Statement in Connection with the Passing of Igor Muradyan', '', 1532573951, 1, 1, 0, 0),
(770, 1600, 8, 'Statement in Connection with the Passing of Igor Muradyan', '', 1532576988, 1, 1, 0, 0),
(770, 1601, 8, 'Statement in Connection with the Passing of Igor Muradyan', '', 1532577199, 1, 1, 0, 0),
(770, 1602, 8, 'Statement in Connection with the Passing of Igor Muradyan', '', 1532577244, 1, 1, 0, 0),
(771, 1603, 8, 'The Washington Post Refers to PFA\'s Anti-Corruption Research', '', 1532577386, 1, 1, 0, 0),
(771, 1604, 8, 'The Washington Post Refers to PFA\'s Anti-Corruption Research', '', 1532577413, 1, 1, 0, 0),
(770, 1605, 8, 'Statement in Connection with the Passing of Igor Muradyan', '', 1532665522, 1, 1, 0, 0),
(770, 1606, 8, 'Statement in Connection with the Passing of Igor Muradyan', '', 1532665634, 1, 1, 0, 0);

-- --------------------------------------------------------

--
-- Структура таблицы `node_type`
--

CREATE TABLE IF NOT EXISTS `node_type` (
  `type` varchar(32) CHARACTER SET latin1 NOT NULL COMMENT 'The machine-readable name of this type.',
  `name` varchar(255) CHARACTER SET latin1 NOT NULL DEFAULT '' COMMENT 'The human-readable name of this type.',
  `base` varchar(255) CHARACTER SET latin1 NOT NULL COMMENT 'The base string used to construct callbacks corresponding to this node type.',
  `module` varchar(255) CHARACTER SET latin1 NOT NULL COMMENT 'The module defining this node type.',
  `description` mediumtext CHARACTER SET latin1 NOT NULL COMMENT 'A brief description of this type.',
  `help` mediumtext CHARACTER SET latin1 NOT NULL COMMENT 'Help information shown to the user when creating a node of this type.',
  `has_title` tinyint(3) UNSIGNED NOT NULL COMMENT 'Boolean indicating whether this type uses the node.title field.',
  `title_label` varchar(255) CHARACTER SET latin1 NOT NULL DEFAULT '' COMMENT 'The label displayed for the title field on the edit form.',
  `custom` tinyint(4) NOT NULL DEFAULT '0' COMMENT 'A boolean indicating whether this type is defined by a module (FALSE) or by a user via Add content type (TRUE).',
  `modified` tinyint(4) NOT NULL DEFAULT '0' COMMENT 'A boolean indicating whether this type has been modified by an administrator; currently not used in any way.',
  `locked` tinyint(4) NOT NULL DEFAULT '0' COMMENT 'A boolean indicating whether the administrator can change the machine name of this type.',
  `disabled` tinyint(4) NOT NULL DEFAULT '0' COMMENT 'A boolean indicating whether the node type is disabled.',
  `orig_type` varchar(255) CHARACTER SET latin1 NOT NULL DEFAULT '' COMMENT 'The original machine-readable name of this node type. This may be different from the current type name if the locked field is 0.',
  PRIMARY KEY (`type`)
) ENGINE=InnoDB DEFAULT CHARSET=utf8 COMMENT='Stores information about all defined node types.';

--
-- Дамп данных таблицы `node_type`
--

INSERT INTO `node_type` (`type`, `name`, `base`, `module`, `description`, `help`, `has_title`, `title_label`, `custom`, `modified`, `locked`, `disabled`, `orig_type`) VALUES
('blog_entry', 'Blog entry', 'node_content', 'phase2_blog', 'A blog entry is a single post to an online journal, or blog.', '', 1, 'Title', 0, 0, 1, 0, 'blog_entry'),
('document', 'Document', 'node_content', 'phase2_document', 'A document with information related to files such as PDFs and DOCs.', '', 1, 'Title', 0, 0, 1, 0, 'document'),
('editors_choice', 'Editor\'s Choice', 'node_content', 'openpublic_editors_choice', 'A block of text/content that can be placed throughout the site.', '', 1, 'Title', 0, 0, 1, 0, 'editors_choice'),
('event', 'Event', 'node_content', 'openpublic_event', 'Add an event to the event calendar.', '', 1, 'Title', 0, 1, 1, 0, 'event'),
('home_page_feature', 'Home Page Feature', 'node_content', 'openpublic_home_page_feature', 'Featured content to display in the main carousel atop the home page.', '', 1, 'Title', 0, 0, 1, 0, 'home_page_feature'),
('media_gallery', 'Media Gallery', 'node_content', 'openpublic_multimedia', 'A collection of multimedia, such as photos and videos.', '', 1, 'Title', 0, 1, 1, 0, 'media_gallery'),
('news', 'News', 'node_content', 'node', 'A traditional \"news\" of text-only content about this site in media.', '', 1, 'Title', 1, 1, 0, 0, 'news'),
('photo', 'Photo', 'node_content', 'openpublic_multimedia', 'An image and its meta data.', '', 1, 'Title', 0, 0, 1, 0, 'photo'),
('photogallery', 'PhotoGallery', 'node_content', 'node', '', '', 1, 'Title', 1, 1, 0, 0, 'photogallery'),
('poll', 'Poll', 'poll', 'poll', 'A <em>poll</em> is a question with a set of possible responses. A <em>poll</em>, once created, automatically provides a simple running count of the number of votes received for each response.', '', 1, 'Question', 0, 1, 1, 0, 'poll'),
('press_release', 'Press Release', 'node_content', 'openpublic_press_release', 'A traditional \"press release\" of text-only content about a new development or announcement.', '', 1, 'Title', 0, 1, 1, 0, 'press_release'),
('profile', 'Profile', 'node_content', 'phase2_profile', 'Create a profile for a person, which may be an author, a staff member, or even a business.', 'This is the name used as the title of this content. This may be comprised of the First and Last names, or of the Organization name, or any other name that you choose.', 1, 'Full Name', 0, 0, 1, 0, 'profile'),
('resource', 'Resource', 'node_content', 'openpublic_resources', 'Pieces of content to provide useful tools or information to your site\'s visitors, such as instructions for filling out a form. Documents can be added to this content type.', '', 1, 'Title', 0, 0, 1, 0, 'resource'),
('services', 'Services', 'node_content', 'openpublic_services', 'A description of a specific service that the organization or agency provides to site users (such as \"tax preparation\" or \"grant programs\").', '', 1, 'Title', 0, 0, 1, 0, 'services'),
('site_page', 'Site Page', 'node_content', 'openpublic_site_page', 'A simple page of static HTML content, to be used for infrequently updated information.', '', 1, 'Title', 0, 0, 1, 0, 'site_page'),
('webform', 'Webform', 'node_content', 'node', 'Create a new form or questionnaire accessible to users. Submission results and statistics are recorded and accessible to privileged users.', '', 1, 'Title', 1, 1, 0, 0, 'webform');

-- --------------------------------------------------------

--
-- Структура таблицы `page_manager_handlers`
--

CREATE TABLE IF NOT EXISTS `page_manager_handlers` (
  `did` int(11) NOT NULL AUTO_INCREMENT COMMENT 'Primary ID field for the table. Not used for anything except internal lookups.',
  `name` varchar(255) CHARACTER SET latin1 DEFAULT NULL COMMENT 'Unique ID for this task handler. Used to identify it programmatically.',
  `task` varchar(64) CHARACTER SET latin1 DEFAULT NULL COMMENT 'ID of the task this handler is for.',
  `subtask` varchar(64) CHARACTER SET latin1 NOT NULL DEFAULT '' COMMENT 'ID of the subtask this handler is for.',
  `handler` varchar(64) CHARACTER SET latin1 DEFAULT NULL COMMENT 'ID of the task handler being used.',
  `weight` int(11) DEFAULT NULL COMMENT 'The order in which this handler appears. Lower numbers go first.',
  `conf` longtext CHARACTER SET latin1 NOT NULL COMMENT 'Serialized configuration of the handler, if needed.',
  PRIMARY KEY (`did`),
  UNIQUE KEY `name` (`name`),
  KEY `fulltask` (`task`,`subtask`,`weight`)
) ENGINE=InnoDB DEFAULT CHARSET=utf8;

-- --------------------------------------------------------

--
-- Структура таблицы `page_manager_pages`
--

CREATE TABLE IF NOT EXISTS `page_manager_pages` (
  `pid` int(11) NOT NULL AUTO_INCREMENT COMMENT 'Primary ID field for the table. Not used for anything except internal lookups.',
  `name` varchar(255) CHARACTER SET latin1 DEFAULT NULL COMMENT 'Unique ID for this subtask. Used to identify it programmatically.',
  `task` varchar(64) CHARACTER SET latin1 DEFAULT 'page' COMMENT 'What type of page this is, so that we can use the same mechanism for creating tighter UIs for targeted pages.',
  `admin_title` varchar(255) CHARACTER SET latin1 DEFAULT NULL COMMENT 'Human readable title for this page subtask.',
  `admin_description` longtext CHARACTER SET latin1 COMMENT 'Administrative description of this item.',
  `path` varchar(255) CHARACTER SET latin1 DEFAULT NULL COMMENT 'The menu path that will invoke this task.',
  `access` longtext CHARACTER SET latin1 NOT NULL COMMENT 'Access configuration for this path.',
  `menu` longtext CHARACTER SET latin1 NOT NULL COMMENT 'Serialized configuration of Drupal menu visibility settings for this item.',
  `arguments` longtext CHARACTER SET latin1 NOT NULL COMMENT 'Configuration of arguments for this menu item.',
  `conf` longtext CHARACTER SET latin1 NOT NULL COMMENT 'Serialized configuration of the page, if needed.',
  PRIMARY KEY (`pid`),
  UNIQUE KEY `name` (`name`),
  KEY `task` (`task`)
) ENGINE=InnoDB DEFAULT CHARSET=utf8 COMMENT='Contains page subtasks for implementing pages with...';

-- --------------------------------------------------------

--
-- Структура таблицы `page_manager_weights`
--

CREATE TABLE IF NOT EXISTS `page_manager_weights` (
  `name` varchar(255) CHARACTER SET latin1 NOT NULL DEFAULT '' COMMENT 'Unique ID for this task handler. Used to identify it programmatically.',
  `weight` int(11) DEFAULT NULL COMMENT 'The order in which this handler appears. Lower numbers go first.',
  PRIMARY KEY (`name`),
  KEY `weights` (`name`,`weight`)
) ENGINE=InnoDB DEFAULT CHARSET=utf8 COMMENT='Contains override weights for page_manager handlers that...';

-- --------------------------------------------------------

--
-- Структура таблицы `panels_allowed_types`
--

CREATE TABLE IF NOT EXISTS `panels_allowed_types` (
  `module` varchar(255) NOT NULL DEFAULT '' COMMENT 'The name of the module requiring allowed type settings.',
  `type` varchar(255) NOT NULL DEFAULT '' COMMENT 'Ctools content type to allow.',
  `allowed` tinyint(4) DEFAULT '1' COMMENT 'A boolean for if the type is allowed or not.',
  KEY `type_idx` (`type`)
) ENGINE=InnoDB DEFAULT CHARSET=utf8;

-- --------------------------------------------------------

--
-- Структура таблицы `panels_display`
--

CREATE TABLE IF NOT EXISTS `panels_display` (
  `did` int(11) NOT NULL AUTO_INCREMENT,
  `layout` varchar(255) DEFAULT '',
  `layout_settings` longtext CHARACTER SET latin1,
  `panel_settings` longtext CHARACTER SET latin1,
  `cache` text CHARACTER SET latin1,
  `title` varchar(255) CHARACTER SET latin1 DEFAULT '',
  `hide_title` tinyint(4) DEFAULT '0',
  `title_pane` int(11) DEFAULT '0',
  `uuid` char(36) DEFAULT NULL,
  `storage_type` varchar(255) DEFAULT '',
  `storage_id` varchar(255) DEFAULT '',
  PRIMARY KEY (`did`)
) ENGINE=InnoDB DEFAULT CHARSET=utf8;

-- --------------------------------------------------------

--
-- Структура таблицы `panels_layout`
--

CREATE TABLE IF NOT EXISTS `panels_layout` (
  `lid` int(11) NOT NULL AUTO_INCREMENT COMMENT 'A database primary key to ensure uniqueness.',
  `name` varchar(255) CHARACTER SET latin1 DEFAULT NULL COMMENT 'Unique ID for this content. Used to identify it programmatically.',
  `admin_title` varchar(255) CHARACTER SET latin1 DEFAULT NULL COMMENT 'Administrative title for this layout.',
  `admin_description` longtext CHARACTER SET latin1 COMMENT 'Administrative description for this layout.',
  `category` varchar(255) CHARACTER SET latin1 DEFAULT NULL COMMENT 'Administrative category for this layout.',
  `plugin` varchar(255) CHARACTER SET latin1 DEFAULT NULL COMMENT 'The layout plugin that owns this layout.',
  `settings` longtext CHARACTER SET latin1 COMMENT 'Serialized settings for the actual layout. The contents of this field are up to the plugin that uses it.',
  PRIMARY KEY (`lid`)
) ENGINE=InnoDB DEFAULT CHARSET=utf8 COMMENT='Contains exportable customized layouts for this site.';

-- --------------------------------------------------------

--
-- Структура таблицы `panels_pane`
--

CREATE TABLE IF NOT EXISTS `panels_pane` (
  `pid` int(11) NOT NULL AUTO_INCREMENT,
  `did` int(11) NOT NULL DEFAULT '0',
  `panel` varchar(255) DEFAULT '',
  `type` varchar(255) DEFAULT '',
  `subtype` varchar(255) DEFAULT '',
  `shown` tinyint(4) DEFAULT '1',
  `access` longtext CHARACTER SET latin1,
  `configuration` longtext CHARACTER SET latin1,
  `cache` longtext CHARACTER SET latin1,
  `style` longtext CHARACTER SET latin1,
  `css` longtext CHARACTER SET latin1,
  `extras` longtext CHARACTER SET latin1,
  `position` smallint(6) DEFAULT '0',
  `locks` longtext,
  `uuid` char(36) DEFAULT NULL,
  PRIMARY KEY (`pid`),
  KEY `did_idx` (`did`)
) ENGINE=InnoDB DEFAULT CHARSET=utf8;

-- --------------------------------------------------------

--
-- Структура таблицы `panels_renderer_pipeline`
--

CREATE TABLE IF NOT EXISTS `panels_renderer_pipeline` (
  `rpid` int(11) NOT NULL AUTO_INCREMENT COMMENT 'A database primary key to ensure uniqueness.',
  `name` varchar(255) CHARACTER SET latin1 DEFAULT NULL COMMENT 'Unique ID for this content. Used to identify it programmatically.',
  `admin_title` varchar(255) CHARACTER SET latin1 DEFAULT NULL COMMENT 'Administrative title for this pipeline.',
  `admin_description` longtext CHARACTER SET latin1 COMMENT 'Administrative description for this pipeline.',
  `weight` smallint(6) DEFAULT '0',
  `settings` longtext CHARACTER SET latin1 COMMENT 'Serialized settings for the actual pipeline. The contents of this field are up to the plugin that uses it.',
  PRIMARY KEY (`rpid`)
) ENGINE=InnoDB DEFAULT CHARSET=utf8 COMMENT='Contains renderer pipelines for Panels. Each pipeline...';

-- --------------------------------------------------------

--
-- Структура таблицы `password_policy`
--

CREATE TABLE IF NOT EXISTS `password_policy` (
  `pid` int(11) NOT NULL AUTO_INCREMENT COMMENT 'Primary Key: Unique password policy ID.',
  `name` varchar(64) CHARACTER SET latin1 NOT NULL DEFAULT '' COMMENT 'The name of the policy.',
  `description` varchar(255) CHARACTER SET latin1 DEFAULT '' COMMENT 'The description of the policy.',
  `enabled` tinyint(4) NOT NULL DEFAULT '0' COMMENT 'Whether the policy is enabled.',
  `constraints` varchar(1024) NOT NULL DEFAULT '' COMMENT 'The policy’s serialized constraints.',
  `created` int(11) NOT NULL DEFAULT '0' COMMENT 'Timestamp for when the policy was created.',
  `expiration` int(11) DEFAULT '0' COMMENT 'The passwords will expire after this number of days.',
  `warning` varchar(64) CHARACTER SET latin1 DEFAULT NULL COMMENT 'Comma separated list of days when warning is sent out.',
  `weight` tinyint(4) NOT NULL DEFAULT '0' COMMENT 'Weight of the policy, used to order active policies.',
  PRIMARY KEY (`pid`),
  UNIQUE KEY `name` (`name`)
) ENGINE=InnoDB AUTO_INCREMENT=2 DEFAULT CHARSET=utf8 COMMENT='Stores password policies.';

--
-- Дамп данных таблицы `password_policy`
--

INSERT INTO `password_policy` (`pid`, `name`, `description`, `enabled`, `constraints`, `created`, `expiration`, `warning`, `weight`) VALUES
(1, 'OpenPublic', '', 1, 'a:7:{s:9:\"lowercase\";s:1:\"1\";s:5:\"digit\";s:1:\"1\";s:8:\"username\";s:1:\"1\";s:15:\"character_types\";s:1:\"3\";s:6:\"length\";s:1:\"8\";s:9:\"uppercase\";s:1:\"1\";s:7:\"history\";s:3:\"all\";}', 0, 0, '', 0);

-- --------------------------------------------------------

--
-- Структура таблицы `password_policy_excluded_authentication_modules`
--

CREATE TABLE IF NOT EXISTS `password_policy_excluded_authentication_modules` (
  `pid` int(11) NOT NULL DEFAULT '0' COMMENT 'Policy ID.',
  `module` varchar(128) NOT NULL DEFAULT '' COMMENT 'Module.',
  PRIMARY KEY (`module`,`pid`)
) ENGINE=InnoDB DEFAULT CHARSET=utf8 COMMENT='Authentication modules to be excluded from specified...';

-- --------------------------------------------------------

--
-- Структура таблицы `password_policy_expiration`
--

CREATE TABLE IF NOT EXISTS `password_policy_expiration` (
  `pid` int(11) NOT NULL AUTO_INCREMENT COMMENT 'Primary Key: Unique password policy expirations ID.',
  `uid` int(11) NOT NULL DEFAULT '0' COMMENT 'Userâ€™s users.uid.',
  `warning` int(11) DEFAULT NULL COMMENT 'Timestamp for when the warning was shown.',
  `blocked` int(11) DEFAULT NULL COMMENT 'Timestamp for when the user was blocked.',
  `unblocked` int(11) DEFAULT NULL COMMENT 'Timestamp for when the user was unblocked.',
  PRIMARY KEY (`pid`),
  KEY `uid` (`uid`)
) ENGINE=InnoDB AUTO_INCREMENT=5 DEFAULT CHARSET=utf8 COMMENT='Stores users password expiration data.';

--
-- Дамп данных таблицы `password_policy_expiration`
--

INSERT INTO `password_policy_expiration` (`pid`, `uid`, `warning`, `blocked`, `unblocked`) VALUES
(1, 214, NULL, 1514752577, NULL),
(2, 226, NULL, 1527556613, 1527468179),
(4, 24, NULL, 1532024493, NULL);

-- --------------------------------------------------------

--
-- Структура таблицы `password_policy_force_change`
--

CREATE TABLE IF NOT EXISTS `password_policy_force_change` (
  `uid` int(11) NOT NULL,
  `force_change` int(11) DEFAULT '0',
  PRIMARY KEY (`uid`),
  KEY `uid` (`uid`)
) ENGINE=InnoDB DEFAULT CHARSET=utf8 COMMENT='Forced password reset status.';

--
-- Дамп данных таблицы `password_policy_force_change`
--

INSERT INTO `password_policy_force_change` (`uid`, `force_change`) VALUES
(1, 0),
(8, 0),
(15, 1),
(20, 0),
(24, 0),
(214, 0),
(226, 1);

-- --------------------------------------------------------

--
-- Структура таблицы `password_policy_history`
--



--
-- Дамп данных таблицы `password_policy_history`
--

INSERT INTO `password_policy_history` (`pid`, `uid`, `pass`, `created`) VALUES
(1, 1, '$S$DF5noDkdDjynVaGiJT9/9OctwnOnzglWx4oZcAQy70DdkYQMYg.k', 1331052148),
(2, 1, '$S$DaPjh4WsBaP4pbv7zOWOszmj8.OEdRqcag7Dwwr34IQBccznqMn2', 1331410935),
(3, 1, '$S$DUWpCzmAMpgUVWCiWh8H4FjCInuXUpCdkxNPRcVufWzN0M4u4LVs', 1340916922),
(6, 4, '$S$DTHbNz66A0t6T7zgs7GDvgzQ12WuOAh6Se/uI19FmkjLQPP3m.SQ', 1341243251),
(7, 4, '$S$DycELRs7sA9RuengQ7Gdod/WUOn5U4Y9PtaZ16LKwBKQedntcIUo', 1341243252),
(8, 1, '$S$DN5lVPfhN98fsypLap.iEOetTDjfp7w1F.Btn0jJglyY6in3FcQG', 1343134431),
(9, 1, '$S$Dfi3oeDun5uDlsguHJ73zyRK4xBaQenva6zBfs2Y7AvSp9PlukCM', 1343854687),
(10, 8, '$S$DbWv1n4Ne3cQf2x8ReXBw0R2FEANRsf91zMlbDl95kcdS7LaSWpw', 1344697432),
(11, 8, '$S$DGV/O1JHVxufspyGbhlF/p7k1hCNhb1KN8moJxR3HQxIzoSNw02.', 1344697433),
(16, 4, '$S$DYShsaXvwAvuWbC1VsUAFVWxw4KMHfLdVloknvyaW1INq3Tj2A/1', 1346502738),
(17, 4, '$S$DYW5wUFDbfXpc7FI3p9MlZwfmBT5xP4TPiviL.1C0SkKLfsnP2dL', 1346684401),
(18, 4, '$S$Dd2Nka5LTljSAhBxn.iv42gMgGFRrW3rHUFy0Sm16hs46Bk.eGeK', 1348712463),
(21, 4, '$S$Dii3xQQWklsZXl9DMYqrMNqHmTIKvF0fwMskFLyROihSYDGQY7Gu', 1349320842),
(22, 15, '$S$DFVPdhG2n6ANxDXHURPk0/panzgyHlKS5RWmpoegQXbbLxFajmxP', 1349323415),
(23, 15, '$S$DvwnpHRbUmXPOu0anp9tpi6VVeozzRkUH5bn6DcWKK2isMvwIZWm', 1349323415),
(24, 20, '$S$DzwePavdUHifvgIllTsV03dLvHTUxQhzavWUpCz3ggZXe.spVl3H', 1349397724),
(25, 20, '$S$DdCJYv35lvR6qEyLsgrp6YHBBpx2XHQ3mfzhM/Qw5IRw.cy9sTCu', 1349397724),
(28, 20, '$S$DMSL78zBgKhFzw.fiP6F5wYKmNn525EeV2AatdxHnv.g.T484pqJ', 1349803219),
(29, 15, '$S$D8fGR0vZ8adf4d9aD3cuBaxEPclwo3MB.a6CBBoRvfnDmlVaR/Dc', 1349803333),
(30, 24, '$S$DjVvtkZpW/hF/CJTXzHH9w5.bBVv6PT6rxXmKUjy75Yl/MHyAw.t', 1349811091),
(31, 24, '$S$DmY6F1CgKU9yW1tzC12q6Zd2ApGbqbkGZnqjp8IoZVp4S.4fyFt2', 1349811092),
(32, 20, '$S$DMTKgTIgoYcSTi4YHUUg2PvJuq8LJ06Y4e2ZaOvDM0CMW.sm2ks3', 1349815545),
(33, 15, '$S$DsmTaD7vY3G.8syb76lXN6M8fdPx4kJUrFoaB0M4eBtyNDo9A1EI', 1349883238),
(34, 15, '$S$DTSFqdN3U.vQgTbiDmDe.VGDnifyVUrxeygfWUBlQUz/Ftd9MKt5', 1349883238),
(35, 1, '$S$Dz589CqvtINuDWWMHDRChgfgLkX/0dG2clkfEwMS48TvdwBDxHXO', 1350184209),
(36, 15, '$S$DGFEPnWPEpU0I8lt3w9Rl4Sv09i2A5W5pSmh0LSUKUnNpOCb.B6J', 1350185723),
(43, 20, '$S$D1tetfl6BvzEwTffYpgg8tvIxIyFJhrtlkQf58mR8e3HgnHRSJdT', 1351629931),
(50, 1, '$S$Deq0KYkhooxYBn84z74sx8W9LV5qzjZyoIRlPTgtrkNd9K0Ucgh6', 1354824985),
(75, 20, '$S$DwOhF58veHdgUtgKtV5AbtYpLtF5abMeOhSPlc/zmGQCA2N33AcO', 1357141733),
(76, 20, '$S$Dn2HSWY75tvCLTidGGSx/aCEYGodNVLxdGttDyr.6Ek1BrsE9ywC', 1357327992),
(83, 15, '$S$DuFXT9ZnLmjudq67uTdNix8WFLz1.jUwZbnJpW1Ra4spR3hBAy.N', 1377741421),
(84, 15, '$S$DSf0yyXHssaVM8SJrDsLofraz1B6aMABrRaVj.n2xl7rZH8eLyzU', 1378174761),
(85, 8, '$S$DmXeT1LT2UKQzBIiMWbAHRWZBPiUoJShsJAGfvpqILVYHDjfb/96', 1382103636),
(86, 8, '$S$D.yikhKmGkD.X3t8PAQJnNo.vq1X9CgBoHHCGsWHece4ryXuJwRr', 1382104052),
(87, 8, '$S$DRM7ejvpkWfeS0q/F2j9PrlRhQWb.DL2iMam9VpPGMJ/KXPd1ZEq', 1382295273),
(88, 214, '$S$D2KTRoG5FvDx.DJgr/6t/uoKv3PkigALAoxOHLaChHAS3CaA3N7i', 1382358775),
(89, 214, '$S$DcYGbUA/vnkxY7hdlTxJprq1y0yzMVNa17zULDG6txqBTxRqePP0', 1382358775),
(90, 4, '$S$D1Tn.Sg7MAihI1BW40xz.z6rKfg9XkfKB5uEsWEvKD0PF1wHL1hC', 1382474911),
(91, 8, '$S$Da0Ni6L/5QjnlmRRSPi1JCDLbCfJ6ojFvdmvW8KuxYfdX/yrl1pB', 1382627943),
(94, 8, '$S$Ddyd8hp7.BwD5AaIPwuVaBW/N3pt/WIE5H0VB9n9vRJR4aJr8s84', 1382632157),
(95, 20, '$S$DzTm/69zWFGK3biv5IHAgdwc4Fo0zAcRqUStQS.Q8TM8ocwFJ39X', 1383839848),
(96, 20, '$S$DKMUIznX/w0cfgHYfIuywuxuQc6VuPYqNKUAd5bAMa83CBspcU7r', 1385953733),
(97, 20, '$S$DFh9g5.bBfqi.d4WKMNHthcnXEkd35fblyhjFXiqFV3OFEjkVTbc', 1385953872),
(98, 4, '$S$DLvxd0V/ipCJ3S8M4.DfwoLVEFsY8DV/kEYYOkF/wUlGGVgbM7N0', 1388707141),
(99, 20, '$S$DLAGLrxUgjLleozgR5bXXPzBqIWUnKE.ZXD/X1bRZL.mtYSQpPKo', 1388707648),
(100, 15, '$S$D/ddVqiG.VTD70RyRzraW.K7B9kEJ8yQ.zNHlYBPAY5QRq9NWNr2', 1417544056),
(101, 1, '$S$D7tIJS1LcZuTDlbNwbunBxex./KdstVdlEpNqk7ixdCcsguFmyYz', 1417546342),
(102, 15, '$S$Dj2WZWFJho3Njymvxy5EnmmikV0hYY3ZdvGxRZ2m3nArA6XtsAJN', 1422591260),
(103, 20, '$S$DF/NpN4mKHWzno2nyzcEA6jFZqjASCgCatntw35ELyWCxt75QA1U', 1435589824),
(104, 20, '$S$DqTQ2nTs5TT5cSySs.XTr9h7A7/FCwfSfyzu5gRvMmAJlBxyaj/E', 1435589899),
(105, 20, '$S$DJt9JQrpPKrz./fGRu89kC9Vhp2xoMFYrPljH7k6vwGKxK/amm8A', 1442328417),
(106, 1, '$S$DK2k8bzkijYQfZtrAJX/JHXzzgZxvI0EzGbaq25K2wc8UeoNCyaF', 1443130034),
(107, 20, '$S$D9St7Xn01F7aMehO0oAn1G48HA4NKItdu.bPwdOCm28D9CNQuA1q', 1452444894),
(108, 8, '$S$DZK4mYwnJdk6b0OA.nPHP63Dubs/IM3OuuPOaxWNhmgEJwOFaUsv', 1460434728),
(109, 8, '$S$DNp2V6vRNouXeJZu8Z7mnoAIBdr.4KoDu2hPL94UjRGQHu.jPFiB', 1460435113),
(110, 226, '$S$DpjR7APqAcK2OEMcI.HVfK0p0Oiamzvw2GvoYQ.ZOuDlIYY.ImFO', 1462413593),
(111, 226, '$S$DF2jvkGdVa.eJHIMP.iMxdYhfinDnUguHIAOtu01B8UuyFqBSrxq', 1462413593),
(112, 8, '$S$DQZL0vQ9F.rdAr6njBwo21OqC.2tv5oG8G07wMQCv/UjW7crPBHq', 1490279072),
(113, 8, '$S$DoQaFS9eguUAVZnXrvveF4laisGS8ohjuF9PFpchDY3A824KCUIu', 1490285081),
(114, 8, '$S$DLPKSZ8JPv1oqZukZR8T/4AuRuPK4ZziwRANr6zyPMREfVUOaXhU', 1490497878),
(115, 8, '$S$DfDQsO78Bq0cLadmaqHKcCNHk/dh.936iuD1hGG3oT4BfmUCuBDd', 1490501329),
(116, 8, '$S$DJJOR5trshs8Pz4CpSswzYIHBkjqStaO9sCuP0FTj56Mhp5rKssb', 1514565709),
(117, 8, '$S$DjgH7beOFDMDfSAhZfbK85znIZZNfBUT4en7NuOR1pczpa7gQf4B', 1514597776),
(118, 8, '$S$DKXVbN5e6JwKu04zxPwX8KPqO30z.fLk7/8yPK0jPFPBp6djxmca', 1532392426),
(119, 8, '$S$DtwemonyHaxkdY.VOFTOaWBT9vquO.wj3rsIwCxpKkEWPfYGvLzb', 1532444800);

-- --------------------------------------------------------

--
-- Структура таблицы `password_policy_role`
--

CREATE TABLE IF NOT EXISTS `password_policy_role` (
  `pid` int(11) NOT NULL DEFAULT '0' COMMENT 'Policy ID.',
  `rid` int(11) NOT NULL DEFAULT '0' COMMENT 'Role ID.',
  PRIMARY KEY (`rid`,`pid`)
) ENGINE=InnoDB DEFAULT CHARSET=utf8 COMMENT='Links policies with roles.';

--
-- Дамп данных таблицы `password_policy_role`
--

INSERT INTO `password_policy_role` (`pid`, `rid`) VALUES
(1, 2);

-- --------------------------------------------------------

--
-- Структура таблицы `pathauto_state`
--

CREATE TABLE IF NOT EXISTS `pathauto_state` (
  `entity_type` varchar(32) NOT NULL COMMENT 'The entity type.',
  `entity_id` int(10) UNSIGNED NOT NULL COMMENT 'The entity ID.',
  `pathauto` tinyint(4) NOT NULL DEFAULT '0' COMMENT 'The automatic alias status of the entity.',
  PRIMARY KEY (`entity_type`,`entity_id`)
) ENGINE=InnoDB DEFAULT CHARSET=utf8 COMMENT='The status of each entity alias (whether it was...';

--
-- Дамп данных таблицы `pathauto_state`
--

INSERT INTO `pathauto_state` (`entity_type`, `entity_id`, `pathauto`) VALUES
('node', 696, 1),
('node', 702, 1),
('node', 760, 1),
('node', 762, 1),
('node', 764, 1),
('node', 765, 1),
('node', 766, 1),
('node', 767, 1),
('node', 768, 1),
('node', 769, 1),
('node', 770, 0),
('node', 771, 1);

-- --------------------------------------------------------

--
-- Структура таблицы `poll`
--

CREATE TABLE IF NOT EXISTS `poll` (
  `nid` int(10) UNSIGNED NOT NULL DEFAULT '0' COMMENT 'The poll’s node.nid.',
  `runtime` int(11) NOT NULL DEFAULT '0' COMMENT 'The number of seconds past node.created during which the poll is open.',
  `active` int(10) UNSIGNED NOT NULL DEFAULT '0' COMMENT 'Boolean indicating whether or not the poll is open.',
  PRIMARY KEY (`nid`)
) ENGINE=InnoDB DEFAULT CHARSET=utf8 COMMENT='Stores poll-specific information for poll nodes.';

--
-- Дамп данных таблицы `poll`
--

INSERT INTO `poll` (`nid`, `runtime`, `active`) VALUES
(90, 0, 0),
(242, 0, 1),
(478, 0, 0),
(479, 0, 0),
(480, 0, 0),
(482, 0, 0),
(483, 0, 0),
(484, 0, 0),
(489, 0, 0),
(573, 0, 1),
(689, 0, 1);

-- --------------------------------------------------------

--
-- Структура таблицы `poll_choice`
--

CREATE TABLE IF NOT EXISTS `poll_choice` (
  `chid` int(10) UNSIGNED NOT NULL AUTO_INCREMENT COMMENT 'Unique identifier for a poll choice.',
  `nid` int(10) UNSIGNED NOT NULL DEFAULT '0' COMMENT 'The node.nid this choice belongs to.',
  `chtext` varchar(128) NOT NULL DEFAULT '' COMMENT 'The text for this choice.',
  `chvotes` int(11) NOT NULL DEFAULT '0' COMMENT 'The total number of votes this choice has received by all users.',
  `weight` int(11) NOT NULL DEFAULT '0' COMMENT 'The sort order of this choice among all choices for the same node.',
  PRIMARY KEY (`chid`),
  KEY `nid` (`nid`)
) ENGINE=InnoDB AUTO_INCREMENT=60 DEFAULT CHARSET=utf8 COMMENT='Stores information about all choices for all polls.';

--
-- Дамп данных таблицы `poll_choice`
--

INSERT INTO `poll_choice` (`chid`, `nid`, `chtext`, `chvotes`, `weight`) VALUES
(4, 90, 'Yes', 34, 1),
(5, 90, 'No', 136, 2),
(6, 90, 'I don’t know', 2, 3),
(7, 242, 'Agree', 10, 1),
(8, 242, 'Disagree', 35, 1),
(9, 242, 'Neither agree nor disagree', 2, 1),
(10, 478, 'Fully support', 76, 1),
(11, 478, 'Do not support', 134, 2),
(12, 478, 'Indifferent', 14, 3),
(13, 479, 'Fully support', 119, 1),
(14, 479, 'Partially support', 81, 2),
(15, 479, 'Do not support', 319, 3),
(16, 479, 'Indifferent', 22, 4),
(17, 480, 'Strong', 134, 1),
(18, 480, 'Moderate', 42, 2),
(19, 480, 'Mild', 15, 3),
(20, 480, 'I don\'t know', 6, 4),
(24, 482, 'Yes', 31, 1),
(25, 482, 'No', 125, 2),
(26, 482, 'I don\'t know', 8, 3),
(27, 483, 'Yes', 89, 1),
(28, 483, 'No', 220, 2),
(29, 483, 'I don\'t know', 22, 3),
(30, 484, 'Yes', 48, 1),
(31, 484, 'No', 158, 2),
(32, 484, 'I don\'t know', 34, 3),
(43, 489, 'Artur Baghdasarian', 6, 1),
(44, 489, 'Artashes Geghamian', 1, 2),
(45, 489, 'Aram Harutunian', 1, 3),
(46, 489, 'Vahan Hovannisian', 80, 4),
(47, 489, 'Tigran Karapetian', 1, 5),
(48, 489, 'Vazgen Manukian', 33, 6),
(49, 489, 'Arman Melikian', 2, 7),
(50, 489, 'Serge Sarkisian', 32, 8),
(51, 489, 'Levon Ter-Petrosian', 86, 9),
(52, 489, 'None of them', 50, 10),
(53, 573, ' I trust the official results', 23, 1),
(54, 573, 'I do not trust the official results', 112, 2),
(55, 573, 'It is difficult to say', 8, 3),
(56, 573, 'I am indifferent', 1, 4),
(57, 689, 'Yes', 15, 1),
(58, 689, 'No', 170, 2),
(59, 689, 'Difficult to say', 3, 3);

-- --------------------------------------------------------

--
-- Структура таблицы `poll_vote`
--

CREATE TABLE IF NOT EXISTS `poll_vote` (
  `chid` int(10) UNSIGNED NOT NULL COMMENT 'The users’s vote for this poll.',
  `nid` int(10) UNSIGNED NOT NULL COMMENT 'The poll node this vote is for.',
  `uid` int(10) UNSIGNED NOT NULL DEFAULT '0' COMMENT 'The users.uid this vote is from unless the voter was anonymous.',
  `hostname` varchar(128) NOT NULL DEFAULT '' COMMENT 'The IP address this vote is from unless the voter was logged in.',
  `timestamp` int(11) NOT NULL DEFAULT '0' COMMENT 'The timestamp of the vote creation.',
  PRIMARY KEY (`nid`,`uid`,`hostname`),
  KEY `chid` (`chid`),
  KEY `hostname` (`hostname`),
  KEY `uid` (`uid`)
) ENGINE=InnoDB DEFAULT CHARSET=utf8 COMMENT='Stores per-users votes for each poll.';

--
-- Дамп данных таблицы `poll_vote`
--

INSERT INTO `poll_vote` (`chid`, `nid`, `uid`, `hostname`, `timestamp`) VALUES
(8, 242, 0, '108.20.184.78', 1362106282),
(8, 242, 0, '108.28.100.123', 1354760127),
(7, 242, 0, '108.28.74.16', 1389232286),
(7, 242, 0, '109.199.108.73', 1479678863),
(9, 242, 0, '121.74.185.228', 1357445206),
(8, 242, 0, '129.119.38.45', 1382741028),
(8, 242, 0, '134.113.238.2', 1354228471),
(8, 242, 0, '134.113.239.2', 1368830069),
(7, 242, 0, '141.136.93.147', 1360530957),
(7, 242, 0, '146.115.190.133', 1358400303),
(9, 242, 0, '152.23.61.177', 1383799008),
(8, 242, 0, '166.137.101.161', 1355072237),
(8, 242, 0, '166.137.89.170', 1355602227),
(7, 242, 0, '168.240.9.4', 1357513646),
(8, 242, 0, '173.63.127.204', 1355506799),
(8, 242, 0, '188.135.15.163', 1361641614),
(7, 242, 0, '212.34.251.14', 1361647949),
(8, 242, 0, '212.34.255.122', 1355501157),
(8, 242, 0, '213.175.137.210', 1427293678),
(8, 242, 0, '24.43.137.70', 1417981793),
(8, 242, 0, '37.252.66.17', 1362239562),
(8, 242, 0, '46.115.23.184', 1356398334),
(8, 242, 0, '46.130.79.230', 1361535142),
(8, 242, 0, '46.162.200.68', 1359669450),
(8, 242, 0, '46.162.228.148', 1355553889),
(8, 242, 0, '46.71.159.94', 1355441475),
(7, 242, 0, '50.190.135.19', 1413602216),
(8, 242, 0, '66.46.187.40', 1382641397),
(8, 242, 0, '67.181.167.87', 1427261561),
(7, 242, 0, '68.55.112.211', 1355805818),
(8, 242, 0, '68.80.95.213', 1358361572),
(7, 242, 0, '68.98.128.28', 1438129843),
(8, 242, 0, '72.211.121.250', 1434340831),
(8, 242, 0, '72.229.0.186', 1354814504),
(8, 242, 0, '72.38.21.3', 1438727257),
(8, 242, 0, '74.73.95.60', 1355723071),
(8, 242, 0, '76.93.74.229', 1356160997),
(8, 242, 0, '78.42.163.239', 1405162011),
(8, 242, 0, '83.253.229.48', 1359254474),
(8, 242, 0, '85.26.183.20', 1360356955),
(7, 242, 0, '93.115.84.195', 1375881014),
(8, 242, 0, '94.126.20.141', 1355384965),
(8, 242, 0, '98.169.168.114', 1360956673),
(8, 242, 0, '99.244.92.188', 1355549685),
(8, 242, 0, '99.27.105.58', 1358992567),
(8, 242, 8, '108.28.100.123', 1353524633),
(8, 242, 20, '74.73.95.60', 1353946413),
(53, 573, 0, '105.225.110.191', 1382261472),
(54, 573, 0, '108.199.116.70', 1362336907),
(54, 573, 0, '108.20.184.78', 1362101117),
(54, 573, 0, '108.223.71.61', 1418007720),
(56, 573, 0, '108.28.74.16', 1389232258),
(54, 573, 0, '109.128.245.120', 1427579053),
(53, 573, 0, '109.199.108.73', 1479678866),
(53, 573, 0, '116.111.89.145', 1423653493),
(54, 573, 0, '128.197.206.77', 1362073393),
(54, 573, 0, '129.119.38.45', 1382741010),
(54, 573, 0, '134.113.238.2', 1362071567),
(54, 573, 0, '134.113.239.2', 1372370041),
(54, 573, 0, '134.113.239.3', 1368828986),
(54, 573, 0, '137.150.12.130', 1382406504),
(54, 573, 0, '138.89.127.104', 1362080303),
(54, 573, 0, '141.136.67.33', 1362076674),
(54, 573, 0, '141.136.78.253', 1362074245),
(54, 573, 0, '141.136.81.17', 1362086227),
(55, 573, 0, '141.237.89.161', 1412692724),
(53, 573, 0, '144.204.16.1', 1365773795),
(54, 573, 0, '146.115.160.243', 1362078016),
(53, 573, 0, '152.23.61.177', 1383798979),
(54, 573, 0, '166.216.165.121', 1415976530),
(53, 573, 0, '169.252.4.21', 1422867203),
(55, 573, 0, '173.166.183.41', 1429887311),
(54, 573, 0, '173.179.83.167', 1413597105),
(54, 573, 0, '173.70.47.240', 1412371109),
(53, 573, 0, '175.144.222.107', 1403946528),
(53, 573, 0, '176.104.92.202', 1438181539),
(54, 573, 0, '176.250.217.177', 1362083045),
(54, 573, 0, '176.32.192.180', 1417630507),
(53, 573, 0, '178.120.133.199', 1418395771),
(53, 573, 0, '179.111.58.85', 1417023831),
(54, 573, 0, '184.77.120.199', 1372140823),
(54, 573, 0, '185.8.0.205', 1426844068),
(53, 573, 0, '188.17.192.253', 1427538190),
(54, 573, 0, '192.208.232.98', 1385046716),
(55, 573, 0, '192.86.100.79', 1382552023),
(54, 573, 0, '194.126.5.138', 1362346583),
(54, 573, 0, '194.78.16.233', 1418224235),
(54, 573, 0, '194.98.114.65', 1363097303),
(54, 573, 0, '198.70.193.2', 1362076755),
(54, 573, 0, '212.34.244.120', 1364400162),
(54, 573, 0, '212.34.254.27', 1379933399),
(54, 573, 0, '212.34.255.146', 1417969464),
(54, 573, 0, '213.143.60.180', 1405149601),
(54, 573, 0, '213.175.137.210', 1427293499),
(54, 573, 0, '216.15.112.54', 1404965948),
(54, 573, 0, '217.171.180.131', 1362074839),
(53, 573, 0, '23.30.8.212', 1389550171),
(54, 573, 0, '24.180.24.154', 1416939916),
(54, 573, 0, '24.187.214.98', 1363204556),
(54, 573, 0, '24.43.137.70', 1417981726),
(54, 573, 0, '37.157.210.16', 1435181160),
(54, 573, 0, '37.157.215.65', 1417503484),
(54, 573, 0, '37.157.218.205', 1362215101),
(54, 573, 0, '37.186.114.36', 1417974042),
(54, 573, 0, '37.252.66.17', 1362239502),
(54, 573, 0, '37.252.91.109', 1364761089),
(54, 573, 0, '37.252.91.237', 1362305905),
(54, 573, 0, '38.122.246.163', 1362077413),
(53, 573, 0, '46.118.235.115', 1403946548),
(54, 573, 0, '46.162.200.201', 1364315312),
(54, 573, 0, '46.162.227.225', 1362074166),
(54, 573, 0, '46.162.231.96', 1362354801),
(54, 573, 0, '46.162.233.125', 1362339478),
(54, 573, 0, '46.162.250.152', 1405108693),
(54, 573, 0, '46.162.254.63', 1364073649),
(54, 573, 0, '46.185.165.231', 1402205359),
(54, 573, 0, '46.208.122.121', 1362077037),
(53, 573, 0, '46.241.177.47', 1412484918),
(55, 573, 0, '46.241.226.31', 1400231059),
(54, 573, 0, '46.70.170.168', 1362355638),
(54, 573, 0, '46.70.224.100', 1363086001),
(54, 573, 0, '46.70.80.29', 1374333861),
(54, 573, 0, '46.71.139.228', 1445268990),
(54, 573, 0, '46.71.23.99', 1374346245),
(54, 573, 0, '46.71.67.250', 1362076317),
(54, 573, 0, '46.71.68.213', 1362082699),
(54, 573, 0, '5.63.163.194', 1427374413),
(55, 573, 0, '50.136.37.15', 1381413262),
(53, 573, 0, '50.190.135.19', 1413602196),
(54, 573, 0, '62.195.139.19', 1362081862),
(54, 573, 0, '63.136.233.54', 1382717683),
(54, 573, 0, '66.142.238.86', 1382993873),
(54, 573, 0, '66.168.200.73', 1364050914),
(54, 573, 0, '66.46.187.40', 1382641382),
(54, 573, 0, '67.181.167.87', 1425264173),
(54, 573, 0, '68.55.112.211', 1362362060),
(53, 573, 0, '68.98.128.28', 1438129818),
(54, 573, 0, '69.111.221.72', 1412303858),
(54, 573, 0, '69.140.23.126', 1382464186),
(54, 573, 0, '70.132.171.198', 1362202150),
(54, 573, 0, '70.188.186.134', 1427055247),
(53, 573, 0, '70.192.16.45', 1417918115),
(54, 573, 0, '70.192.81.1', 1362076707),
(54, 573, 0, '70.55.57.72', 1417967211),
(55, 573, 0, '71.163.245.128', 1407989448),
(55, 573, 0, '71.174.183.30', 1364342927),
(54, 573, 0, '71.178.182.125', 1362107358),
(53, 573, 0, '71.195.172.157', 1369691379),
(54, 573, 0, '71.225.82.140', 1362209342),
(55, 573, 0, '71.241.228.154', 1411181483),
(54, 573, 0, '71.57.6.234', 1363452425),
(54, 573, 0, '71.94.155.137', 1385929959),
(54, 573, 0, '71.95.161.118', 1362074264),
(54, 573, 0, '71.99.168.225', 1448318668),
(54, 573, 0, '72.211.121.250', 1434340793),
(54, 573, 0, '72.38.21.3', 1438727236),
(53, 573, 0, '74.15.114.209', 1362304313),
(54, 573, 0, '74.73.95.60', 1362073063),
(54, 573, 0, '75.142.51.70', 1417977054),
(54, 573, 0, '76.185.100.167', 1397708690),
(54, 573, 0, '76.187.140.229', 1362201534),
(54, 573, 0, '78.42.163.239', 1405161985),
(54, 573, 0, '78.86.175.238', 1423791978),
(54, 573, 0, '79.142.206.72', 1362075420),
(54, 573, 0, '80.83.31.9', 1417980942),
(54, 573, 0, '81.192.160.107', 1362618881),
(54, 573, 0, '82.113.106.168', 1362155678),
(54, 573, 0, '82.145.216.60', 1362074846),
(54, 573, 0, '82.199.192.87', 1362074376),
(54, 573, 0, '82.84.166.227', 1362126652),
(54, 573, 0, '83.157.93.84', 1364322963),
(54, 573, 0, '83.200.29.224', 1362214357),
(54, 573, 0, '85.132.24.46', 1442828729),
(54, 573, 0, '85.68.77.89', 1415700894),
(53, 573, 0, '87.241.164.90', 1372321332),
(54, 573, 0, '88.162.211.143', 1362349370),
(54, 573, 0, '91.183.106.35', 1370489411),
(54, 573, 0, '91.73.118.225', 1362076091),
(54, 573, 0, '91.73.241.75', 1362080781),
(53, 573, 0, '93.115.84.195', 1375880856),
(54, 573, 0, '93.187.161.102', 1364460475),
(54, 573, 0, '93.219.141.84', 1388671774),
(53, 573, 0, '94.185.164.146', 1430627771),
(54, 573, 0, '96.247.67.115', 1393761083),
(53, 573, 0, '96.250.18.41', 1413649336),
(54, 573, 0, '96.41.122.193', 1362347293),
(54, 573, 0, '98.113.121.202', 1448847654),
(54, 573, 0, '98.119.152.117', 1418414652),
(54, 573, 0, '98.234.232.161', 1363471816),
(54, 573, 0, '99.101.229.131', 1386483920),
(54, 573, 20, '74.73.95.60', 1362067318),
(58, 689, 0, '104.129.198.105', 1448321376),
(58, 689, 0, '104.172.118.237', 1448634363),
(58, 689, 0, '104.173.15.168', 1448784939),
(58, 689, 0, '104.33.116.26', 1448332116),
(58, 689, 0, '108.162.166.5', 1448321611),
(58, 689, 0, '108.53.224.223', 1448331637),
(58, 689, 0, '108.54.169.20', 1448319936),
(58, 689, 0, '109.134.232.37', 1448322582),
(58, 689, 0, '109.199.108.73', 1468968464),
(58, 689, 0, '109.68.122.146', 1448530621),
(57, 689, 0, '109.75.34.235', 1448698507),
(58, 689, 0, '109.75.39.14', 1448341411),
(58, 689, 0, '130.166.194.29', 1448323095),
(58, 689, 0, '130.193.124.175', 1448827417),
(58, 689, 0, '130.193.124.66', 1448525647),
(58, 689, 0, '134.113.238.4', 1448899093),
(58, 689, 0, '134.113.238.5', 1459376360),
(58, 689, 0, '134.58.253.57', 1451822372),
(58, 689, 0, '141.136.86.189', 1448404853),
(58, 689, 0, '141.136.90.32', 1448686386),
(58, 689, 0, '145.53.1.63', 1448349536),
(58, 689, 0, '149.154.204.170', 1448323245),
(58, 689, 0, '151.25.183.46', 1458500729),
(58, 689, 0, '152.3.43.176', 1448849200),
(58, 689, 0, '166.170.14.54', 1448331463),
(58, 689, 0, '166.170.5.127', 1448334186),
(58, 689, 0, '166.170.5.128', 1448329474),
(58, 689, 0, '166.170.5.19', 1448400301),
(58, 689, 0, '167.187.101.222', 1449483665),
(58, 689, 0, '168.235.205.170', 1448871452),
(58, 689, 0, '172.1.125.43', 1448326961),
(58, 689, 0, '172.56.13.204', 1448492475),
(59, 689, 0, '172.56.30.19', 1448397815),
(58, 689, 0, '172.56.37.50', 1448755812),
(58, 689, 0, '172.56.42.1', 1448331307),
(57, 689, 0, '172.58.200.203', 1523468177),
(58, 689, 0, '172.88.18.151', 1448405409),
(57, 689, 0, '172.89.95.134', 1448349797),
(58, 689, 0, '172.91.122.192', 1448320066),
(57, 689, 0, '174.116.145.76', 1545751115),
(58, 689, 0, '174.127.103.113', 1448351949),
(58, 689, 0, '176.204.171.103', 1448335702),
(58, 689, 0, '176.32.192.167', 1448361188),
(58, 689, 0, '176.32.192.180', 1449336256),
(58, 689, 0, '176.32.192.236', 1448741830),
(58, 689, 0, '176.32.192.237', 1448334973),
(57, 689, 0, '176.32.192.250', 1455874735),
(58, 689, 0, '178.116.43.25', 1448320231),
(58, 689, 0, '178.160.216.137', 1454499283),
(58, 689, 0, '178.2.185.174', 1448341845),
(58, 689, 0, '185.44.229.237', 1448364785),
(58, 689, 0, '193.190.253.145', 1448386592),
(58, 689, 0, '193.52.24.17', 1453206590),
(57, 689, 0, '194.126.21.137', 1524167303),
(58, 689, 0, '195.38.105.248', 1448327306),
(58, 689, 0, '195.88.255.195', 1448369502),
(57, 689, 0, '196.212.102.170', 1460552129),
(57, 689, 0, '2.84.113.126', 1448364833),
(58, 689, 0, '208.54.35.183', 1448321966),
(58, 689, 0, '212.100.136.53', 1448340939),
(58, 689, 0, '212.73.65.135', 1448518296),
(58, 689, 0, '212.73.75.138', 1448519068),
(58, 689, 0, '216.185.24.3', 1454342995),
(58, 689, 0, '217.76.3.223', 1448388592),
(58, 689, 0, '24.168.64.124', 1448322402),
(58, 689, 0, '24.18.178.98', 1448334520),
(58, 689, 0, '24.199.11.154', 1448321692),
(58, 689, 0, '24.205.39.160', 1448342743),
(58, 689, 0, '24.228.133.63', 1457043595),
(58, 689, 0, '24.24.185.145', 1448332955),
(58, 689, 0, '31.10.159.70', 1448357792),
(58, 689, 0, '31.47.194.100', 1448349984),
(58, 689, 0, '31.47.194.85', 1448457191),
(58, 689, 0, '31.47.198.42', 1448440461),
(58, 689, 0, '37.157.208.1', 1448393217),
(58, 689, 0, '37.157.210.51', 1448360042),
(58, 689, 0, '37.157.215.101', 1448345261),
(58, 689, 0, '37.157.215.113', 1448513226),
(58, 689, 0, '37.157.215.149', 1448775117),
(58, 689, 0, '37.157.215.203', 1448559584),
(58, 689, 0, '37.157.215.69', 1448353698),
(58, 689, 0, '37.157.216.116', 1448345486),
(58, 689, 0, '37.157.216.174', 1448346362),
(58, 689, 0, '37.157.216.223', 1448393360),
(58, 689, 0, '37.157.216.227', 1448646049),
(58, 689, 0, '37.157.216.229', 1448634411),
(58, 689, 0, '37.157.216.75', 1448385968),
(58, 689, 0, '37.157.216.80', 1448653469),
(58, 689, 0, '37.157.217.122', 1448446802),
(58, 689, 0, '37.157.217.127', 1448825840),
(58, 689, 0, '37.157.217.233', 1459703944),
(58, 689, 0, '37.157.217.234', 1448824684),
(58, 689, 0, '37.157.217.73', 1448656078),
(58, 689, 0, '37.157.217.90', 1448695446),
(57, 689, 0, '37.157.218.4', 1457385908),
(58, 689, 0, '37.157.218.45', 1448388967),
(58, 689, 0, '37.157.218.48', 1453492713),
(58, 689, 0, '37.157.218.53', 1448386440),
(58, 689, 0, '37.157.219.109', 1448577265),
(58, 689, 0, '37.157.219.127', 1448574120),
(58, 689, 0, '37.157.219.195', 1448649099),
(58, 689, 0, '37.157.219.227', 1448472031),
(58, 689, 0, '37.157.223.20', 1449266859),
(57, 689, 0, '37.173.49.11', 1535262127),
(58, 689, 0, '37.186.103.53', 1448729948),
(58, 689, 0, '37.186.87.163', 1448558313),
(58, 689, 0, '37.186.99.164', 1448327311),
(58, 689, 0, '37.252.77.65', 1448337110),
(58, 689, 0, '37.252.95.60', 1448726534),
(58, 689, 0, '46.130.38.37', 1448351488),
(59, 689, 0, '46.162.193.242', 1448349180),
(58, 689, 0, '46.162.195.30', 1448352275),
(58, 689, 0, '46.162.216.57', 1448518431),
(58, 689, 0, '46.241.216.244', 1448335468),
(58, 689, 0, '46.241.246.212', 1448339479),
(58, 689, 0, '46.70.106.59', 1448342569),
(58, 689, 0, '46.70.147.78', 1448906555),
(58, 689, 0, '46.70.155.137', 1448376076),
(58, 689, 0, '46.70.161.198', 1448425776),
(58, 689, 0, '46.70.169.217', 1448637804),
(58, 689, 0, '46.70.171.136', 1448425986),
(58, 689, 0, '46.70.183.136', 1448826345),
(58, 689, 0, '46.70.215.186', 1448818822),
(58, 689, 0, '46.70.217.68', 1448340076),
(58, 689, 0, '46.70.223.150', 1448907696),
(58, 689, 0, '46.70.243.137', 1448779922),
(58, 689, 0, '46.70.87.131', 1448513661),
(58, 689, 0, '46.71.109.101', 1448369241),
(58, 689, 0, '46.71.15.117', 1448346405),
(58, 689, 0, '46.71.236.131', 1448443210),
(58, 689, 0, '46.71.238.12', 1448622775),
(58, 689, 0, '46.71.249.162', 1461680817),
(58, 689, 0, '46.71.249.235', 1448799948),
(58, 689, 0, '5.77.179.115', 1448655600),
(58, 689, 0, '5.79.86.129', 1448518182),
(58, 689, 0, '50.143.227.5', 1448339422),
(58, 689, 0, '62.89.4.185', 1449305582),
(58, 689, 0, '68.175.2.22', 1448329099),
(58, 689, 0, '68.28.51.117', 1448606885),
(57, 689, 0, '69.139.17.126', 1448677475),
(58, 689, 0, '70.16.195.208', 1448331601),
(58, 689, 0, '70.29.180.242', 1448321581),
(58, 689, 0, '71.63.206.222', 1448350330),
(57, 689, 0, '71.80.187.68', 1448322630),
(58, 689, 0, '71.94.151.114', 1448801601),
(57, 689, 0, '71.95.205.238', 1449529856),
(58, 689, 0, '71.99.168.225', 1448320054),
(58, 689, 0, '73.133.22.192', 1448330462),
(58, 689, 0, '73.172.160.222', 1448331763),
(58, 689, 0, '73.238.197.17', 1448683699),
(58, 689, 0, '75.83.247.40', 1448435563),
(58, 689, 0, '78.109.64.252', 1448565447),
(57, 689, 0, '79.1.203.177', 1448350995),
(58, 689, 0, '80.86.236.31', 1448356994),
(58, 689, 0, '81.245.186.33', 1448361904),
(58, 689, 0, '81.57.154.96', 1448348821),
(58, 689, 0, '82.199.193.17', 1448570577),
(58, 689, 0, '82.199.196.138', 1448385041),
(58, 689, 0, '82.199.198.160', 1449297363),
(58, 689, 0, '82.199.198.63', 1448649260),
(58, 689, 0, '82.199.203.142', 1448640440),
(58, 689, 0, '82.199.203.214', 1448326945),
(58, 689, 0, '82.199.207.61', 1448898802),
(58, 689, 0, '82.199.208.192', 1449296844),
(58, 689, 0, '82.199.214.246', 1448375620),
(58, 689, 0, '82.199.223.251', 1448476225),
(58, 689, 0, '82.31.135.25', 1448325423),
(58, 689, 0, '87.241.133.169', 1448398331),
(58, 689, 0, '87.241.135.169', 1448377215),
(58, 689, 0, '87.241.189.252', 1448376214),
(58, 689, 0, '89.249.197.190', 1448891847),
(58, 689, 0, '89.95.9.232', 1448540743),
(58, 689, 0, '90.221.122.92', 1448750392),
(57, 689, 0, '90.240.44.50', 1523091690),
(58, 689, 0, '91.65.79.185', 1448321497),
(58, 689, 0, '92.233.109.169', 1448593627),
(58, 689, 0, '93.238.133.221', 1448388528),
(58, 689, 0, '94.119.96.0', 1448358227),
(58, 689, 0, '94.204.75.28', 1448352914),
(58, 689, 0, '96.234.19.253', 1448335557),
(58, 689, 0, '96.39.235.54', 1449267456),
(58, 689, 0, '96.39.250.255', 1448320782),
(58, 689, 0, '97.90.21.45', 1448331519),
(58, 689, 0, '98.113.121.202', 1448847557),
(58, 689, 0, '98.116.20.10', 1448320637),
(58, 689, 0, '98.218.227.48', 1448502651),
(59, 689, 0, '99.225.188.180', 1455294935),
(58, 689, 0, '99.226.240.252', 1448854370);

-- --------------------------------------------------------

--
-- Структура таблицы `queue`
--

CREATE TABLE IF NOT EXISTS `queue` (
  `item_id` int(10) UNSIGNED NOT NULL AUTO_INCREMENT COMMENT 'Primary Key: Unique item ID.',
  `name` varchar(255) CHARACTER SET latin1 NOT NULL DEFAULT '' COMMENT 'The queue name.',
  `data` longblob COMMENT 'The arbitrary data for the item.',
  `expire` int(11) NOT NULL DEFAULT '0' COMMENT 'Timestamp when the claim lease expires on the item.',
  `created` int(11) NOT NULL DEFAULT '0' COMMENT 'Timestamp when the item was created.',
  PRIMARY KEY (`item_id`),
  KEY `name_created` (`name`,`created`),
  KEY `expire` (`expire`)
) ENGINE=InnoDB DEFAULT CHARSET=utf8 COMMENT='Stores items in queues.';

-- --------------------------------------------------------

--
-- Структура таблицы `rdf_mapping`
--

CREATE TABLE IF NOT EXISTS `rdf_mapping` (
  `type` varchar(128) CHARACTER SET latin1 NOT NULL COMMENT 'The name of the entity type a mapping applies to (node, user, comment, etc.).',
  `bundle` varchar(128) CHARACTER SET latin1 NOT NULL COMMENT 'The name of the bundle a mapping applies to.',
  `mapping` longblob COMMENT 'The serialized mapping of the bundle type and fields to RDF terms.',
  PRIMARY KEY (`type`,`bundle`)
) ENGINE=InnoDB DEFAULT CHARSET=utf8 COMMENT='Stores custom RDF mappings for user defined content types...';

--
-- Дамп данных таблицы `rdf_mapping`
--

INSERT INTO `rdf_mapping` (`type`, `bundle`, `mapping`) VALUES
('node', 'poll', 0x613a393a7b733a373a2272646674797065223b613a323a7b693a303b733a393a2273696f633a506f7374223b693a313b733a31303a2273696f63743a506f6c6c223b7d733a353a227469746c65223b613a313a7b733a31303a2270726564696361746573223b613a313a7b693a303b733a383a2264633a7469746c65223b7d7d733a373a2263726561746564223b613a333a7b733a31303a2270726564696361746573223b613a323a7b693a303b733a373a2264633a64617465223b693a313b733a31303a2264633a63726561746564223b7d733a383a226461746174797065223b733a31323a227873643a6461746554696d65223b733a383a2263616c6c6261636b223b733a31323a22646174655f69736f38363031223b7d733a373a226368616e676564223b613a333a7b733a31303a2270726564696361746573223b613a313a7b693a303b733a31313a2264633a6d6f646966696564223b7d733a383a226461746174797065223b733a31323a227873643a6461746554696d65223b733a383a2263616c6c6261636b223b733a31323a22646174655f69736f38363031223b7d733a343a22626f6479223b613a313a7b733a31303a2270726564696361746573223b613a313a7b693a303b733a31353a22636f6e74656e743a656e636f646564223b7d7d733a333a22756964223b613a323a7b733a31303a2270726564696361746573223b613a313a7b693a303b733a31363a2273696f633a6861735f63726561746f72223b7d733a343a2274797065223b733a333a2272656c223b7d733a343a226e616d65223b613a313a7b733a31303a2270726564696361746573223b613a313a7b693a303b733a393a22666f61663a6e616d65223b7d7d733a31333a22636f6d6d656e745f636f756e74223b613a323a7b733a31303a2270726564696361746573223b613a313a7b693a303b733a31363a2273696f633a6e756d5f7265706c696573223b7d733a383a226461746174797065223b733a31313a227873643a696e7465676572223b7d733a31333a226c6173745f6163746976697479223b613a333a7b733a31303a2270726564696361746573223b613a313a7b693a303b733a32333a2273696f633a6c6173745f61637469766974795f64617465223b7d733a383a226461746174797065223b733a31323a227873643a6461746554696d65223b733a383a2263616c6c6261636b223b733a31323a22646174655f69736f38363031223b7d7d);

-- --------------------------------------------------------

--
-- Структура таблицы `registry`
--

CREATE TABLE IF NOT EXISTS `registry` (
  `name` varchar(255) CHARACTER SET latin1 NOT NULL DEFAULT '' COMMENT 'The name of the function, class, or interface.',
  `type` varchar(9) CHARACTER SET latin1 NOT NULL DEFAULT '' COMMENT 'Either function or class or interface.',
  `filename` varchar(255) CHARACTER SET latin1 NOT NULL COMMENT 'Name of the file.',
  `module` varchar(255) CHARACTER SET latin1 NOT NULL DEFAULT '' COMMENT 'Name of the module the file belongs to.',
  `weight` int(11) NOT NULL DEFAULT '0' COMMENT 'The order in which this moduleâ€™s hooks should be invoked relative to other modules. Equal-weighted modules are ordered by name.',
  PRIMARY KEY (`name`,`type`),
  KEY `hook` (`type`,`weight`,`module`)
) ENGINE=InnoDB DEFAULT CHARSET=utf8 COMMENT='Each record is a function, class, or interface name and...';

--
-- Дамп данных таблицы `registry`
--

INSERT INTO `registry` (`name`, `type`, `filename`, `module`, `weight`) VALUES
('AccessDeniedTestCase', 'class', 'modules/system/system.test', 'system', 0),
('AddFeedTestCase', 'class', 'modules/aggregator/aggregator.test', 'aggregator', 0),
('addressfield_views_handler_field_administrative_area', 'class', 'sites/all/modules/addressfield/views/addressfield_views_handler_field_administrative_area.inc', 'addressfield', 0),
('addressfield_views_handler_field_country', 'class', 'sites/all/modules/addressfield/views/addressfield_views_handler_field_country.inc', 'addressfield', 0),
('addressfield_views_handler_filter_country', 'class', 'sites/all/modules/addressfield/views/addressfield_views_handler_filter_country.inc', 'addressfield', 0),
('AddThis', 'class', 'profiles/openpublic/modules/contrib/addthis/classes/AddThis.php', 'addthis', 0),
('AddThisFunctionalityTestCase', 'class', 'profiles/openpublic/modules/contrib/addthis/tests/AddThisFunctionalityTestCase.test', 'addthis', 0),
('AddThisJson', 'class', 'profiles/openpublic/modules/contrib/addthis/classes/Util/AddThisJson.php', 'addthis', 0),
('AddThisJsTest', 'class', 'profiles/openpublic/modules/contrib/addthis/tests/AddThisJsTest.test', 'addthis', 0),
('AddThisPermissionsTestCase', 'class', 'profiles/openpublic/modules/contrib/addthis/tests/AddThisPermissionsTestCase.test', 'addthis', 0),
('AddThisScriptManager', 'class', 'profiles/openpublic/modules/contrib/addthis/classes/Services/AddThisScriptManager.php', 'addthis', 0),
('AddThisTestHelper', 'class', 'profiles/openpublic/modules/contrib/addthis/tests/AddThisTestHelper.php', 'addthis', 0),
('AddThisWidgetJsUrl', 'class', 'profiles/openpublic/modules/contrib/addthis/classes/Util/AddThisWidgetJsUrl.php', 'addthis', 0),
('AdminMetaTagTestCase', 'class', 'modules/system/system.test', 'system', 0),
('AggregatorConfigurationTestCase', 'class', 'modules/aggregator/aggregator.test', 'aggregator', 0),
('AggregatorCronTestCase', 'class', 'modules/aggregator/aggregator.test', 'aggregator', 0),
('AggregatorRenderingTestCase', 'class', 'modules/aggregator/aggregator.test', 'aggregator', 0),
('AggregatorTestCase', 'class', 'modules/aggregator/aggregator.test', 'aggregator', 0),
('AppstoreUnitTestCase', 'class', 'profiles/openpublic/modules/contrib/apps/apps.test', 'apps', 0),
('ArchiverInterface', 'interface', 'includes/archiver.inc', '', 0),
('ArchiverTar', 'class', 'modules/system/system.archiver.inc', 'system', 0),
('ArchiverZip', 'class', 'modules/system/system.archiver.inc', 'system', 0),
('Archive_Tar', 'class', 'modules/system/system.tar.inc', 'system', 0),
('BatchMemoryQueue', 'class', 'includes/batch.queue.inc', '', 0),
('BatchQueue', 'class', 'includes/batch.queue.inc', '', 0),
('BlockAdminThemeTestCase', 'class', 'modules/block/block.test', 'block', -5),
('BlockCacheTestCase', 'class', 'modules/block/block.test', 'block', -5),
('BlockHashTestCase', 'class', 'modules/block/block.test', 'block', -5),
('BlockHiddenRegionTestCase', 'class', 'modules/block/block.test', 'block', -5),
('BlockHTMLIdTestCase', 'class', 'modules/block/block.test', 'block', -5),
('BlockInvalidRegionTestCase', 'class', 'modules/block/block.test', 'block', -5),
('BlockTemplateSuggestionsUnitTest', 'class', 'modules/block/block.test', 'block', -5),
('BlockTestCase', 'class', 'modules/block/block.test', 'block', -5),
('BlockViewModuleDeltaAlterWebTest', 'class', 'modules/block/block.test', 'block', -5),
('BoxesAjaxTestCase', 'class', 'profiles/openpublic/modules/contrib/boxes/tests/boxes.test', 'boxes', 0),
('BoxesBasicAjaxTestCase', 'class', 'profiles/openpublic/modules/contrib/boxes/tests/boxes.test', 'boxes', 0),
('BoxesTestCase', 'class', 'profiles/openpublic/modules/contrib/boxes/tests/boxes.test', 'boxes', 0),
('boxes_box', 'class', 'profiles/openpublic/modules/contrib/boxes/plugins/boxes_box.inc', 'boxes', 0),
('boxes_simple', 'class', 'profiles/openpublic/modules/contrib/boxes/plugins/boxes_simple.inc', 'boxes', 0),
('CaptchaAdminTestCase', 'class', 'profiles/openpublic/modules/contrib/captcha/captcha.test', 'captcha', 0),
('CaptchaBaseWebTestCase', 'class', 'profiles/openpublic/modules/contrib/captcha/captcha.test', 'captcha', 0),
('CaptchaPersistenceTestCase', 'class', 'profiles/openpublic/modules/contrib/captcha/captcha.test', 'captcha', 0),
('CaptchaSessionReuseAttackTestCase', 'class', 'profiles/openpublic/modules/contrib/captcha/captcha.test', 'captcha', 0),
('CaptchaTestCase', 'class', 'profiles/openpublic/modules/contrib/captcha/captcha.test', 'captcha', 0),
('CategorizeFeedItemTestCase', 'class', 'modules/aggregator/aggregator.test', 'aggregator', 0),
('CategorizeFeedTestCase', 'class', 'modules/aggregator/aggregator.test', 'aggregator', 0),
('colorbox_handler_field_colorbox', 'class', 'profiles/openpublic/modules/contrib/colorbox/views/colorbox_handler_field_colorbox.inc', 'colorbox', 0),
('ColorTestCase', 'class', 'modules/color/color.test', 'color', 0),
('CommentActionsTestCase', 'class', 'modules/comment/comment.test', 'comment', 0),
('CommentAnonymous', 'class', 'modules/comment/comment.test', 'comment', 0),
('CommentApprovalTest', 'class', 'modules/comment/comment.test', 'comment', 0),
('CommentBlockFunctionalTest', 'class', 'modules/comment/comment.test', 'comment', 0),
('CommentContentRebuild', 'class', 'modules/comment/comment.test', 'comment', 0),
('CommentController', 'class', 'modules/comment/comment.module', 'comment', 0),
('CommentFieldsTest', 'class', 'modules/comment/comment.test', 'comment', 0),
('CommentHelperCase', 'class', 'modules/comment/comment.test', 'comment', 0),
('CommentInterfaceTest', 'class', 'modules/comment/comment.test', 'comment', 0),
('CommentNodeAccessTest', 'class', 'modules/comment/comment.test', 'comment', 0),
('CommentNodeChangesTestCase', 'class', 'modules/comment/comment.test', 'comment', 0),
('CommentNotifyMigrationHandler', 'class', 'profiles/openpublic/modules/contrib/comment_notify/comment_notify.migrate.inc', 'comment_notify', 0),
('CommentNotifyTestCase', 'class', 'profiles/openpublic/modules/contrib/comment_notify/comment_notify.test', 'comment_notify', 0),
('CommentPagerTest', 'class', 'modules/comment/comment.test', 'comment', 0),
('CommentPreviewTest', 'class', 'modules/comment/comment.test', 'comment', 0),
('CommentRSSUnitTest', 'class', 'modules/comment/comment.test', 'comment', 0),
('CommentThreadingTestCase', 'class', 'modules/comment/comment.test', 'comment', 0),
('CommentTokenReplaceTestCase', 'class', 'modules/comment/comment.test', 'comment', 0),
('CommentUninstallTestCase', 'class', 'modules/comment/comment.test', 'comment', 0),
('ConditionalStylesheetsTestCase', 'class', 'profiles/openpublic/modules/contrib/conditional_styles/tests/conditional_styles.test', 'conditional_styles', 0),
('ConfirmFormTest', 'class', 'modules/system/system.test', 'system', 0),
('ContextConditionBookroot', 'class', 'profiles/openpublic/modules/contrib/context/tests/context.conditions.test', 'context', 0),
('ContextConditionBookTest', 'class', 'profiles/openpublic/modules/contrib/context/tests/context.conditions.test', 'context', 0),
('ContextConditionContextTest', 'class', 'profiles/openpublic/modules/contrib/context/tests/context.conditions.test', 'context', 0),
('ContextConditionLanguageTest', 'class', 'profiles/openpublic/modules/contrib/context/tests/context.conditions.test', 'context', 0),
('ContextConditionMenuTest', 'class', 'profiles/openpublic/modules/contrib/context/tests/context.conditions.test', 'context', 0),
('ContextConditionNodeTaxonomyTest', 'class', 'profiles/openpublic/modules/contrib/context/tests/context.conditions.test', 'context', 0),
('ContextConditionNodeTest', 'class', 'profiles/openpublic/modules/contrib/context/tests/context.conditions.test', 'context', 0),
('ContextConditionPathTest', 'class', 'profiles/openpublic/modules/contrib/context/tests/context.conditions.test', 'context', 0),
('ContextConditionSitewideTest', 'class', 'profiles/openpublic/modules/contrib/context/tests/context.conditions.test', 'context', 0),
('ContextConditionUserPageTest', 'class', 'profiles/openpublic/modules/contrib/context/tests/context.conditions.test', 'context', 0),
('ContextConditionUserTest', 'class', 'profiles/openpublic/modules/contrib/context/tests/context.conditions.test', 'context', 0),
('ContextReactionBlockAjaxAccessTest', 'class', 'profiles/openpublic/modules/contrib/context/tests/context.reactions.test', 'context', 0),
('ContextReactionBlockAjaxTest', 'class', 'profiles/openpublic/modules/contrib/context/tests/context.reactions.test', 'context', 0),
('ContextReactionBlockTest', 'class', 'profiles/openpublic/modules/contrib/context/tests/context.reactions.test', 'context', 0),
('ContextReactionBreadcrumbTest', 'class', 'profiles/openpublic/modules/contrib/context/tests/context.reactions.test', 'context', 0),
('ContextReactionMenuTest', 'class', 'profiles/openpublic/modules/contrib/context/tests/context.reactions.test', 'context', 0),
('ContextReactionRegionTest', 'class', 'profiles/openpublic/modules/contrib/context/tests/context.reactions.test', 'context', 0),
('ContextReactionThemeHtmlTest', 'class', 'profiles/openpublic/modules/contrib/context/tests/context.reactions.test', 'context', 0),
('ContextualDynamicContextTestCase', 'class', 'modules/contextual/contextual.test', 'contextual', 0),
('ContextUiTestCase', 'class', 'profiles/openpublic/modules/contrib/context/context_ui/tests/context_ui.test', 'context_ui', 0),
('ContextUnitTest', 'class', 'profiles/openpublic/modules/contrib/context/tests/context.test', 'context', 0),
('context_bool_field_condition', 'class', 'profiles/openpublic/modules/contrib/context_bool_field/plugins/context_bool_field_condition.inc', 'context_bool_field', 0),
('context_breadcrumb_current_page_reaction', 'class', 'profiles/openpublic/modules/contrib/context_breadcrumb_current_page/plugins/context_breadcrumb_current_page_reaction.inc', 'context_breadcrumb_current_page', 0),
('context_condition', 'class', 'profiles/openpublic/modules/contrib/context/plugins/context_condition.inc', 'context', 0),
('context_condition_context', 'class', 'profiles/openpublic/modules/contrib/context/plugins/context_condition_context.inc', 'context', 0),
('context_condition_context_all', 'class', 'profiles/openpublic/modules/contrib/context/plugins/context_condition_context_all.inc', 'context', 0),
('context_condition_default', 'class', 'profiles/openpublic/modules/contrib/context/plugins/context_condition_default.inc', 'context', 0),
('context_condition_menu', 'class', 'profiles/openpublic/modules/contrib/context/plugins/context_condition_menu.inc', 'context', 0),
('context_condition_node', 'class', 'profiles/openpublic/modules/contrib/context/plugins/context_condition_node.inc', 'context', 0),
('context_condition_node_taxonomy', 'class', 'profiles/openpublic/modules/contrib/context/plugins/context_condition_node_taxonomy.inc', 'context', 0),
('context_condition_path', 'class', 'profiles/openpublic/modules/contrib/context/plugins/context_condition_path.inc', 'context', 0),
('context_condition_query_string', 'class', 'profiles/openpublic/modules/contrib/context/plugins/context_condition_query_string.inc', 'context', 0),
('context_condition_sitewide', 'class', 'profiles/openpublic/modules/contrib/context/plugins/context_condition_sitewide.inc', 'context', 0),
('context_condition_taxonomy_term', 'class', 'profiles/openpublic/modules/contrib/context/plugins/context_condition_taxonomy_term.inc', 'context', 0),
('context_condition_user', 'class', 'profiles/openpublic/modules/contrib/context/plugins/context_condition_user.inc', 'context', 0),
('context_condition_user_page', 'class', 'profiles/openpublic/modules/contrib/context/plugins/context_condition_user_page.inc', 'context', 0),
('context_condition_views', 'class', 'profiles/openpublic/modules/contrib/context/plugins/context_condition_views.inc', 'context', 0),
('context_export_ui', 'class', 'profiles/openpublic/modules/contrib/context/context_ui/export_ui/context_export_ui.class.php', 'context_ui', 0),
('context_field_context_condition', 'class', 'profiles/openpublic/modules/contrib/context_field/plugins/context_field_context_condition.inc', 'context_field', 0),
('context_reaction', 'class', 'profiles/openpublic/modules/contrib/context/plugins/context_reaction.inc', 'context', 0),
('context_reaction_block', 'class', 'profiles/openpublic/modules/contrib/context/plugins/context_reaction_block.inc', 'context', 0),
('context_reaction_breadcrumb', 'class', 'profiles/openpublic/modules/contrib/context/plugins/context_reaction_breadcrumb.inc', 'context', 0),
('context_reaction_debug', 'class', 'profiles/openpublic/modules/contrib/context/plugins/context_reaction_debug.inc', 'context', 0),
('context_reaction_delta', 'class', 'profiles/openpublic/modules/contrib/delta/plugins/context/context_reaction_delta.inc', 'delta', 0),
('context_reaction_menu', 'class', 'profiles/openpublic/modules/contrib/context/plugins/context_reaction_menu.inc', 'context', 0),
('context_reaction_region', 'class', 'profiles/openpublic/modules/contrib/context/plugins/context_reaction_region.inc', 'context', 0),
('context_reaction_template_suggestions', 'class', 'profiles/openpublic/modules/contrib/context/plugins/context_reaction_template_suggestions.inc', 'context', 0),
('context_reaction_theme', 'class', 'profiles/openpublic/modules/contrib/context/plugins/context_reaction_theme.inc', 'context', 0),
('context_reaction_theme_html', 'class', 'profiles/openpublic/modules/contrib/context/plugins/context_reaction_theme_html.inc', 'context', 0),
('CronQueueTestCase', 'class', 'modules/system/system.test', 'system', 0),
('CronRunTestCase', 'class', 'modules/system/system.test', 'system', 0),
('CtoolsContextIDTestCase', 'class', 'profiles/openpublic/modules/contrib/ctools/tests/context.test', 'ctools', 0),
('CtoolsContextKeywordsSubstitutionTestCase', 'class', 'profiles/openpublic/modules/contrib/ctools/tests/context.test', 'ctools', 0),
('CtoolsContextUnitTestCase', 'class', 'profiles/openpublic/modules/contrib/ctools/tests/context.test', 'ctools', 0),
('CToolsCssCache', 'class', 'profiles/openpublic/modules/contrib/ctools/includes/css-cache.inc', 'ctools', 0),
('CtoolsCSSObjectCache', 'class', 'profiles/openpublic/modules/contrib/ctools/tests/css_cache.test', 'ctools', 0),
('CtoolsCssTestCase', 'class', 'profiles/openpublic/modules/contrib/ctools/tests/css.test', 'ctools', 0),
('CtoolsMathExpressionStackTestCase', 'class', 'profiles/openpublic/modules/contrib/ctools/tests/math_expression_stack.test', 'ctools', 0),
('CtoolsMathExpressionTestCase', 'class', 'profiles/openpublic/modules/contrib/ctools/tests/math_expression.test', 'ctools', 0),
('CtoolsModuleTestCase', 'class', 'profiles/openpublic/modules/contrib/ctools/tests/ctools.test', 'ctools', 0),
('CtoolsObjectCache', 'class', 'profiles/openpublic/modules/contrib/ctools/tests/object_cache.test', 'ctools', 0),
('CtoolsPageTokens', 'class', 'profiles/openpublic/modules/contrib/ctools/tests/page_tokens.test', 'ctools', 0),
('CtoolsPluginsGetInfoTestCase', 'class', 'profiles/openpublic/modules/contrib/ctools/tests/ctools.plugins.test', 'ctools', 0),
('CtoolsUnitObjectCachePlugins', 'class', 'profiles/openpublic/modules/contrib/ctools/tests/object_cache_unit.test', 'ctools', 0),
('ctools_context', 'class', 'profiles/openpublic/modules/contrib/ctools/includes/context.inc', 'ctools', 0),
('ctools_context_optional', 'class', 'profiles/openpublic/modules/contrib/ctools/includes/context.inc', 'ctools', 0),
('ctools_context_required', 'class', 'profiles/openpublic/modules/contrib/ctools/includes/context.inc', 'ctools', 0),
('ctools_export_ui', 'class', 'profiles/openpublic/modules/contrib/ctools/plugins/export_ui/ctools_export_ui.class.php', 'ctools', 0),
('ctools_math_expr', 'class', 'profiles/openpublic/modules/contrib/ctools/includes/math-expr.inc', 'ctools', 0),
('ctools_math_expr_stack', 'class', 'profiles/openpublic/modules/contrib/ctools/includes/math-expr.inc', 'ctools', 0),
('ctools_stylizer_image_processor', 'class', 'profiles/openpublic/modules/contrib/ctools/includes/stylizer.inc', 'ctools', 0),
('DashboardBlocksTestCase', 'class', 'modules/dashboard/dashboard.test', 'dashboard', 0),
('Database', 'class', 'includes/database/database.inc', '', 0),
('DatabaseCondition', 'class', 'includes/database/query.inc', '', 0),
('DatabaseConnection', 'class', 'includes/database/database.inc', '', 0),
('DatabaseConnectionNotDefinedException', 'class', 'includes/database/database.inc', '', 0),
('DatabaseConnection_mysql', 'class', 'includes/database/mysql/database.inc', '', 0),
('DatabaseConnection_pgsql', 'class', 'includes/database/pgsql/database.inc', '', 0),
('DatabaseConnection_sqlite', 'class', 'includes/database/sqlite/database.inc', '', 0),
('DatabaseDriverNotSpecifiedException', 'class', 'includes/database/database.inc', '', 0),
('DatabaseLog', 'class', 'includes/database/log.inc', '', 0),
('DatabaseSchema', 'class', 'includes/database/schema.inc', '', 0),
('DatabaseSchemaObjectDoesNotExistException', 'class', 'includes/database/schema.inc', '', 0),
('DatabaseSchemaObjectExistsException', 'class', 'includes/database/schema.inc', '', 0),
('DatabaseSchema_mysql', 'class', 'includes/database/mysql/schema.inc', '', 0),
('DatabaseSchema_pgsql', 'class', 'includes/database/pgsql/schema.inc', '', 0),
('DatabaseSchema_sqlite', 'class', 'includes/database/sqlite/schema.inc', '', 0),
('DatabaseStatementBase', 'class', 'includes/database/database.inc', '', 0),
('DatabaseStatementEmpty', 'class', 'includes/database/database.inc', '', 0),
('DatabaseStatementInterface', 'interface', 'includes/database/database.inc', '', 0),
('DatabaseStatementPrefetch', 'class', 'includes/database/prefetch.inc', '', 0),
('DatabaseStatement_sqlite', 'class', 'includes/database/sqlite/database.inc', '', 0),
('DatabaseTaskException', 'class', 'includes/install.inc', '', 0),
('DatabaseTasks', 'class', 'includes/install.inc', '', 0),
('DatabaseTasks_mysql', 'class', 'includes/database/mysql/install.inc', '', 0),
('DatabaseTasks_pgsql', 'class', 'includes/database/pgsql/install.inc', '', 0),
('DatabaseTasks_sqlite', 'class', 'includes/database/sqlite/install.inc', '', 0),
('DatabaseTransaction', 'class', 'includes/database/database.inc', '', 0),
('DatabaseTransactionCommitFailedException', 'class', 'includes/database/database.inc', '', 0),
('DatabaseTransactionExplicitCommitNotAllowedException', 'class', 'includes/database/database.inc', '', 0),
('DatabaseTransactionNameNonUniqueException', 'class', 'includes/database/database.inc', '', 0),
('DatabaseTransactionNoActiveException', 'class', 'includes/database/database.inc', '', 0),
('DatabaseTransactionOutOfOrderException', 'class', 'includes/database/database.inc', '', 0),
('DateAPITestCase', 'class', 'profiles/openpublic/modules/contrib/date/tests/date_api.test', 'date', 0),
('DateFieldBasic', 'class', 'profiles/openpublic/modules/contrib/date/tests/date_field.test', 'date', 0),
('DateFieldTestCase', 'class', 'profiles/openpublic/modules/contrib/date/tests/date_field.test', 'date', 0),
('DateFormatTestCase', 'class', 'modules/system/system.test', 'system', 0),
('DateFormTestCase', 'class', 'profiles/openpublic/modules/contrib/date/tests/date_form.test', 'date', 0),
('DateMigrateExampleUnitTest', 'class', 'profiles/openpublic/modules/contrib/date/tests/date_migrate.test', 'date', 0),
('DateMigrateFieldHandler', 'class', 'profiles/openpublic/modules/contrib/date/date.migrate.inc', 'date', 0),
('DateObject', 'class', 'profiles/openpublic/modules/contrib/date/date_api/date_api.module', 'date_api', 0),
('DateTimeFunctionalTest', 'class', 'modules/system/system.test', 'system', 0),
('DateTimezoneTestCase', 'class', 'profiles/openpublic/modules/contrib/date/tests/date_timezone.test', 'date', 0),
('DateUITestCase', 'class', 'profiles/openpublic/modules/contrib/date/tests/date.test', 'date', 0),
('DateValidationTestCase', 'class', 'profiles/openpublic/modules/contrib/date/tests/date_validation.test', 'date', 0),
('DateViewsPopupTestCase', 'class', 'profiles/openpublic/modules/contrib/date/tests/date_views_popup.test', 'date', 0),
('date_sql_handler', 'class', 'profiles/openpublic/modules/contrib/date/date_api/date_api_sql.inc', 'date_api', 0),
('date_views_argument_handler', 'class', 'profiles/openpublic/modules/contrib/date/date_views/includes/date_views_argument_handler.inc', 'date_views', 0),
('date_views_argument_handler_simple', 'class', 'profiles/openpublic/modules/contrib/date/date_views/includes/date_views_argument_handler_simple.inc', 'date_views', 0),
('date_views_filter_handler', 'class', 'profiles/openpublic/modules/contrib/date/date_views/includes/date_views_filter_handler.inc', 'date_views', 0),
('date_views_filter_handler_simple', 'class', 'profiles/openpublic/modules/contrib/date/date_views/includes/date_views_filter_handler_simple.inc', 'date_views', 0),
('date_views_plugin_pager', 'class', 'profiles/openpublic/modules/contrib/date/date_views/includes/date_views_plugin_pager.inc', 'date_views', 0),
('DBLogTestCase', 'class', 'modules/dblog/dblog.test', 'dblog', 0),
('defaultcontent_condition', 'class', 'profiles/openpublic/modules/contrib/defaultcontent/context/plugins/defaultcontent_condition.inc', 'defaultcontent', 0),
('DefaultMailSystem', 'class', 'modules/system/system.mail.inc', 'system', 0),
('DeleteQuery', 'class', 'includes/database/query.inc', '', 0),
('DeleteQuery_sqlite', 'class', 'includes/database/sqlite/query.inc', '', 0),
('delta_export_ui', 'class', 'profiles/openpublic/modules/contrib/delta/delta_ui/export_ui/delta_export_ui.class.php', 'delta_ui', 0),
('delta_injection', 'class', 'profiles/openpublic/modules/contrib/delta/plugins/delta/delta_injection.inc', 'delta', 0),
('delta_injection_theme_settings', 'class', 'profiles/openpublic/modules/contrib/delta/plugins/delta/delta_injection_theme_settings.inc', 'delta', 0),
('Diff', 'class', 'profiles/openpublic/modules/contrib/diff/DiffEngine.php', 'diff', 0),
('DiffFormatter', 'class', 'profiles/openpublic/modules/contrib/diff/DiffEngine.php', 'diff', 0),
('Drupal7Post', 'class', 'profiles/openpublic/modules/contrib/recaptcha/src/ReCaptcha/RequestMethod/Drupal7Post.php', 'recaptcha', 0),
('DrupalCacheArray', 'class', 'includes/bootstrap.inc', '', 0),
('DrupalCacheInterface', 'interface', 'includes/cache.inc', '', 0),
('DrupalDatabaseCache', 'class', 'includes/cache.inc', '', 0),
('DrupalDefaultEntityController', 'class', 'includes/entity.inc', '', 0),
('DrupalDiffFormatter', 'class', 'profiles/openpublic/modules/contrib/diff/DiffEngine.php', 'diff', 0),
('DrupalDiffInline', 'class', 'profiles/openpublic/modules/contrib/diff/DiffEngine.php', 'diff', 0),
('DrupalEntityControllerInterface', 'interface', 'includes/entity.inc', '', 0),
('DrupalFakeCache', 'class', 'includes/cache-install.inc', '', 0),
('DrupalLocalStreamWrapper', 'class', 'includes/stream_wrappers.inc', '', 0),
('DrupalPrivateStreamWrapper', 'class', 'includes/stream_wrappers.inc', '', 0),
('DrupalPublicStreamWrapper', 'class', 'includes/stream_wrappers.inc', '', 0),
('DrupalQueue', 'class', 'modules/system/system.queue.inc', 'system', 0),
('DrupalQueueInterface', 'interface', 'modules/system/system.queue.inc', 'system', 0),
('DrupalReliableQueueInterface', 'interface', 'modules/system/system.queue.inc', 'system', 0),
('DrupalRequestSanitizer', 'class', 'includes/request-sanitizer.inc', '', 0),
('DrupalSetMessageTest', 'class', 'modules/system/system.test', 'system', 0),
('DrupalStreamWrapperInterface', 'interface', 'includes/stream_wrappers.inc', '', 0),
('DrupalTemporaryStreamWrapper', 'class', 'includes/stream_wrappers.inc', '', 0),
('DrupalUpdateException', 'class', 'includes/update.inc', '', 0),
('DrupalUpdaterInterface', 'interface', 'includes/updater.inc', '', 0),
('EnableDisableTestCase', 'class', 'modules/system/system.test', 'system', 0),
('Entity', 'class', 'profiles/openpublic/modules/contrib/entity/includes/entity.inc', 'entity', 0),
('EntityAPICommentNodeAccessTestCase', 'class', 'profiles/openpublic/modules/contrib/entity/entity.test', 'entity', 0),
('EntityAPIController', 'class', 'profiles/openpublic/modules/contrib/entity/includes/entity.controller.inc', 'entity', 0),
('EntityAPIControllerExportable', 'class', 'profiles/openpublic/modules/contrib/entity/includes/entity.controller.inc', 'entity', 0),
('EntityAPIControllerInterface', 'interface', 'profiles/openpublic/modules/contrib/entity/includes/entity.controller.inc', 'entity', 0),
('EntityAPIControllerRevisionableInterface', 'interface', 'profiles/openpublic/modules/contrib/entity/includes/entity.controller.inc', 'entity', 0),
('EntityAPIi18nItegrationTestCase', 'class', 'profiles/openpublic/modules/contrib/entity/entity.test', 'entity', 0),
('EntityAPIRulesIntegrationTestCase', 'class', 'profiles/openpublic/modules/contrib/entity/entity.test', 'entity', 0),
('EntityAPITestCase', 'class', 'profiles/openpublic/modules/contrib/entity/entity.test', 'entity', 0),
('EntityAutocompleteWebTestCase', 'class', 'profiles/openpublic/modules/contrib/entity_autocomplete/tests/entity_autocomplete.test', 'entity_autocomplete', 0),
('EntityBundleableUIController', 'class', 'profiles/openpublic/modules/contrib/entity/includes/entity.ui.inc', 'entity', 0),
('EntityCacheBlogTestCase', 'class', 'profiles/openpublic/modules/contrib/entitycache/entitycache.test', 'entitycache', 0),
('EntityCacheBookTestCase', 'class', 'profiles/openpublic/modules/contrib/entitycache/entitycache.test', 'entitycache', 0),
('EntityCacheCommentAnonymous', 'class', 'profiles/openpublic/modules/contrib/entitycache/entitycache.test', 'entitycache', 0),
('EntityCacheCommentApprovalTest', 'class', 'profiles/openpublic/modules/contrib/entitycache/entitycache.test', 'entitycache', 0),
('EntityCacheCommentBlockFunctionalTest', 'class', 'profiles/openpublic/modules/contrib/entitycache/entitycache.test', 'entitycache', 0),
('EntityCacheCommentContentRebuild', 'class', 'profiles/openpublic/modules/contrib/entitycache/entitycache.test', 'entitycache', 0),
('EntityCacheCommentController', 'class', 'profiles/openpublic/modules/contrib/entitycache/includes/entitycache.comment.inc', 'entitycache', 0),
('EntityCacheCommentFieldsTest', 'class', 'profiles/openpublic/modules/contrib/entitycache/entitycache.test', 'entitycache', 0),
('EntityCacheCommentHelperCase', 'class', 'profiles/openpublic/modules/contrib/entitycache/entitycache.test', 'entitycache', 0),
('EntityCacheCommentNodeAccessTest', 'class', 'profiles/openpublic/modules/contrib/entitycache/entitycache.test', 'entitycache', 0),
('EntityCacheCommentNodeTestCase', 'class', 'profiles/openpublic/modules/contrib/entitycache/entitycache.test', 'entitycache', 0),
('EntityCacheCommentPagerTest', 'class', 'profiles/openpublic/modules/contrib/entitycache/entitycache.test', 'entitycache', 0),
('EntityCacheCommentPreviewTest', 'class', 'profiles/openpublic/modules/contrib/entitycache/entitycache.test', 'entitycache', 0),
('EntityCacheCommentRSSUnitTest', 'class', 'profiles/openpublic/modules/contrib/entitycache/entitycache.test', 'entitycache', 0),
('EntityCacheCommentTokenReplaceTestCase', 'class', 'profiles/openpublic/modules/contrib/entitycache/entitycache.test', 'entitycache', 0),
('EntityCacheControllerHelper', 'class', 'profiles/openpublic/modules/contrib/entitycache/includes/entitycache.entitycachecontrollerhelper.inc', 'entitycache', 0),
('EntityCacheDefaultEntityController', 'class', 'profiles/openpublic/modules/contrib/entitycache/includes/entitycache.defaultentitycontroller.inc', 'entitycache', 0),
('EntityCacheMultiStepNodeFormBasicOptionsTest', 'class', 'profiles/openpublic/modules/contrib/entitycache/entitycache.test', 'entitycache', 0),
('EntityCacheNodeAccessRebuildTestCase', 'class', 'profiles/openpublic/modules/contrib/entitycache/entitycache.test', 'entitycache', 0),
('EntityCacheNodeAccessRecordsUnitTest', 'class', 'profiles/openpublic/modules/contrib/entitycache/entitycache.test', 'entitycache', 0),
('EntityCacheNodeAccessUnitTest', 'class', 'profiles/openpublic/modules/contrib/entitycache/entitycache.test', 'entitycache', 0),
('EntityCacheNodeAdminTestCase', 'class', 'profiles/openpublic/modules/contrib/entitycache/entitycache.test', 'entitycache', 0),
('EntityCacheNodeBlockFunctionalTest', 'class', 'profiles/openpublic/modules/contrib/entitycache/entitycache.test', 'entitycache', 0),
('EntityCacheNodeBlockTestCase', 'class', 'profiles/openpublic/modules/contrib/entitycache/entitycache.test', 'entitycache', 0),
('EntityCacheNodeBuildContent', 'class', 'profiles/openpublic/modules/contrib/entitycache/entitycache.test', 'entitycache', 0),
('EntityCacheNodeController', 'class', 'profiles/openpublic/modules/contrib/entitycache/includes/entitycache.node.inc', 'entitycache', 0),
('EntityCacheNodeCreationTestCase', 'class', 'profiles/openpublic/modules/contrib/entitycache/entitycache.test', 'entitycache', 0),
('EntityCacheNodeEntityFieldQueryAlter', 'class', 'profiles/openpublic/modules/contrib/entitycache/entitycache.test', 'entitycache', 0),
('EntityCacheNodeFeedTestCase', 'class', 'profiles/openpublic/modules/contrib/entitycache/entitycache.test', 'entitycache', 0),
('EntityCacheNodeLoadHooksTestCase', 'class', 'profiles/openpublic/modules/contrib/entitycache/entitycache.test', 'entitycache', 0),
('EntityCacheNodeLoadMultipleUnitTest', 'class', 'profiles/openpublic/modules/contrib/entitycache/entitycache.test', 'entitycache', 0),
('EntityCacheNodePostSettingsTestCase', 'class', 'profiles/openpublic/modules/contrib/entitycache/entitycache.test', 'entitycache', 0),
('EntityCacheNodeQueryAlter', 'class', 'profiles/openpublic/modules/contrib/entitycache/entitycache.test', 'entitycache', 0),
('EntityCacheNodeRevisionsTestCase', 'class', 'profiles/openpublic/modules/contrib/entitycache/entitycache.test', 'entitycache', 0),
('EntityCacheNodeRSSContentTestCase', 'class', 'profiles/openpublic/modules/contrib/entitycache/entitycache.test', 'entitycache', 0),
('EntityCacheNodeSaveTestCase', 'class', 'profiles/openpublic/modules/contrib/entitycache/entitycache.test', 'entitycache', 0),
('EntityCacheNodeTitleTestCase', 'class', 'profiles/openpublic/modules/contrib/entitycache/entitycache.test', 'entitycache', 0),
('EntityCacheNodeTitleXSSTestCase', 'class', 'profiles/openpublic/modules/contrib/entitycache/entitycache.test', 'entitycache', 0),
('EntityCacheNodeTokenReplaceTestCase', 'class', 'profiles/openpublic/modules/contrib/entitycache/entitycache.test', 'entitycache', 0),
('EntityCacheNodeTypePersistenceTestCase', 'class', 'profiles/openpublic/modules/contrib/entitycache/entitycache.test', 'entitycache', 0),
('EntityCacheNodeTypeTestCase', 'class', 'profiles/openpublic/modules/contrib/entitycache/entitycache.test', 'entitycache', 0),
('EntityCachePageEditTestCase', 'class', 'profiles/openpublic/modules/contrib/entitycache/entitycache.test', 'entitycache', 0),
('EntityCachePagePreviewTestCase', 'class', 'profiles/openpublic/modules/contrib/entitycache/entitycache.test', 'entitycache', 0),
('EntityCachePageViewTestCase', 'class', 'profiles/openpublic/modules/contrib/entitycache/entitycache.test', 'entitycache', 0),
('EntityCachePollBlockTestCase', 'class', 'profiles/openpublic/modules/contrib/entitycache/entitycache.test', 'entitycache', 0),
('EntityCachePollCreateTestCase', 'class', 'profiles/openpublic/modules/contrib/entitycache/entitycache.test', 'entitycache', 0),
('EntityCachePollExpirationTestCase', 'class', 'profiles/openpublic/modules/contrib/entitycache/entitycache.test', 'entitycache', 0),
('EntityCachePollJSAddChoice', 'class', 'profiles/openpublic/modules/contrib/entitycache/entitycache.test', 'entitycache', 0),
('EntityCachePollTestCase', 'class', 'profiles/openpublic/modules/contrib/entitycache/entitycache.test', 'entitycache', 0),
('EntityCachePollTokenReplaceTestCase', 'class', 'profiles/openpublic/modules/contrib/entitycache/entitycache.test', 'entitycache', 0),
('EntityCachePollVoteCheckHostname', 'class', 'profiles/openpublic/modules/contrib/entitycache/entitycache.test', 'entitycache', 0),
('EntityCachePollVoteTestCase', 'class', 'profiles/openpublic/modules/contrib/entitycache/entitycache.test', 'entitycache', 0),
('EntityCacheSummaryLengthTestCase', 'class', 'profiles/openpublic/modules/contrib/entitycache/entitycache.test', 'entitycache', 0),
('EntityCacheTaxonomyHooksTestCase', 'class', 'profiles/openpublic/modules/contrib/entitycache/entitycache.test', 'entitycache', 0),
('EntityCacheTaxonomyLegacyTestCase', 'class', 'profiles/openpublic/modules/contrib/entitycache/entitycache.test', 'entitycache', 0),
('EntityCacheTaxonomyLoadMultipleUnitTest', 'class', 'profiles/openpublic/modules/contrib/entitycache/entitycache.test', 'entitycache', 0),
('EntityCacheTaxonomyTermController', 'class', 'profiles/openpublic/modules/contrib/entitycache/includes/entitycache.taxonomy.inc', 'entitycache', 0),
('EntityCacheTaxonomyTermFieldTestCase', 'class', 'profiles/openpublic/modules/contrib/entitycache/entitycache.test', 'entitycache', 0),
('EntityCacheTaxonomyTermTestCase', 'class', 'profiles/openpublic/modules/contrib/entitycache/entitycache.test', 'entitycache', 0),
('EntityCacheTaxonomyTermUnitTest', 'class', 'profiles/openpublic/modules/contrib/entitycache/entitycache.test', 'entitycache', 0),
('EntityCacheTaxonomyThemeTestCase', 'class', 'profiles/openpublic/modules/contrib/entitycache/entitycache.test', 'entitycache', 0),
('EntityCacheTaxonomyTokenReplaceTestCase', 'class', 'profiles/openpublic/modules/contrib/entitycache/entitycache.test', 'entitycache', 0),
('EntityCacheTaxonomyVocabularyController', 'class', 'profiles/openpublic/modules/contrib/entitycache/includes/entitycache.taxonomy.inc', 'entitycache', 0),
('EntityCacheTaxonomyVocabularyFunctionalTest', 'class', 'profiles/openpublic/modules/contrib/entitycache/entitycache.test', 'entitycache', 0),
('EntityCacheTaxonomyVocabularyUnitTest', 'class', 'profiles/openpublic/modules/contrib/entitycache/entitycache.test', 'entitycache', 0),
('EntityCacheTaxonomyWebTestCase', 'class', 'profiles/openpublic/modules/contrib/entitycache/entitycache.test', 'entitycache', 0),
('EntityCacheTranslationTestCase', 'class', 'profiles/openpublic/modules/contrib/entitycache/entitycache.test', 'entitycache', 0),
('EntityCacheUserAccountLinksUnitTests', 'class', 'profiles/openpublic/modules/contrib/entitycache/entitycache.test', 'entitycache', 0),
('EntityCacheUserAdminTestCase', 'class', 'profiles/openpublic/modules/contrib/entitycache/entitycache.test', 'entitycache', 0),
('EntityCacheUserAuthmapAssignmentTestCase', 'class', 'profiles/openpublic/modules/contrib/entitycache/entitycache.test', 'entitycache', 0),
('EntityCacheUserAutocompleteTestCase', 'class', 'profiles/openpublic/modules/contrib/entitycache/entitycache.test', 'entitycache', 0),
('EntityCacheUserBlocksUnitTests', 'class', 'profiles/openpublic/modules/contrib/entitycache/entitycache.test', 'entitycache', 0),
('EntityCacheUserCancelTestCase', 'class', 'profiles/openpublic/modules/contrib/entitycache/entitycache.test', 'entitycache', 0),
('EntityCacheUserController', 'class', 'profiles/openpublic/modules/contrib/entitycache/includes/entitycache.user.inc', 'entitycache', 0),
('EntityCacheUserCreateTestCase', 'class', 'profiles/openpublic/modules/contrib/entitycache/entitycache.test', 'entitycache', 0),
('EntityCacheUserEditedOwnAccountTestCase', 'class', 'profiles/openpublic/modules/contrib/entitycache/entitycache.test', 'entitycache', 0),
('EntityCacheUserEditTestCase', 'class', 'profiles/openpublic/modules/contrib/entitycache/entitycache.test', 'entitycache', 0),
('EntityCacheUserLoginTestCase', 'class', 'profiles/openpublic/modules/contrib/entitycache/entitycache.test', 'entitycache', 0),
('EntityCacheUserPermissionsTestCase', 'class', 'profiles/openpublic/modules/contrib/entitycache/entitycache.test', 'entitycache', 0),
('EntityCacheUserPictureTestCase', 'class', 'profiles/openpublic/modules/contrib/entitycache/entitycache.test', 'entitycache', 0),
('EntityCacheUserRegistrationTestCase', 'class', 'profiles/openpublic/modules/contrib/entitycache/entitycache.test', 'entitycache', 0),
('EntityCacheUserRoleAdminTestCase', 'class', 'profiles/openpublic/modules/contrib/entitycache/entitycache.test', 'entitycache', 0),
('EntityCacheUserRolesAssignmentTestCase', 'class', 'profiles/openpublic/modules/contrib/entitycache/entitycache.test', 'entitycache', 0),
('EntityCacheUserSaveTestCase', 'class', 'profiles/openpublic/modules/contrib/entitycache/entitycache.test', 'entitycache', 0),
('EntityCacheUserSignatureTestCase', 'class', 'profiles/openpublic/modules/contrib/entitycache/entitycache.test', 'entitycache', 0),
('EntityCacheUserTimeZoneFunctionalTest', 'class', 'profiles/openpublic/modules/contrib/entitycache/entitycache.test', 'entitycache', 0),
('EntityCacheUserTokenReplaceTestCase', 'class', 'profiles/openpublic/modules/contrib/entitycache/entitycache.test', 'entitycache', 0),
('EntityCacheUserUserSearchTestCase', 'class', 'profiles/openpublic/modules/contrib/entitycache/entitycache.test', 'entitycache', 0),
('EntityCacheUserValidateCurrentPassCustomForm', 'class', 'profiles/openpublic/modules/contrib/entitycache/entitycache.test', 'entitycache', 0),
('EntityCacheUserValidationTestCase', 'class', 'profiles/openpublic/modules/contrib/entitycache/entitycache.test', 'entitycache', 0),
('EntityContentUIController', 'class', 'profiles/openpublic/modules/contrib/entity/includes/entity.ui.inc', 'entity', 0),
('EntityDB', 'class', 'profiles/openpublic/modules/contrib/entity/includes/entity.inc', 'entity', 0),
('EntityDBExtendable', 'class', 'profiles/openpublic/modules/contrib/entity/includes/entity.inc', 'entity', 0),
('EntityDefaultExtraFieldsController', 'class', 'profiles/openpublic/modules/contrib/entity/entity.info.inc', 'entity', 0),
('EntityDefaultFeaturesController', 'class', 'profiles/openpublic/modules/contrib/entity/entity.features.inc', 'entity', 0),
('EntityDefaultI18nStringController', 'class', 'profiles/openpublic/modules/contrib/entity/entity.i18n.inc', 'entity', 0),
('EntityDefaultMetadataController', 'class', 'profiles/openpublic/modules/contrib/entity/entity.info.inc', 'entity', 0),
('EntityDefaultRulesController', 'class', 'profiles/openpublic/modules/contrib/entity/entity.rules.inc', 'entity', 0),
('EntityDefaultUIController', 'class', 'profiles/openpublic/modules/contrib/entity/includes/entity.ui.inc', 'entity', 0),
('EntityDefaultViewsController', 'class', 'profiles/openpublic/modules/contrib/entity/views/entity.views.inc', 'entity', 0),
('EntityDrupalWrapper', 'class', 'profiles/openpublic/modules/contrib/entity/includes/entity.wrapper.inc', 'entity', 0),
('EntityExtendable', 'class', 'profiles/openpublic/modules/contrib/entity/includes/entity.inc', 'entity', 0),
('EntityExtraFieldsControllerInterface', 'interface', 'profiles/openpublic/modules/contrib/entity/entity.info.inc', 'entity', 0),
('EntityFieldHandlerHelper', 'class', 'profiles/openpublic/modules/contrib/entity/views/handlers/entity_views_field_handler_helper.inc', 'entity', 0),
('EntityFieldQuery', 'class', 'includes/entity.inc', '', 0),
('EntityFieldQueryException', 'class', 'includes/entity.inc', '', 0),
('EntityInterface', 'interface', 'profiles/openpublic/modules/contrib/entity/includes/entity.inc', 'entity', 0),
('EntityListWrapper', 'class', 'profiles/openpublic/modules/contrib/entity/includes/entity.wrapper.inc', 'entity', 0),
('EntityMalformedException', 'class', 'includes/entity.inc', '', 0),
('EntityMetadataArrayObject', 'class', 'profiles/openpublic/modules/contrib/entity/includes/entity.wrapper.inc', 'entity', 0),
('EntityMetadataIntegrationTestCase', 'class', 'profiles/openpublic/modules/contrib/entity/entity.test', 'entity', 0),
('EntityMetadataNodeAccessTestCase', 'class', 'profiles/openpublic/modules/contrib/entity/entity.test', 'entity', 0),
('EntityMetadataNodeCreateAccessTestCase', 'class', 'profiles/openpublic/modules/contrib/entity/entity.test', 'entity', 0),
('EntityMetadataNodeRevisionAccessTestCase', 'class', 'profiles/openpublic/modules/contrib/entity/entity.test', 'entity', 0),
('EntityMetadataTaxonomyAccessTestCase', 'class', 'profiles/openpublic/modules/contrib/entity/entity.test', 'entity', 0),
('EntityMetadataTestCase', 'class', 'profiles/openpublic/modules/contrib/entity/entity.test', 'entity', 0),
('EntityMetadataWrapper', 'class', 'profiles/openpublic/modules/contrib/entity/includes/entity.wrapper.inc', 'entity', 0),
('EntityMetadataWrapperException', 'class', 'profiles/openpublic/modules/contrib/entity/includes/entity.wrapper.inc', 'entity', 0),
('EntityMetadataWrapperIterator', 'class', 'profiles/openpublic/modules/contrib/entity/includes/entity.wrapper.inc', 'entity', 0),
('EntityPropertiesTestCase', 'class', 'modules/field/tests/field.test', 'field', 0),
('EntityStructureWrapper', 'class', 'profiles/openpublic/modules/contrib/entity/includes/entity.wrapper.inc', 'entity', 0),
('EntityTokenTestCase', 'class', 'profiles/openpublic/modules/contrib/entity/entity.test', 'entity', 0),
('EntityValueWrapper', 'class', 'profiles/openpublic/modules/contrib/entity/includes/entity.wrapper.inc', 'entity', 0),
('EntityWebTestCase', 'class', 'profiles/openpublic/modules/contrib/entity/entity.test', 'entity', 0),
('entity_views_handler_area_entity', 'class', 'profiles/openpublic/modules/contrib/entity/views/handlers/entity_views_handler_area_entity.inc', 'entity', 0),
('entity_views_handler_field_boolean', 'class', 'profiles/openpublic/modules/contrib/entity/views/handlers/entity_views_handler_field_boolean.inc', 'entity', 0),
('entity_views_handler_field_date', 'class', 'profiles/openpublic/modules/contrib/entity/views/handlers/entity_views_handler_field_date.inc', 'entity', 0),
('entity_views_handler_field_duration', 'class', 'profiles/openpublic/modules/contrib/entity/views/handlers/entity_views_handler_field_duration.inc', 'entity', 0),
('entity_views_handler_field_entity', 'class', 'profiles/openpublic/modules/contrib/entity/views/handlers/entity_views_handler_field_entity.inc', 'entity', 0),
('entity_views_handler_field_field', 'class', 'profiles/openpublic/modules/contrib/entity/views/handlers/entity_views_handler_field_field.inc', 'entity', 0),
('entity_views_handler_field_numeric', 'class', 'profiles/openpublic/modules/contrib/entity/views/handlers/entity_views_handler_field_numeric.inc', 'entity', 0),
('entity_views_handler_field_options', 'class', 'profiles/openpublic/modules/contrib/entity/views/handlers/entity_views_handler_field_options.inc', 'entity', 0),
('entity_views_handler_field_text', 'class', 'profiles/openpublic/modules/contrib/entity/views/handlers/entity_views_handler_field_text.inc', 'entity', 0),
('entity_views_handler_field_uri', 'class', 'profiles/openpublic/modules/contrib/entity/views/handlers/entity_views_handler_field_uri.inc', 'entity', 0),
('entity_views_handler_relationship', 'class', 'profiles/openpublic/modules/contrib/entity/views/handlers/entity_views_handler_relationship.inc', 'entity', 0),
('entity_views_handler_relationship_by_bundle', 'class', 'profiles/openpublic/modules/contrib/entity/views/handlers/entity_views_handler_relationship_by_bundle.inc', 'entity', 0),
('entity_views_plugin_row_entity_view', 'class', 'profiles/openpublic/modules/contrib/entity/views/plugins/entity_views_plugin_row_entity_view.inc', 'entity', 0),
('ExtlinkAdminTestCase', 'class', 'sites/all/modules/contrib/extlink/extlink.test', 'extlink', 1),
('ExtlinkBaseWebTestCase', 'class', 'sites/all/modules/contrib/extlink/extlink.test', 'extlink', 1),
('FeaturesCtoolsIntegrationTest', 'class', 'profiles/openpublic/modules/contrib/features/tests/features.test', 'features', 20),
('FeaturesDetectionTestCase', 'class', 'profiles/openpublic/modules/contrib/features/tests/features.test', 'features', 20),
('FeaturesEnableTestCase', 'class', 'profiles/openpublic/modules/contrib/features/tests/features.test', 'features', 20),
('FeaturesUserTestCase', 'class', 'profiles/openpublic/modules/contrib/features/tests/features.test', 'features', 20),
('FeedParserTestCase', 'class', 'modules/aggregator/aggregator.test', 'aggregator', 0),
('FieldAttachOtherTestCase', 'class', 'modules/field/tests/field.test', 'field', 0),
('FieldAttachStorageTestCase', 'class', 'modules/field/tests/field.test', 'field', 0),
('FieldAttachTestCase', 'class', 'modules/field/tests/field.test', 'field', 0),
('FieldBulkDeleteTestCase', 'class', 'modules/field/tests/field.test', 'field', 0),
('FieldCrudTestCase', 'class', 'modules/field/tests/field.test', 'field', 0),
('FieldDisplayAPITestCase', 'class', 'modules/field/tests/field.test', 'field', 0),
('FieldException', 'class', 'modules/field/field.module', 'field', 0),
('FieldFormTestCase', 'class', 'modules/field/tests/field.test', 'field', 0),
('FieldInfo', 'class', 'modules/field/field.info.class.inc', 'field', 0),
('FieldInfoTestCase', 'class', 'modules/field/tests/field.test', 'field', 0),
('FieldInstanceCrudTestCase', 'class', 'modules/field/tests/field.test', 'field', 0),
('FieldsOverlapException', 'class', 'includes/database/database.inc', '', 0),
('FieldSqlStorageTestCase', 'class', 'modules/field/modules/field_sql_storage/field_sql_storage.test', 'field_sql_storage', 0),
('FieldTestCase', 'class', 'modules/field/tests/field.test', 'field', 0),
('FieldTranslationsTestCase', 'class', 'modules/field/tests/field.test', 'field', 0),
('FieldUIAlterTestCase', 'class', 'modules/field_ui/field_ui.test', 'field_ui', 0),
('FieldUIManageDisplayTestCase', 'class', 'modules/field_ui/field_ui.test', 'field_ui', 0),
('FieldUIManageFieldsTestCase', 'class', 'modules/field_ui/field_ui.test', 'field_ui', 0),
('FieldUITestCase', 'class', 'modules/field_ui/field_ui.test', 'field_ui', 0),
('FieldUpdateForbiddenException', 'class', 'modules/field/field.module', 'field', 0),
('FieldValidationException', 'class', 'modules/field/field.attach.inc', 'field', 0),
('FileEntityAccessTestCase', 'class', 'sites/all/modules/contrib/file_entity/file_entity.test', 'file_entity', 0),
('FileEntityAdminTestCase', 'class', 'sites/all/modules/contrib/file_entity/file_entity.test', 'file_entity', 0),
('FileEntityAltTitleTestCase', 'class', 'sites/all/modules/contrib/file_entity/file_entity.test', 'file_entity', 0),
('FileEntityAttributeOverrideTestCase', 'class', 'sites/all/modules/contrib/file_entity/file_entity.test', 'file_entity', 0),
('FileEntityChangeSchemeTestCase', 'class', 'sites/all/modules/contrib/file_entity/file_entity.test', 'file_entity', 0),
('FileEntityEditTestCase', 'class', 'sites/all/modules/contrib/file_entity/file_entity.test', 'file_entity', 0),
('FileEntityFileTypeClassificationTestCase', 'class', 'sites/all/modules/contrib/file_entity/file_entity.test', 'file_entity', 0),
('FileEntityReplaceTestCase', 'class', 'sites/all/modules/contrib/file_entity/file_entity.test', 'file_entity', 0),
('FileEntityTestHelper', 'class', 'sites/all/modules/contrib/file_entity/file_entity.test', 'file_entity', 0),
('FileEntityTokenTestCase', 'class', 'sites/all/modules/contrib/file_entity/file_entity.test', 'file_entity', 0),
('FileEntityTypeTestCase', 'class', 'sites/all/modules/contrib/file_entity/file_entity.test', 'file_entity', 0),
('FileEntityUnitTestCase', 'class', 'sites/all/modules/contrib/file_entity/file_entity.test', 'file_entity', 0),
('FileEntityUploadWizardTestCase', 'class', 'sites/all/modules/contrib/file_entity/file_entity.test', 'file_entity', 0),
('FileEntityUsageTestCase', 'class', 'sites/all/modules/contrib/file_entity/file_entity.test', 'file_entity', 0),
('FileEntityViewsFieldLinkUsageHandlerTest', 'class', 'sites/all/modules/contrib/file_entity/file_entity_views.test', 'file_entity', 0),
('FileFieldAnonymousSubmission', 'class', 'modules/file/tests/file.test', 'file', 0),
('FileFieldDisplayTestCase', 'class', 'modules/file/tests/file.test', 'file', 0),
('FileFieldPathTestCase', 'class', 'modules/file/tests/file.test', 'file', 0),
('FileFieldRevisionTestCase', 'class', 'modules/file/tests/file.test', 'file', 0),
('FileFieldTestCase', 'class', 'modules/file/tests/file.test', 'file', 0),
('FileFieldValidateTestCase', 'class', 'modules/file/tests/file.test', 'file', 0),
('FileFieldWidgetTestCase', 'class', 'modules/file/tests/file.test', 'file', 0),
('FileManagedFileElementTestCase', 'class', 'modules/file/tests/file.test', 'file', 0),
('FilePrivateTestCase', 'class', 'modules/file/tests/file.test', 'file', 0),
('FileScanDirectory', 'class', 'modules/file/tests/file.test', 'file', 0),
('FileTaxonomyTermTestCase', 'class', 'modules/file/tests/file.test', 'file', 0),
('FileTokenReplaceTestCase', 'class', 'modules/file/tests/file.test', 'file', 0),
('FileTransfer', 'class', 'includes/filetransfer/filetransfer.inc', '', 0),
('FileTransferChmodInterface', 'interface', 'includes/filetransfer/filetransfer.inc', '', 0),
('FileTransferException', 'class', 'includes/filetransfer/filetransfer.inc', '', 0),
('FileTransferFTP', 'class', 'includes/filetransfer/ftp.inc', '', 0),
('FileTransferFTPExtension', 'class', 'includes/filetransfer/ftp.inc', '', 0),
('FileTransferLocal', 'class', 'includes/filetransfer/local.inc', '', 0),
('FileTransferSSH', 'class', 'includes/filetransfer/ssh.inc', '', 0),
('FilterAdminTestCase', 'class', 'modules/filter/filter.test', 'filter', 0),
('FilterCRUDTestCase', 'class', 'modules/filter/filter.test', 'filter', 0),
('FilterDefaultFormatTestCase', 'class', 'modules/filter/filter.test', 'filter', 0),
('FilterDOMSerializeTestCase', 'class', 'modules/filter/filter.test', 'filter', 0),
('FilterFormatAccessTestCase', 'class', 'modules/filter/filter.test', 'filter', 0),
('FilterHooksTestCase', 'class', 'modules/filter/filter.test', 'filter', 0),
('FilterNoFormatTestCase', 'class', 'modules/filter/filter.test', 'filter', 0),
('FilterSecurityTestCase', 'class', 'modules/filter/filter.test', 'filter', 0),
('FilterSettingsTestCase', 'class', 'modules/filter/filter.test', 'filter', 0),
('FilterUnitTestCase', 'class', 'modules/filter/filter.test', 'filter', 0),
('FloodFunctionalTest', 'class', 'modules/system/system.test', 'system', 0),
('FormatFormViewModesTest', 'class', 'sites/all/modules/contrib/media/modules/media_wysiwyg/media_wysiwyg.test', 'media_wysiwyg', 0),
('FrontPageTestCase', 'class', 'modules/system/system.test', 'system', 0),
('GoogleAnalyticsBasicTest', 'class', 'sites/all/modules/google_analytics/googleanalytics.test', 'googleanalytics', 0),
('GoogleAnalyticsCustomDimensionsAndMetricsTest', 'class', 'sites/all/modules/google_analytics/googleanalytics.test', 'googleanalytics', 0),
('GoogleAnalyticsCustomUrls', 'class', 'sites/all/modules/google_analytics/googleanalytics.test', 'googleanalytics', 0),
('GoogleAnalyticsPhpFilterTest', 'class', 'sites/all/modules/google_analytics/googleanalytics.test', 'googleanalytics', 0),
('GoogleAnalyticsRolesTest', 'class', 'sites/all/modules/google_analytics/googleanalytics.test', 'googleanalytics', 0);
INSERT INTO `registry` (`name`, `type`, `filename`, `module`, `weight`) VALUES
('GoogleAnalyticsSearchTest', 'class', 'sites/all/modules/google_analytics/googleanalytics.test', 'googleanalytics', 0),
('GoogleAnalyticsStatusMessagesTest', 'class', 'sites/all/modules/google_analytics/googleanalytics.test', 'googleanalytics', 0),
('GroupDisplayTestCase', 'class', 'profiles/openpublic/modules/contrib/field_group/tests/field_group.display.test', 'field_group', 1),
('GroupUITestCase', 'class', 'profiles/openpublic/modules/contrib/field_group/tests/field_group.ui.test', 'field_group', 1),
('HeadLinksTestCase', 'class', 'profiles/openpublic/modules/contrib/ctools/page_manager/tests/head_links.test', 'page_manager', 99),
('HelpTestCase', 'class', 'modules/help/help.test', 'help', 0),
('HookRequirementsTestCase', 'class', 'modules/system/system.test', 'system', 0),
('ImageAdminStylesUnitTest', 'class', 'modules/image/image.test', 'image', 0),
('ImageAdminUiTestCase', 'class', 'modules/image/image.test', 'image', 0),
('ImageCaptchaWebTestCase', 'class', 'profiles/openpublic/modules/contrib/captcha/image_captcha/image_captcha.test', 'image_captcha', 0),
('ImageDimensionsScaleTestCase', 'class', 'modules/image/image.test', 'image', 0),
('ImageDimensionsTestCase', 'class', 'modules/image/image.test', 'image', 0),
('ImageEffectsUnitTest', 'class', 'modules/image/image.test', 'image', 0),
('ImageFieldDefaultImagesTestCase', 'class', 'modules/image/image.test', 'image', 0),
('ImageFieldDisplayTestCase', 'class', 'modules/image/image.test', 'image', 0),
('ImageFieldTestCase', 'class', 'modules/image/image.test', 'image', 0),
('ImageFieldValidateTestCase', 'class', 'modules/image/image.test', 'image', 0),
('ImageStyleFlushTest', 'class', 'modules/image/image.test', 'image', 0),
('ImageStylesPathAndUrlTestCase', 'class', 'modules/image/image.test', 'image', 0),
('ImageThemeFunctionWebTestCase', 'class', 'modules/image/image.test', 'image', 0),
('ImportOPMLTestCase', 'class', 'modules/aggregator/aggregator.test', 'aggregator', 0),
('InfoFileParserTestCase', 'class', 'modules/system/system.test', 'system', 0),
('InsertQuery', 'class', 'includes/database/query.inc', '', 0),
('InsertQuery_mysql', 'class', 'includes/database/mysql/query.inc', '', 0),
('InsertQuery_pgsql', 'class', 'includes/database/pgsql/query.inc', '', 0),
('InsertQuery_sqlite', 'class', 'includes/database/sqlite/query.inc', '', 0),
('InvalidMergeQueryException', 'class', 'includes/database/database.inc', '', 0),
('IPAddressBlockingTestCase', 'class', 'modules/system/system.test', 'system', 0),
('LibrariesAdminWebTest', 'class', 'profiles/openpublic/modules/contrib/libraries/tests/LibrariesAdminWebTest.test', 'libraries', 0),
('LibrariesLoadWebTest', 'class', 'profiles/openpublic/modules/contrib/libraries/tests/LibrariesLoadWebTest.test', 'libraries', 0),
('LibrariesUnitTest', 'class', 'profiles/openpublic/modules/contrib/libraries/tests/LibrariesUnitTest.test', 'libraries', 0),
('LibrariesWebTestBase', 'class', 'profiles/openpublic/modules/contrib/libraries/tests/LibrariesWebTestBase.test', 'libraries', 0),
('LibraryUpdater', 'class', 'profiles/openpublic/modules/contrib/apps/apps.updater.inc', 'apps', 0),
('LinkAttributeCrudTest', 'class', 'profiles/openpublic/modules/contrib/link/tests/link.attribute.test', 'link', 0),
('LinkBaseTestClass', 'class', 'profiles/openpublic/modules/contrib/link/tests/link.test', 'link', 0),
('LinkContentCrudTest', 'class', 'profiles/openpublic/modules/contrib/link/tests/link.crud.test', 'link', 0),
('LinkEntityTokenTest', 'class', 'profiles/openpublic/modules/contrib/link/tests/link.entity_token.test', 'link', 0),
('LinkTokenTest', 'class', 'profiles/openpublic/modules/contrib/link/tests/link.token.test', 'link', 0),
('LinkUITest', 'class', 'profiles/openpublic/modules/contrib/link/tests/link.crud_browser.test', 'link', 0),
('LinkValidateSpecificURL', 'class', 'profiles/openpublic/modules/contrib/link/tests/link.validate.test', 'link', 0),
('LinkValidateTest', 'class', 'profiles/openpublic/modules/contrib/link/tests/link.validate.test', 'link', 0),
('LinkValidateTestCase', 'class', 'profiles/openpublic/modules/contrib/link/tests/link.validate.test', 'link', 0),
('LinkValidateTestNews', 'class', 'profiles/openpublic/modules/contrib/link/tests/link.validate.test', 'link', 0),
('LinkValidateUrlLight', 'class', 'profiles/openpublic/modules/contrib/link/tests/link.validate.test', 'link', 0),
('link_views_handler_argument_target', 'class', 'profiles/openpublic/modules/contrib/link/views/link_views_handler_argument_target.inc', 'link', 0),
('link_views_handler_filter_protocol', 'class', 'profiles/openpublic/modules/contrib/link/views/link_views_handler_filter_protocol.inc', 'link', 0),
('ListDynamicValuesTestCase', 'class', 'modules/field/modules/list/tests/list.test', 'list', 0),
('ListDynamicValuesValidationTestCase', 'class', 'modules/field/modules/list/tests/list.test', 'list', 0),
('ListFieldTestCase', 'class', 'modules/field/modules/list/tests/list.test', 'list', 0),
('ListFieldUITestCase', 'class', 'modules/field/modules/list/tests/list.test', 'list', 0),
('MailSystemInterface', 'interface', 'includes/mail.inc', '', 0),
('MappedDiff', 'class', 'profiles/openpublic/modules/contrib/diff/DiffEngine.php', 'diff', 0),
('MediaAdminTestCase', 'class', 'sites/all/modules/contrib/media/tests/media.test', 'media', 0),
('MediaBrowserInternet', 'class', 'sites/all/modules/contrib/media/modules/media_internet/includes/MediaBrowserInternet.inc', 'media_internet', 0),
('MediaBrowserLibraryTestCase', 'class', 'sites/all/modules/contrib/media/tests/media.test', 'media', 0),
('MediaBrowserMyFilesTestCase', 'class', 'sites/all/modules/contrib/media/tests/media.test', 'media', 0),
('MediaBrowserPlugin', 'class', 'sites/all/modules/contrib/media/includes/MediaBrowserPlugin.inc', 'media', 0),
('MediaBrowserPluginInterface', 'interface', 'sites/all/modules/contrib/media/includes/MediaBrowserPluginInterface.inc', 'media', 0),
('MediaBrowserSettingsTestCase', 'class', 'sites/all/modules/contrib/media/tests/media.test', 'media', 0),
('MediaBrowserUpload', 'class', 'sites/all/modules/contrib/media/includes/MediaBrowserUpload.inc', 'media', 0),
('MediaBrowserView', 'class', 'sites/all/modules/contrib/media/includes/MediaBrowserView.inc', 'media', 0),
('MediaElementSettingsTestCase', 'class', 'sites/all/modules/contrib/media/tests/media.test', 'media', 0),
('MediaElementTestCase', 'class', 'sites/all/modules/contrib/media/tests/media.test', 'media', 0),
('MediaEntityTranslationHandler', 'class', 'sites/all/modules/contrib/media/includes/MediaEntityTranslationHandler.inc', 'media', 0),
('MediaFileFieldDisplayTestCase', 'class', 'sites/all/modules/contrib/media/tests/media.test', 'media', 0),
('MediaFileFieldRevisionTestCase', 'class', 'sites/all/modules/contrib/media/tests/media.test', 'media', 0),
('MediaFileFieldTestCase', 'class', 'sites/all/modules/contrib/media/tests/media.test', 'media', 0),
('MediaFileFieldValidateTestCase', 'class', 'sites/all/modules/contrib/media/tests/media.test', 'media', 0),
('MediaHooksTestCase', 'class', 'sites/all/modules/contrib/media/tests/media.test', 'media', 0),
('MediaInternetBaseHandler', 'class', 'sites/all/modules/contrib/media/modules/media_internet/includes/MediaInternetBaseHandler.inc', 'media_internet', 0),
('MediaInternetBrowserWebTabTestCase', 'class', 'sites/all/modules/contrib/media/modules/media_internet/tests/media_internet.test', 'media_internet', 0),
('MediaInternetFileHandler', 'class', 'sites/all/modules/contrib/media/modules/media_internet/includes/MediaInternetFileHandler.inc', 'media_internet', 0),
('MediaInternetNoHandlerException', 'class', 'sites/all/modules/contrib/media/modules/media_internet/includes/MediaInternetNoHandlerException.inc', 'media_internet', 0),
('MediaInternetProviderTestCase', 'class', 'sites/all/modules/contrib/media/modules/media_internet/tests/media_internet.test', 'media_internet', 0),
('MediaInternetRemoteFileTestCase', 'class', 'sites/all/modules/contrib/media/modules/media_internet/tests/media_internet.test', 'media_internet', 0),
('MediaInternetTestHelper', 'class', 'sites/all/modules/contrib/media/modules/media_internet/tests/media_internet.test', 'media_internet', 0),
('MediaInternetValidationException', 'class', 'sites/all/modules/contrib/media/modules/media_internet/includes/MediaInternetValidationException.inc', 'media_internet', 0),
('MediaReadOnlyStreamWrapper', 'class', 'sites/all/modules/contrib/media/includes/MediaReadOnlyStreamWrapper.inc', 'media', 0),
('MediaWYSIWYGFileUsageTest', 'class', 'sites/all/modules/contrib/media/modules/media_wysiwyg/tests/media_wysiwyg.file_usage.test', 'media_wysiwyg', 0),
('MediaWYSIWYGMacroTestHelper', 'class', 'sites/all/modules/contrib/media/modules/media_wysiwyg/tests/media_wysiwyg.macro.test', 'media_wysiwyg', 0),
('MediaWYSIWYGParagraphFixFilterTest', 'class', 'sites/all/modules/contrib/media/modules/media_wysiwyg/tests/media_wysiwyg.paragraph_fix_filter.test', 'media_wysiwyg', 0),
('MediaWYSIWYGRenderMacrosTest', 'class', 'sites/all/modules/contrib/media/modules/media_wysiwyg/tests/media_wysiwyg.macro.test', 'media_wysiwyg', 0),
('MediaWYSIWYGTestHelper', 'class', 'sites/all/modules/contrib/media/modules/media_wysiwyg/media_wysiwyg.test', 'media_wysiwyg', 0),
('MediaWYSIWYGViewModeTestHelper', 'class', 'sites/all/modules/contrib/media/modules/media_wysiwyg/media_wysiwyg.test', 'media_wysiwyg', 0),
('MediaWYSIWYGWYSIWYGOverridesTest', 'class', 'sites/all/modules/contrib/media/modules/media_wysiwyg/tests/media_wysiwyg.macro.test', 'media_wysiwyg', 0),
('media_views_plugin_display_media_browser', 'class', 'sites/all/modules/contrib/media/includes/media_views_plugin_display_media_browser.inc', 'media', 0),
('media_views_plugin_style_media_browser', 'class', 'sites/all/modules/contrib/media/includes/media_views_plugin_style_media_browser.inc', 'media', 0),
('MemoryQueue', 'class', 'modules/system/system.queue.inc', 'system', 0),
('MenuNodeTestCase', 'class', 'modules/menu/menu.test', 'menu', 0),
('MenuTestCase', 'class', 'modules/menu/menu.test', 'menu', 0),
('MergeQuery', 'class', 'includes/database/query.inc', '', 0),
('MFWTestCase', 'class', 'sites/all/modules/multiupload_filefield_widget/multiupload_filefield_widget.test', 'multiupload_filefield_widget', 0),
('MigrateAddressFieldHandler', 'class', 'sites/all/modules/addressfield/addressfield.migrate.inc', 'addressfield', 0),
('MigrateLinkFieldHandler', 'class', 'profiles/openpublic/modules/contrib/link/link.migrate.inc', 'link', 0),
('ModuleDependencyTestCase', 'class', 'modules/system/system.test', 'system', 0),
('ModuleRequiredTestCase', 'class', 'modules/system/system.test', 'system', 0),
('ModuleTestCase', 'class', 'modules/system/system.test', 'system', 0),
('ModuleUpdater', 'class', 'modules/system/system.updater.inc', 'system', 0),
('ModuleVersionTestCase', 'class', 'modules/system/system.test', 'system', 0),
('MultiStepNodeFormBasicOptionsTest', 'class', 'modules/node/node.test', 'node', 0),
('NewDefaultThemeBlocks', 'class', 'modules/block/block.test', 'block', -5),
('NodeAccessBaseTableTestCase', 'class', 'modules/node/node.test', 'node', 0),
('NodeAccessFieldTestCase', 'class', 'modules/node/node.test', 'node', 0),
('NodeAccessPagerTestCase', 'class', 'modules/node/node.test', 'node', 0),
('NodeAccessRebuildTestCase', 'class', 'modules/node/node.test', 'node', 0),
('NodeAccessRecordsTestCase', 'class', 'modules/node/node.test', 'node', 0),
('NodeAccessTestCase', 'class', 'modules/node/node.test', 'node', 0),
('NodeAdminTestCase', 'class', 'modules/node/node.test', 'node', 0),
('NodeBlockFunctionalTest', 'class', 'modules/node/node.test', 'node', 0),
('NodeBlockTestCase', 'class', 'modules/node/node.test', 'node', 0),
('NodeBuildContent', 'class', 'modules/node/node.test', 'node', 0),
('NodeController', 'class', 'modules/node/node.module', 'node', 0),
('NodeCreationTestCase', 'class', 'modules/node/node.test', 'node', 0),
('NodeEntityFieldQueryAlter', 'class', 'modules/node/node.test', 'node', 0),
('NodeEntityViewModeAlterTest', 'class', 'modules/node/node.test', 'node', 0),
('NodeFeedTestCase', 'class', 'modules/node/node.test', 'node', 0),
('NodeLoadHooksTestCase', 'class', 'modules/node/node.test', 'node', 0),
('NodeLoadMultipleTestCase', 'class', 'modules/node/node.test', 'node', 0),
('NodeMultiByteUtf8Test', 'class', 'modules/node/node.test', 'node', 0),
('NodePageCacheTest', 'class', 'modules/node/node.test', 'node', 0),
('NodePostSettingsTestCase', 'class', 'modules/node/node.test', 'node', 0),
('NodeQueryAlter', 'class', 'modules/node/node.test', 'node', 0),
('NodequeueAdministerTestCase', 'class', 'profiles/openpublic/modules/contrib/nodequeue/tests/nodequeue.test', 'nodequeue', 0),
('NodequeueApacheSolrUnitTest', 'class', 'profiles/openpublic/modules/contrib/nodequeue/tests/nodequeue.test', 'nodequeue', 0),
('NodequeueAPIAccessUnitTest', 'class', 'profiles/openpublic/modules/contrib/nodequeue/tests/nodequeue.test', 'nodequeue', 0),
('NodequeueAPICRUDUnitTest', 'class', 'profiles/openpublic/modules/contrib/nodequeue/tests/nodequeue.test', 'nodequeue', 0),
('NodequeueAPIMiscUnitTest', 'class', 'profiles/openpublic/modules/contrib/nodequeue/tests/nodequeue.test', 'nodequeue', 0),
('NodequeueAPINodeUnitTest', 'class', 'profiles/openpublic/modules/contrib/nodequeue/tests/nodequeue.test', 'nodequeue', 0),
('NodequeueAPISubqueueUnitTest', 'class', 'profiles/openpublic/modules/contrib/nodequeue/tests/nodequeue.test', 'nodequeue', 0),
('NodequeueExternalFetchingUnitTest', 'class', 'profiles/openpublic/modules/contrib/nodequeue/tests/nodequeue.test', 'nodequeue', 0),
('NodequeueHooksUnitTest', 'class', 'profiles/openpublic/modules/contrib/nodequeue/tests/nodequeue.test', 'nodequeue', 0),
('NodequeueManipulateAllTestCase', 'class', 'profiles/openpublic/modules/contrib/nodequeue/tests/nodequeue.test', 'nodequeue', 0),
('NodequeueManipulateTestCase', 'class', 'profiles/openpublic/modules/contrib/nodequeue/tests/nodequeue.test', 'nodequeue', 0),
('NodequeueWebTestCase', 'class', 'profiles/openpublic/modules/contrib/nodequeue/tests/nodequeue.test', 'nodequeue', 0),
('nodequeue_handler_argument_subqueue_qid', 'class', 'profiles/openpublic/modules/contrib/nodequeue/includes/views/nodequeue_handler_argument_subqueue_qid.inc', 'nodequeue', 0),
('nodequeue_handler_field_all_queues', 'class', 'profiles/openpublic/modules/contrib/nodequeue/includes/views/nodequeue_handler_field_all_queues.inc', 'nodequeue', 0),
('nodequeue_handler_field_all_subqueues', 'class', 'profiles/openpublic/modules/contrib/nodequeue/includes/views/nodequeue_handler_field_all_subqueues.inc', 'nodequeue', 0),
('nodequeue_handler_field_links', 'class', 'profiles/openpublic/modules/contrib/nodequeue/includes/views/nodequeue_handler_field_links.inc', 'nodequeue', 0),
('nodequeue_handler_field_queue_tab', 'class', 'profiles/openpublic/modules/contrib/nodequeue/includes/views/nodequeue_handler_field_queue_tab.inc', 'nodequeue', 0),
('nodequeue_handler_filter_in_queue', 'class', 'profiles/openpublic/modules/contrib/nodequeue/includes/views/nodequeue_handler_filter_in_queue.inc', 'nodequeue', 0),
('nodequeue_handler_relationship_nodequeue', 'class', 'profiles/openpublic/modules/contrib/nodequeue/includes/views/nodequeue_handler_relationship_nodequeue.inc', 'nodequeue', 0),
('nodequeue_handler_sort_by_position_and_other', 'class', 'profiles/openpublic/modules/contrib/nodequeue/includes/views/nodequeue_handler_sort_by_position_and_other.inc', 'nodequeue', 0),
('nodequeue_handler_sort_in_queue', 'class', 'profiles/openpublic/modules/contrib/nodequeue/includes/views/nodequeue_handler_sort_in_queue.inc', 'nodequeue', 0),
('NodeReferenceFormTest', 'class', 'profiles/openpublic/modules/contrib/references/node_reference/node_reference.test', 'node_reference', 0),
('NodeRevisionPermissionsTestCase', 'class', 'modules/node/node.test', 'node', 0),
('NodeRevisionsTestCase', 'class', 'modules/node/node.test', 'node', 0),
('NodeRSSContentTestCase', 'class', 'modules/node/node.test', 'node', 0),
('NodeSaveTestCase', 'class', 'modules/node/node.test', 'node', 0),
('NodeTitleTestCase', 'class', 'modules/node/node.test', 'node', 0),
('NodeTitleXSSTestCase', 'class', 'modules/node/node.test', 'node', 0),
('NodeTokenReplaceTestCase', 'class', 'modules/node/node.test', 'node', 0),
('NodeTypePersistenceTestCase', 'class', 'modules/node/node.test', 'node', 0),
('NodeTypeTestCase', 'class', 'modules/node/node.test', 'node', 0),
('NodeWebTestCase', 'class', 'modules/node/node.test', 'node', 0),
('NoFieldsException', 'class', 'includes/database/database.inc', '', 0),
('NoHelpTestCase', 'class', 'modules/help/help.test', 'help', 0),
('NonDefaultBlockAdmin', 'class', 'modules/block/block.test', 'block', -5),
('NumberFieldTestCase', 'class', 'modules/field/modules/number/number.test', 'number', 0),
('OptionsSelectDynamicValuesTestCase', 'class', 'modules/field/modules/options/options.test', 'options', 0),
('OptionsWidgetsTestCase', 'class', 'modules/field/modules/options/options.test', 'options', 0),
('PageEditTestCase', 'class', 'modules/node/node.test', 'node', 0),
('PageNotFoundTestCase', 'class', 'modules/system/system.test', 'system', 0),
('PagePreviewTestCase', 'class', 'modules/node/node.test', 'node', 0),
('PagerDefault', 'class', 'includes/pager.inc', '', 0),
('PageTitleFiltering', 'class', 'modules/system/system.test', 'system', 0),
('PageViewTestCase', 'class', 'modules/node/node.test', 'node', 0),
('PanelsEntityViewWebTestCase', 'class', 'profiles/openpublic/modules/contrib/panels/tests/PanelsEntityViewWebTestCase.test', 'panels', 0),
('PanelsLegacyState', 'class', 'profiles/openpublic/modules/contrib/panels/includes/legacy.inc', 'panels', 0),
('PanelsNodeViewWebTestCase', 'class', 'profiles/openpublic/modules/contrib/panels/tests/PanelsNodeViewWebTestCase.test', 'panels', 0),
('PanelsTermViewWebTestCase', 'class', 'profiles/openpublic/modules/contrib/panels/tests/PanelsTermViewWebTestCase.test', 'panels', 0),
('PanelsUserViewWebTestCase', 'class', 'profiles/openpublic/modules/contrib/panels/tests/PanelsUserViewWebTestCase.test', 'panels', 0),
('panels_allowed_layouts', 'class', 'profiles/openpublic/modules/contrib/panels/includes/common.inc', 'panels', 0),
('panels_cache_object', 'class', 'profiles/openpublic/modules/contrib/panels/includes/plugins.inc', 'panels', 0),
('panels_display', 'class', 'profiles/openpublic/modules/contrib/panels/panels.module', 'panels', 0),
('panels_layouts_ui', 'class', 'profiles/openpublic/modules/contrib/panels/plugins/export_ui/panels_layouts_ui.class.php', 'panels', 0),
('panels_renderer_editor', 'class', 'profiles/openpublic/modules/contrib/panels/plugins/display_renderers/panels_renderer_editor.class.php', 'panels', 0),
('panels_renderer_simple', 'class', 'profiles/openpublic/modules/contrib/panels/plugins/display_renderers/panels_renderer_simple.class.php', 'panels', 0),
('panels_renderer_standard', 'class', 'profiles/openpublic/modules/contrib/panels/plugins/display_renderers/panels_renderer_standard.class.php', 'panels', 0),
('panels_views_plugin_row_fields', 'class', 'profiles/openpublic/modules/contrib/panels/plugins/views/panels_views_plugin_row_fields.inc', 'panels', 0),
('PasswordPolicyAdministratorPasswordChangeTestCase', 'class', 'profiles/openpublic/modules/contrib/password_policy/tests/password_policy.test', 'password_policy', 0),
('PasswordPolicyAuthmapTestCase', 'class', 'profiles/openpublic/modules/contrib/password_policy/tests/password_policy_authmap.test', 'password_policy', 0),
('PasswordPolicyExpirationTestCase', 'class', 'profiles/openpublic/modules/contrib/password_policy/tests/password_policy_expiration.test', 'password_policy', 0),
('PasswordPolicyForcePasswordChangeTestCase', 'class', 'profiles/openpublic/modules/contrib/password_policy/tests/password_policy.test', 'password_policy', 0),
('PasswordPolicyPasswordLengthRestrictionTestCase', 'class', 'profiles/openpublic/modules/contrib/password_policy/tests/password_policy.test', 'password_policy', 0),
('PasswordPolicyTestCase', 'class', 'profiles/openpublic/modules/contrib/password_policy/tests/password_policy.test', 'password_policy', 0),
('PathautoBulkUpdateTestCase', 'class', 'profiles/openpublic/modules/contrib/pathauto/pathauto.test', 'pathauto', 1),
('PathautoFunctionalTestCase', 'class', 'profiles/openpublic/modules/contrib/pathauto/pathauto.test', 'pathauto', 1),
('PathautoFunctionalTestHelper', 'class', 'profiles/openpublic/modules/contrib/pathauto/pathauto.test', 'pathauto', 1),
('PathautoLocaleTestCase', 'class', 'profiles/openpublic/modules/contrib/pathauto/pathauto.test', 'pathauto', 1),
('PathautoMigrationHandler', 'class', 'profiles/openpublic/modules/contrib/pathauto/pathauto.migrate.inc', 'pathauto', 1),
('PathautoTestHelper', 'class', 'profiles/openpublic/modules/contrib/pathauto/pathauto.test', 'pathauto', 1),
('PathautoTokenTestCase', 'class', 'profiles/openpublic/modules/contrib/pathauto/pathauto.test', 'pathauto', 1),
('PathautoUnitTestCase', 'class', 'profiles/openpublic/modules/contrib/pathauto/pathauto.test', 'pathauto', 1),
('PathLanguageTestCase', 'class', 'modules/path/path.test', 'path', 0),
('PathLanguageUITestCase', 'class', 'modules/path/path.test', 'path', 0),
('PathMonolingualTestCase', 'class', 'modules/path/path.test', 'path', 0),
('PathTaxonomyTermTestCase', 'class', 'modules/path/path.test', 'path', 0),
('PathTestCase', 'class', 'modules/path/path.test', 'path', 0),
('PollBlockTestCase', 'class', 'modules/poll/poll.test', 'poll', 0),
('PollCreateTestCase', 'class', 'modules/poll/poll.test', 'poll', 0),
('PollDeleteChoiceTestCase', 'class', 'modules/poll/poll.test', 'poll', 0),
('PollExpirationTestCase', 'class', 'modules/poll/poll.test', 'poll', 0),
('PollJSAddChoice', 'class', 'modules/poll/poll.test', 'poll', 0),
('PollTestCase', 'class', 'modules/poll/poll.test', 'poll', 0),
('PollTokenReplaceTestCase', 'class', 'modules/poll/poll.test', 'poll', 0),
('PollTranslateTestCase', 'class', 'modules/poll/poll.test', 'poll', 0),
('PollVoteCheckHostname', 'class', 'modules/poll/poll.test', 'poll', 0),
('PollVoteTestCase', 'class', 'modules/poll/poll.test', 'poll', 0),
('Post', 'class', 'profiles/openpublic/modules/contrib/recaptcha/recaptcha-php/src/ReCaptcha/RequestMethod/Post.php', 'recaptcha', 0),
('Query', 'class', 'includes/database/query.inc', '', 0),
('QueryAlterableInterface', 'interface', 'includes/database/query.inc', '', 0),
('QueryConditionInterface', 'interface', 'includes/database/query.inc', '', 0),
('QueryExtendableInterface', 'interface', 'includes/database/select.inc', '', 0),
('QueryPlaceholderInterface', 'interface', 'includes/database/query.inc', '', 0),
('QueueTestCase', 'class', 'modules/system/system.test', 'system', 0),
('RdfCommentAttributesTestCase', 'class', 'modules/rdf/rdf.test', 'rdf', 0),
('RdfCrudTestCase', 'class', 'modules/rdf/rdf.test', 'rdf', 0),
('RdfGetRdfNamespacesTestCase', 'class', 'modules/rdf/rdf.test', 'rdf', 0),
('RdfMappingDefinitionTestCase', 'class', 'modules/rdf/rdf.test', 'rdf', 0),
('RdfMappingHookTestCase', 'class', 'modules/rdf/rdf.test', 'rdf', 0),
('RdfRdfaMarkupTestCase', 'class', 'modules/rdf/rdf.test', 'rdf', 0),
('RdfTrackerAttributesTestCase', 'class', 'modules/rdf/rdf.test', 'rdf', 0),
('ReCaptcha', 'class', 'profiles/openpublic/modules/contrib/recaptcha/recaptcha-php/src/ReCaptcha/ReCaptcha.php', 'recaptcha', 0),
('ReCaptchaBasicTest', 'class', 'profiles/openpublic/modules/contrib/recaptcha/recaptcha.test', 'recaptcha', 0),
('references_handler_argument', 'class', 'profiles/openpublic/modules/contrib/references/views/references_handler_argument.inc', 'references', 0),
('references_handler_relationship', 'class', 'profiles/openpublic/modules/contrib/references/views/references_handler_relationship.inc', 'references', 0),
('references_plugin_display', 'class', 'profiles/openpublic/modules/contrib/references/views/references_plugin_display.inc', 'references', 0),
('references_plugin_row_fields', 'class', 'profiles/openpublic/modules/contrib/references/views/references_plugin_row_fields.inc', 'references', 0),
('references_plugin_style', 'class', 'profiles/openpublic/modules/contrib/references/views/references_plugin_style.inc', 'references', 0),
('RemoveFeedItemTestCase', 'class', 'modules/aggregator/aggregator.test', 'aggregator', 0),
('RemoveFeedTestCase', 'class', 'modules/aggregator/aggregator.test', 'aggregator', 0),
('RequestMethod', 'interface', 'profiles/openpublic/modules/contrib/recaptcha/recaptcha-php/src/ReCaptcha/RequestMethod.php', 'recaptcha', 0),
('RequestParameters', 'class', 'profiles/openpublic/modules/contrib/recaptcha/recaptcha-php/src/ReCaptcha/RequestParameters.php', 'recaptcha', 0),
('Response', 'class', 'profiles/openpublic/modules/contrib/recaptcha/recaptcha-php/src/ReCaptcha/Response.php', 'recaptcha', 0),
('RetrieveFileTestCase', 'class', 'modules/system/system.test', 'system', 0),
('SchemaCache', 'class', 'includes/bootstrap.inc', '', 0),
('SearchAdvancedSearchForm', 'class', 'modules/search/search.test', 'search', 0),
('SearchBlockTestCase', 'class', 'modules/search/search.test', 'search', 0),
('SearchCommentCountToggleTestCase', 'class', 'modules/search/search.test', 'search', 0),
('SearchCommentTestCase', 'class', 'modules/search/search.test', 'search', 0),
('SearchConfigSettingsForm', 'class', 'modules/search/search.test', 'search', 0),
('SearchEmbedForm', 'class', 'modules/search/search.test', 'search', 0),
('SearchExactTestCase', 'class', 'modules/search/search.test', 'search', 0),
('SearchExcerptTestCase', 'class', 'modules/search/search.test', 'search', 0),
('SearchExpressionInsertExtractTestCase', 'class', 'modules/search/search.test', 'search', 0),
('SearchKeywordsConditions', 'class', 'modules/search/search.test', 'search', 0),
('SearchLanguageTestCase', 'class', 'modules/search/search.test', 'search', 0),
('SearchMatchTestCase', 'class', 'modules/search/search.test', 'search', 0),
('SearchNodeAccessTest', 'class', 'modules/search/search.test', 'search', 0),
('SearchNodeTagTest', 'class', 'modules/search/search.test', 'search', 0),
('SearchNumberMatchingTestCase', 'class', 'modules/search/search.test', 'search', 0),
('SearchNumbersTestCase', 'class', 'modules/search/search.test', 'search', 0),
('SearchPageOverride', 'class', 'modules/search/search.test', 'search', 0),
('SearchPageText', 'class', 'modules/search/search.test', 'search', 0),
('SearchQuery', 'class', 'modules/search/search.extender.inc', 'search', 0),
('SearchRankingTestCase', 'class', 'modules/search/search.test', 'search', 0),
('SearchSetLocaleTest', 'class', 'modules/search/search.test', 'search', 0),
('SearchSimplifyTestCase', 'class', 'modules/search/search.test', 'search', 0),
('SearchTokenizerTestCase', 'class', 'modules/search/search.test', 'search', 0),
('SelectQuery', 'class', 'includes/database/select.inc', '', 0),
('SelectQueryExtender', 'class', 'includes/database/select.inc', '', 0),
('SelectQueryInterface', 'interface', 'includes/database/select.inc', '', 0),
('SelectQuery_pgsql', 'class', 'includes/database/pgsql/select.inc', '', 0),
('SelectQuery_sqlite', 'class', 'includes/database/sqlite/select.inc', '', 0),
('ShortcutLinksTestCase', 'class', 'modules/shortcut/shortcut.test', 'shortcut', 0),
('ShortcutSetsTestCase', 'class', 'modules/shortcut/shortcut.test', 'shortcut', 0),
('ShortcutTestCase', 'class', 'modules/shortcut/shortcut.test', 'shortcut', 0),
('ShutdownFunctionsTest', 'class', 'modules/system/system.test', 'system', 0),
('SiteMaintenanceTestCase', 'class', 'modules/system/system.test', 'system', 0),
('SkipDotsRecursiveDirectoryIterator', 'class', 'includes/filetransfer/filetransfer.inc', '', 0),
('Socket', 'class', 'profiles/openpublic/modules/contrib/recaptcha/recaptcha-php/src/ReCaptcha/RequestMethod/Socket.php', 'recaptcha', 0),
('SocketPost', 'class', 'profiles/openpublic/modules/contrib/recaptcha/recaptcha-php/src/ReCaptcha/RequestMethod/SocketPost.php', 'recaptcha', 0),
('spaces_controller_boxes', 'class', 'profiles/openpublic/modules/contrib/boxes/plugins/spaces_controller_boxes.inc', 'boxes', 0),
('StatisticsAdminTestCase', 'class', 'modules/statistics/statistics.test', 'statistics', 0),
('StatisticsBlockVisitorsTestCase', 'class', 'modules/statistics/statistics.test', 'statistics', 0),
('StatisticsLoggingTestCase', 'class', 'modules/statistics/statistics.test', 'statistics', 0),
('StatisticsReportsTestCase', 'class', 'modules/statistics/statistics.test', 'statistics', 0),
('StatisticsTestCase', 'class', 'modules/statistics/statistics.test', 'statistics', 0),
('StatisticsTokenReplaceTestCase', 'class', 'modules/statistics/statistics.test', 'statistics', 0),
('StreamWrapperInterface', 'interface', 'includes/stream_wrappers.inc', '', 0),
('SummaryLengthTestCase', 'class', 'modules/node/node.test', 'node', 0),
('SyslogTestCase', 'class', 'modules/syslog/syslog.test', 'syslog', 0),
('SystemAdminTestCase', 'class', 'modules/system/system.test', 'system', 0),
('SystemAuthorizeCase', 'class', 'modules/system/system.test', 'system', 0),
('SystemBlockTestCase', 'class', 'modules/system/system.test', 'system', 0),
('SystemIndexPhpTest', 'class', 'modules/system/system.test', 'system', 0),
('SystemInfoAlterTestCase', 'class', 'modules/system/system.test', 'system', 0),
('SystemMainContentFallback', 'class', 'modules/system/system.test', 'system', 0),
('SystemQueue', 'class', 'modules/system/system.queue.inc', 'system', 0),
('SystemThemeFunctionalTest', 'class', 'modules/system/system.test', 'system', 0),
('SystemValidTokenTest', 'class', 'modules/system/system.test', 'system', 0),
('TableSort', 'class', 'includes/tablesort.inc', '', 0),
('TaxonomyEFQTestCase', 'class', 'modules/taxonomy/taxonomy.test', 'taxonomy', 0),
('TaxonomyHooksTestCase', 'class', 'modules/taxonomy/taxonomy.test', 'taxonomy', 0),
('TaxonomyLegacyTestCase', 'class', 'modules/taxonomy/taxonomy.test', 'taxonomy', 0),
('TaxonomyLoadMultipleTestCase', 'class', 'modules/taxonomy/taxonomy.test', 'taxonomy', 0),
('TaxonomyQueryAlterTestCase', 'class', 'modules/taxonomy/taxonomy.test', 'taxonomy', 0),
('TaxonomyRSSTestCase', 'class', 'modules/taxonomy/taxonomy.test', 'taxonomy', 0),
('TaxonomyTermController', 'class', 'modules/taxonomy/taxonomy.module', 'taxonomy', 0),
('TaxonomyTermFieldMultipleVocabularyTestCase', 'class', 'modules/taxonomy/taxonomy.test', 'taxonomy', 0),
('TaxonomyTermFieldTestCase', 'class', 'modules/taxonomy/taxonomy.test', 'taxonomy', 0),
('TaxonomyTermFunctionTestCase', 'class', 'modules/taxonomy/taxonomy.test', 'taxonomy', 0),
('TaxonomyTermIndexTestCase', 'class', 'modules/taxonomy/taxonomy.test', 'taxonomy', 0),
('TaxonomyTermTestCase', 'class', 'modules/taxonomy/taxonomy.test', 'taxonomy', 0),
('TaxonomyThemeTestCase', 'class', 'modules/taxonomy/taxonomy.test', 'taxonomy', 0),
('TaxonomyTokenReplaceTestCase', 'class', 'modules/taxonomy/taxonomy.test', 'taxonomy', 0),
('TaxonomyVocabularyController', 'class', 'modules/taxonomy/taxonomy.module', 'taxonomy', 0),
('TaxonomyVocabularyFunctionalTest', 'class', 'modules/taxonomy/taxonomy.test', 'taxonomy', 0),
('TaxonomyVocabularyTestCase', 'class', 'modules/taxonomy/taxonomy.test', 'taxonomy', 0),
('TaxonomyWebTestCase', 'class', 'modules/taxonomy/taxonomy.test', 'taxonomy', 0),
('TestingMailSystem', 'class', 'modules/system/system.mail.inc', 'system', 0),
('TextFieldTestCase', 'class', 'modules/field/modules/text/text.test', 'text', 0),
('TextSummaryTestCase', 'class', 'modules/field/modules/text/text.test', 'text', 0),
('TextTranslationTestCase', 'class', 'modules/field/modules/text/text.test', 'text', 0),
('ThemeRegistry', 'class', 'includes/theme.inc', '', 0),
('ThemeUpdater', 'class', 'modules/system/system.updater.inc', 'system', 0),
('TokenArrayTestCase', 'class', 'profiles/openpublic/modules/contrib/token/token.test', 'token', 0),
('TokenBlockTestCase', 'class', 'profiles/openpublic/modules/contrib/token/token.test', 'token', 0),
('TokenCommentTestCase', 'class', 'profiles/openpublic/modules/contrib/token/token.test', 'token', 0),
('TokenCurrentPageTestCase', 'class', 'profiles/openpublic/modules/contrib/token/token.test', 'token', 0),
('TokenDateTestCase', 'class', 'profiles/openpublic/modules/contrib/token/token.test', 'token', 0),
('TokenEntityTestCase', 'class', 'profiles/openpublic/modules/contrib/token/token.test', 'token', 0),
('TokenFileTestCase', 'class', 'profiles/openpublic/modules/contrib/token/token.test', 'token', 0),
('TokenMenuTestCase', 'class', 'profiles/openpublic/modules/contrib/token/token.test', 'token', 0),
('TokenNodeTestCase', 'class', 'profiles/openpublic/modules/contrib/token/token.test', 'token', 0),
('TokenProfileTestCase', 'class', 'profiles/openpublic/modules/contrib/token/token.test', 'token', 0),
('TokenRandomTestCase', 'class', 'profiles/openpublic/modules/contrib/token/token.test', 'token', 0),
('TokenReplaceTestCase', 'class', 'modules/system/system.test', 'system', 0),
('TokenScanTest', 'class', 'modules/system/system.test', 'system', 0),
('TokenTaxonomyTestCase', 'class', 'profiles/openpublic/modules/contrib/token/token.test', 'token', 0),
('TokenTestHelper', 'class', 'profiles/openpublic/modules/contrib/token/token.test', 'token', 0),
('TokenUnitTestCase', 'class', 'profiles/openpublic/modules/contrib/token/token.test', 'token', 0),
('TokenURLTestCase', 'class', 'profiles/openpublic/modules/contrib/token/token.test', 'token', 0),
('TokenUserTestCase', 'class', 'profiles/openpublic/modules/contrib/token/token.test', 'token', 0),
('TruncateQuery', 'class', 'includes/database/query.inc', '', 0),
('TruncateQuery_mysql', 'class', 'includes/database/mysql/query.inc', '', 0),
('TruncateQuery_sqlite', 'class', 'includes/database/sqlite/query.inc', '', 0),
('twitter_puller', 'class', 'profiles/openpublic/modules/contrib/twitter_pull/twitter_pull.class.inc', 'twitter_pull', 0),
('twitter_pull_box', 'class', 'profiles/openpublic/modules/contrib/twitter_pull/plugins/twitter_pull_box.inc', 'twitter_pull', 0),
('UpdateCoreTestCase', 'class', 'modules/update/update.test', 'update', 0),
('UpdateCoreUnitTestCase', 'class', 'modules/update/update.test', 'update', 0),
('UpdateFeedItemTestCase', 'class', 'modules/aggregator/aggregator.test', 'aggregator', 0),
('UpdateFeedTestCase', 'class', 'modules/aggregator/aggregator.test', 'aggregator', 0),
('UpdateQuery', 'class', 'includes/database/query.inc', '', 0),
('UpdateQuery_mysql', 'class', 'includes/database/mysql/query.inc', '', 0),
('UpdateQuery_pgsql', 'class', 'includes/database/pgsql/query.inc', '', 0),
('UpdateQuery_sqlite', 'class', 'includes/database/sqlite/query.inc', '', 0),
('Updater', 'class', 'includes/updater.inc', '', 0),
('UpdaterException', 'class', 'includes/updater.inc', '', 0),
('UpdaterFileTransferException', 'class', 'includes/updater.inc', '', 0),
('UpdateScriptFunctionalTest', 'class', 'modules/system/system.test', 'system', 0),
('UpdateTestContribCase', 'class', 'modules/update/update.test', 'update', 0),
('UpdateTestHelper', 'class', 'modules/update/update.test', 'update', 0),
('UpdateTestUploadCase', 'class', 'modules/update/update.test', 'update', 0),
('UserAccountLinksUnitTests', 'class', 'modules/user/user.test', 'user', 0),
('UserAdminTestCase', 'class', 'modules/user/user.test', 'user', 0),
('UserAuthmapAssignmentTestCase', 'class', 'modules/user/user.test', 'user', 0),
('UserAutocompleteTestCase', 'class', 'modules/user/user.test', 'user', 0),
('UserBlocksUnitTests', 'class', 'modules/user/user.test', 'user', 0),
('UserCancelTestCase', 'class', 'modules/user/user.test', 'user', 0),
('UserController', 'class', 'modules/user/user.module', 'user', 0),
('UserCreateTestCase', 'class', 'modules/user/user.test', 'user', 0),
('UserEditedOwnAccountTestCase', 'class', 'modules/user/user.test', 'user', 0),
('UserEditRebuildTestCase', 'class', 'modules/user/user.test', 'user', 0),
('UserEditTestCase', 'class', 'modules/user/user.test', 'user', 0),
('UserLoginTestCase', 'class', 'modules/user/user.test', 'user', 0),
('UserPasswordResetTestCase', 'class', 'modules/user/user.test', 'user', 0),
('UserPermissionsTestCase', 'class', 'modules/user/user.test', 'user', 0),
('UserPictureTestCase', 'class', 'modules/user/user.test', 'user', 0),
('UserRegistrationTestCase', 'class', 'modules/user/user.test', 'user', 0),
('UserRoleAdminTestCase', 'class', 'modules/user/user.test', 'user', 0),
('UserRolesAssignmentTestCase', 'class', 'modules/user/user.test', 'user', 0),
('UserSaveTestCase', 'class', 'modules/user/user.test', 'user', 0),
('UserSignatureTestCase', 'class', 'modules/user/user.test', 'user', 0),
('UserTimeZoneFunctionalTest', 'class', 'modules/user/user.test', 'user', 0),
('UserTokenReplaceTestCase', 'class', 'modules/user/user.test', 'user', 0),
('UserUserSearchTestCase', 'class', 'modules/user/user.test', 'user', 0),
('UserValidateCurrentPassCustomForm', 'class', 'modules/user/user.test', 'user', 0),
('UserValidationTestCase', 'class', 'modules/user/user.test', 'user', 0),
('view', 'class', 'profiles/openpublic/modules/contrib/views/includes/view.inc', 'views', 10),
('ViewsAccessTest', 'class', 'profiles/openpublic/modules/contrib/views/tests/views_access.test', 'views', 10),
('ViewsAjaxTest', 'class', 'profiles/openpublic/modules/contrib/views/tests/views_ajax.test', 'views', 10),
('ViewsAnalyzeTest', 'class', 'profiles/openpublic/modules/contrib/views/tests/views_analyze.test', 'views', 10),
('ViewsArgumentDefaultTest', 'class', 'profiles/openpublic/modules/contrib/views/tests/views_argument_default.test', 'views', 10),
('ViewsArgumentValidatorTest', 'class', 'profiles/openpublic/modules/contrib/views/tests/views_argument_validator.test', 'views', 10),
('ViewsBasicTest', 'class', 'profiles/openpublic/modules/contrib/views/tests/views_basic.test', 'views', 10),
('ViewsCacheTest', 'class', 'profiles/openpublic/modules/contrib/views/tests/views_cache.test', 'views', 10),
('ViewsExposedFormTest', 'class', 'profiles/openpublic/modules/contrib/views/tests/views_exposed_form.test', 'views', 10),
('viewsFieldApiDataTest', 'class', 'profiles/openpublic/modules/contrib/views/tests/field/views_fieldapi.test', 'views', 10),
('ViewsFieldApiTestHelper', 'class', 'profiles/openpublic/modules/contrib/views/tests/field/views_fieldapi.test', 'views', 10),
('ViewsGlossaryTestCase', 'class', 'profiles/openpublic/modules/contrib/views/tests/views_glossary.test', 'views', 10),
('ViewsHandlerAreaTextTest', 'class', 'profiles/openpublic/modules/contrib/views/tests/handlers/views_handler_area_text.test', 'views', 10),
('viewsHandlerArgumentCommentUserUidTest', 'class', 'profiles/openpublic/modules/contrib/views/tests/comment/views_handler_argument_comment_user_uid.test', 'views', 10),
('ViewsHandlerArgumentNullTest', 'class', 'profiles/openpublic/modules/contrib/views/tests/handlers/views_handler_argument_null.test', 'views', 10),
('ViewsHandlerArgumentStringTest', 'class', 'profiles/openpublic/modules/contrib/views/tests/handlers/views_handler_argument_string.test', 'views', 10),
('ViewsHandlerFieldBooleanTest', 'class', 'profiles/openpublic/modules/contrib/views/tests/handlers/views_handler_field_boolean.test', 'views', 10),
('ViewsHandlerFieldCustomTest', 'class', 'profiles/openpublic/modules/contrib/views/tests/handlers/views_handler_field_custom.test', 'views', 10),
('ViewsHandlerFieldDateTest', 'class', 'profiles/openpublic/modules/contrib/views/tests/handlers/views_handler_field_date.test', 'views', 10),
('viewsHandlerFieldFieldTest', 'class', 'profiles/openpublic/modules/contrib/views/tests/field/views_fieldapi.test', 'views', 10),
('ViewsHandlerFieldMath', 'class', 'profiles/openpublic/modules/contrib/views/tests/handlers/views_handler_field_math.test', 'views', 10),
('ViewsHandlerFieldTest', 'class', 'profiles/openpublic/modules/contrib/views/tests/handlers/views_handler_field.test', 'views', 10),
('ViewsHandlerFieldUrlTest', 'class', 'profiles/openpublic/modules/contrib/views/tests/handlers/views_handler_field_url.test', 'views', 10),
('viewsHandlerFieldUserNameTest', 'class', 'profiles/openpublic/modules/contrib/views/tests/user/views_handler_field_user_name.test', 'views', 10),
('ViewsHandlerFileExtensionTest', 'class', 'profiles/openpublic/modules/contrib/views/tests/handlers/views_handler_field_file_extension.test', 'views', 10),
('ViewsHandlerFilterCombineTest', 'class', 'profiles/openpublic/modules/contrib/views/tests/handlers/views_handler_filter_combine.test', 'views', 10),
('viewsHandlerFilterCommentUserUidTest', 'class', 'profiles/openpublic/modules/contrib/views/tests/comment/views_handler_filter_comment_user_uid.test', 'views', 10),
('ViewsHandlerFilterCounterTest', 'class', 'profiles/openpublic/modules/contrib/views/tests/handlers/views_handler_field_counter.test', 'views', 10),
('ViewsHandlerFilterDateTest', 'class', 'profiles/openpublic/modules/contrib/views/tests/handlers/views_handler_filter_date.test', 'views', 10),
('ViewsHandlerFilterEqualityTest', 'class', 'profiles/openpublic/modules/contrib/views/tests/handlers/views_handler_filter_equality.test', 'views', 10),
('ViewsHandlerFilterInOperator', 'class', 'profiles/openpublic/modules/contrib/views/tests/handlers/views_handler_filter_in_operator.test', 'views', 10),
('ViewsHandlerFilterNumericTest', 'class', 'profiles/openpublic/modules/contrib/views/tests/handlers/views_handler_filter_numeric.test', 'views', 10),
('ViewsHandlerFilterStringTest', 'class', 'profiles/openpublic/modules/contrib/views/tests/handlers/views_handler_filter_string.test', 'views', 10),
('ViewsHandlerFilterTest', 'class', 'profiles/openpublic/modules/contrib/views/tests/views_handler_filter.test', 'views', 10),
('ViewsHandlerRelationshipNodeTermDataTest', 'class', 'profiles/openpublic/modules/contrib/views/tests/taxonomy/views_handler_relationship_node_term_data.test', 'views', 10),
('ViewsHandlerSortDateTest', 'class', 'profiles/openpublic/modules/contrib/views/tests/handlers/views_handler_sort_date.test', 'views', 10),
('ViewsHandlerSortRandomTest', 'class', 'profiles/openpublic/modules/contrib/views/tests/handlers/views_handler_sort_random.test', 'views', 10),
('ViewsHandlerSortTest', 'class', 'profiles/openpublic/modules/contrib/views/tests/handlers/views_handler_sort.test', 'views', 10),
('ViewsHandlersTest', 'class', 'profiles/openpublic/modules/contrib/views/tests/views_handlers.test', 'views', 10),
('ViewsHandlerTest', 'class', 'profiles/openpublic/modules/contrib/views/tests/handlers/views_handlers.test', 'views', 10),
('ViewsHandlerTestFileSize', 'class', 'profiles/openpublic/modules/contrib/views/tests/handlers/views_handler_field_file_size.test', 'views', 10),
('ViewsHandlerTestXss', 'class', 'profiles/openpublic/modules/contrib/views/tests/handlers/views_handler_field_xss.test', 'views', 10),
('ViewsModuleTest', 'class', 'profiles/openpublic/modules/contrib/views/tests/views_module.test', 'views', 10),
('ViewsNodeRevisionRelationsTestCase', 'class', 'profiles/openpublic/modules/contrib/views/tests/node/views_node_revision_relations.test', 'views', 10),
('ViewsPagerTest', 'class', 'profiles/openpublic/modules/contrib/views/tests/views_pager.test', 'views', 10),
('ViewsPagerTestCase', 'class', 'profiles/openpublic/modules/contrib/date/tests/date_views_pager.test', 'date', 0),
('ViewsPluginDisplayTestCase', 'class', 'profiles/openpublic/modules/contrib/views/tests/plugins/views_plugin_display.test', 'views', 10),
('viewsPluginStyleJumpMenuTest', 'class', 'profiles/openpublic/modules/contrib/views/tests/styles/views_plugin_style_jump_menu.test', 'views', 10),
('ViewsPluginStyleMappingTest', 'class', 'profiles/openpublic/modules/contrib/views/tests/styles/views_plugin_style_mapping.test', 'views', 10),
('ViewsPluginStyleTestBase', 'class', 'profiles/openpublic/modules/contrib/views/tests/styles/views_plugin_style_base.test', 'views', 10),
('ViewsPluginStyleTestCase', 'class', 'profiles/openpublic/modules/contrib/views/tests/styles/views_plugin_style.test', 'views', 10),
('ViewsPluginStyleUnformattedTestCase', 'class', 'profiles/openpublic/modules/contrib/views/tests/styles/views_plugin_style_unformatted.test', 'views', 10),
('ViewsQueryGroupByTest', 'class', 'profiles/openpublic/modules/contrib/views/tests/views_groupby.test', 'views', 10),
('viewsSearchQuery', 'class', 'profiles/openpublic/modules/contrib/views/modules/search/views_handler_filter_search.inc', 'views', 10),
('ViewsSqlTest', 'class', 'profiles/openpublic/modules/contrib/views/tests/views_query.test', 'views', 10),
('ViewsTestCase', 'class', 'profiles/openpublic/modules/contrib/views/tests/views_query.test', 'views', 10),
('ViewsTranslatableTest', 'class', 'profiles/openpublic/modules/contrib/views/tests/views_translatable.test', 'views', 10),
('ViewsUiBaseViewsWizard', 'class', 'profiles/openpublic/modules/contrib/views/plugins/views_wizard/views_ui_base_views_wizard.class.php', 'views_ui', 0),
('ViewsUiCommentViewsWizard', 'class', 'profiles/openpublic/modules/contrib/views/plugins/views_wizard/views_ui_comment_views_wizard.class.php', 'views_ui', 0),
('ViewsUiFileManagedViewsWizard', 'class', 'profiles/openpublic/modules/contrib/views/plugins/views_wizard/views_ui_file_managed_views_wizard.class.php', 'views_ui', 0),
('viewsUiGroupbyTestCase', 'class', 'profiles/openpublic/modules/contrib/views/tests/views_groupby.test', 'views', 10),
('ViewsUiNodeRevisionViewsWizard', 'class', 'profiles/openpublic/modules/contrib/views/plugins/views_wizard/views_ui_node_revision_views_wizard.class.php', 'views_ui', 0),
('ViewsUiNodeViewsWizard', 'class', 'profiles/openpublic/modules/contrib/views/plugins/views_wizard/views_ui_node_views_wizard.class.php', 'views_ui', 0),
('ViewsUiTaxonomyTermViewsWizard', 'class', 'profiles/openpublic/modules/contrib/views/plugins/views_wizard/views_ui_taxonomy_term_views_wizard.class.php', 'views_ui', 0),
('ViewsUiUsersViewsWizard', 'class', 'profiles/openpublic/modules/contrib/views/plugins/views_wizard/views_ui_users_views_wizard.class.php', 'views_ui', 0),
('ViewsUIWizardBasicTestCase', 'class', 'profiles/openpublic/modules/contrib/views/tests/views_ui.test', 'views', 10),
('ViewsUIWizardDefaultViewsTestCase', 'class', 'profiles/openpublic/modules/contrib/views/tests/views_ui.test', 'views', 10),
('ViewsUIWizardHelper', 'class', 'profiles/openpublic/modules/contrib/views/tests/views_ui.test', 'views', 10),
('ViewsUIWizardItemsPerPageTestCase', 'class', 'profiles/openpublic/modules/contrib/views/tests/views_ui.test', 'views', 10),
('ViewsUIWizardJumpMenuTestCase', 'class', 'profiles/openpublic/modules/contrib/views/tests/views_ui.test', 'views', 10),
('ViewsUIWizardMenuTestCase', 'class', 'profiles/openpublic/modules/contrib/views/tests/views_ui.test', 'views', 10),
('ViewsUIWizardOverrideDisplaysTestCase', 'class', 'profiles/openpublic/modules/contrib/views/tests/views_ui.test', 'views', 10),
('ViewsUIWizardSortingTestCase', 'class', 'profiles/openpublic/modules/contrib/views/tests/views_ui.test', 'views', 10),
('ViewsUIWizardTaggedWithTestCase', 'class', 'profiles/openpublic/modules/contrib/views/tests/views_ui.test', 'views', 10),
('ViewsUpgradeTestCase', 'class', 'profiles/openpublic/modules/contrib/views/tests/views_upgrade.test', 'views', 10),
('ViewsUserArgumentDefault', 'class', 'profiles/openpublic/modules/contrib/views/tests/user/views_user_argument_default.test', 'views', 10),
('ViewsUserArgumentValidate', 'class', 'profiles/openpublic/modules/contrib/views/tests/user/views_user_argument_validate.test', 'views', 10),
('ViewsUserTestCase', 'class', 'profiles/openpublic/modules/contrib/views/tests/user/views_user.test', 'views', 10),
('ViewsViewTest', 'class', 'profiles/openpublic/modules/contrib/views/tests/views_view.test', 'views', 10),
('ViewsWizardException', 'class', 'profiles/openpublic/modules/contrib/views/plugins/views_wizard/views_ui_base_views_wizard.class.php', 'views_ui', 0),
('ViewsWizardInterface', 'interface', 'profiles/openpublic/modules/contrib/views/plugins/views_wizard/views_ui_base_views_wizard.class.php', 'views_ui', 0),
('views_boxes_handler_argument_limit', 'class', 'profiles/openpublic/modules/contrib/views_boxes/handlers/views_boxes_handler_argument_limit.inc', 'views_boxes', 0),
('views_boxes_handler_filter_sort', 'class', 'profiles/openpublic/modules/contrib/views_boxes/handlers/views_boxes_handler_filter_sort.inc', 'views_boxes', 0),
('views_boxes_view', 'class', 'profiles/openpublic/modules/contrib/views_boxes/plugins/views_boxes_view.inc', 'views_boxes', 0),
('views_content_plugin_display_ctools_context', 'class', 'profiles/openpublic/modules/contrib/ctools/views_content/plugins/views/views_content_plugin_display_ctools_context.inc', 'views_content', 0),
('views_content_plugin_display_panel_pane', 'class', 'profiles/openpublic/modules/contrib/ctools/views_content/plugins/views/views_content_plugin_display_panel_pane.inc', 'views_content', 0),
('views_content_plugin_style_ctools_context', 'class', 'profiles/openpublic/modules/contrib/ctools/views_content/plugins/views/views_content_plugin_style_ctools_context.inc', 'views_content', 0),
('views_db_object', 'class', 'profiles/openpublic/modules/contrib/views/includes/view.inc', 'views', 10),
('views_display', 'class', 'profiles/openpublic/modules/contrib/views/includes/view.inc', 'views', 10),
('views_handler', 'class', 'profiles/openpublic/modules/contrib/views/includes/handlers.inc', 'views', 10),
('views_handler_area', 'class', 'profiles/openpublic/modules/contrib/views/handlers/views_handler_area.inc', 'views', 10),
('views_handler_area_broken', 'class', 'profiles/openpublic/modules/contrib/views/handlers/views_handler_area.inc', 'views', 10),
('views_handler_area_messages', 'class', 'profiles/openpublic/modules/contrib/views/handlers/views_handler_area_messages.inc', 'views', 10),
('views_handler_area_result', 'class', 'profiles/openpublic/modules/contrib/views/handlers/views_handler_area_result.inc', 'views', 10),
('views_handler_area_text', 'class', 'profiles/openpublic/modules/contrib/views/handlers/views_handler_area_text.inc', 'views', 10),
('views_handler_area_text_custom', 'class', 'profiles/openpublic/modules/contrib/views/handlers/views_handler_area_text_custom.inc', 'views', 10),
('views_handler_area_view', 'class', 'profiles/openpublic/modules/contrib/views/handlers/views_handler_area_view.inc', 'views', 10),
('views_handler_argument', 'class', 'profiles/openpublic/modules/contrib/views/handlers/views_handler_argument.inc', 'views', 10),
('views_handler_argument_aggregator_category_cid', 'class', 'profiles/openpublic/modules/contrib/views/modules/aggregator/views_handler_argument_aggregator_category_cid.inc', 'views', 10),
('views_handler_argument_aggregator_fid', 'class', 'profiles/openpublic/modules/contrib/views/modules/aggregator/views_handler_argument_aggregator_fid.inc', 'views', 10);
INSERT INTO `registry` (`name`, `type`, `filename`, `module`, `weight`) VALUES
('views_handler_argument_aggregator_iid', 'class', 'profiles/openpublic/modules/contrib/views/modules/aggregator/views_handler_argument_aggregator_iid.inc', 'views', 10),
('views_handler_argument_broken', 'class', 'profiles/openpublic/modules/contrib/views/handlers/views_handler_argument.inc', 'views', 10),
('views_handler_argument_comment_user_uid', 'class', 'profiles/openpublic/modules/contrib/views/modules/comment/views_handler_argument_comment_user_uid.inc', 'views', 10),
('views_handler_argument_date', 'class', 'profiles/openpublic/modules/contrib/views/handlers/views_handler_argument_date.inc', 'views', 10),
('views_handler_argument_field_list', 'class', 'profiles/openpublic/modules/contrib/views/modules/field/views_handler_argument_field_list.inc', 'views', 10),
('views_handler_argument_field_list_string', 'class', 'profiles/openpublic/modules/contrib/views/modules/field/views_handler_argument_field_list_string.inc', 'views', 10),
('views_handler_argument_file_fid', 'class', 'profiles/openpublic/modules/contrib/views/modules/system/views_handler_argument_file_fid.inc', 'views', 10),
('views_handler_argument_file_type', 'class', 'sites/all/modules/contrib/file_entity/views/views_handler_argument_file_type.inc', 'file_entity', 0),
('views_handler_argument_formula', 'class', 'profiles/openpublic/modules/contrib/views/handlers/views_handler_argument_formula.inc', 'views', 10),
('views_handler_argument_group_by_numeric', 'class', 'profiles/openpublic/modules/contrib/views/handlers/views_handler_argument_group_by_numeric.inc', 'views', 10),
('views_handler_argument_locale_group', 'class', 'profiles/openpublic/modules/contrib/views/modules/locale/views_handler_argument_locale_group.inc', 'views', 10),
('views_handler_argument_locale_language', 'class', 'profiles/openpublic/modules/contrib/views/modules/locale/views_handler_argument_locale_language.inc', 'views', 10),
('views_handler_argument_many_to_one', 'class', 'profiles/openpublic/modules/contrib/views/handlers/views_handler_argument_many_to_one.inc', 'views', 10),
('views_handler_argument_node_created_day', 'class', 'profiles/openpublic/modules/contrib/views/modules/node/views_handler_argument_dates_various.inc', 'views', 10),
('views_handler_argument_node_created_fulldate', 'class', 'profiles/openpublic/modules/contrib/views/modules/node/views_handler_argument_dates_various.inc', 'views', 10),
('views_handler_argument_node_created_month', 'class', 'profiles/openpublic/modules/contrib/views/modules/node/views_handler_argument_dates_various.inc', 'views', 10),
('views_handler_argument_node_created_week', 'class', 'profiles/openpublic/modules/contrib/views/modules/node/views_handler_argument_dates_various.inc', 'views', 10),
('views_handler_argument_node_created_year', 'class', 'profiles/openpublic/modules/contrib/views/modules/node/views_handler_argument_dates_various.inc', 'views', 10),
('views_handler_argument_node_created_year_month', 'class', 'profiles/openpublic/modules/contrib/views/modules/node/views_handler_argument_dates_various.inc', 'views', 10),
('views_handler_argument_node_language', 'class', 'profiles/openpublic/modules/contrib/views/modules/node/views_handler_argument_node_language.inc', 'views', 10),
('views_handler_argument_node_nid', 'class', 'profiles/openpublic/modules/contrib/views/modules/node/views_handler_argument_node_nid.inc', 'views', 10),
('views_handler_argument_node_tnid', 'class', 'profiles/openpublic/modules/contrib/views/modules/translation/views_handler_argument_node_tnid.inc', 'views', 10),
('views_handler_argument_node_type', 'class', 'profiles/openpublic/modules/contrib/views/modules/node/views_handler_argument_node_type.inc', 'views', 10),
('views_handler_argument_node_uid_revision', 'class', 'profiles/openpublic/modules/contrib/views/modules/node/views_handler_argument_node_uid_revision.inc', 'views', 10),
('views_handler_argument_node_vid', 'class', 'profiles/openpublic/modules/contrib/views/modules/node/views_handler_argument_node_vid.inc', 'views', 10),
('views_handler_argument_null', 'class', 'profiles/openpublic/modules/contrib/views/handlers/views_handler_argument_null.inc', 'views', 10),
('views_handler_argument_numeric', 'class', 'profiles/openpublic/modules/contrib/views/handlers/views_handler_argument_numeric.inc', 'views', 10),
('views_handler_argument_search', 'class', 'profiles/openpublic/modules/contrib/views/modules/search/views_handler_argument_search.inc', 'views', 10),
('views_handler_argument_string', 'class', 'profiles/openpublic/modules/contrib/views/handlers/views_handler_argument_string.inc', 'views', 10),
('views_handler_argument_taxonomy', 'class', 'profiles/openpublic/modules/contrib/views/modules/taxonomy/views_handler_argument_taxonomy.inc', 'views', 10),
('views_handler_argument_term_node_tid', 'class', 'profiles/openpublic/modules/contrib/views/modules/taxonomy/views_handler_argument_term_node_tid.inc', 'views', 10),
('views_handler_argument_term_node_tid_depth', 'class', 'profiles/openpublic/modules/contrib/views/modules/taxonomy/views_handler_argument_term_node_tid_depth.inc', 'views', 10),
('views_handler_argument_term_node_tid_depth_join', 'class', 'profiles/openpublic/modules/contrib/views/modules/taxonomy/views_handler_argument_term_node_tid_depth_join.inc', 'views', 10),
('views_handler_argument_term_node_tid_depth_modifier', 'class', 'profiles/openpublic/modules/contrib/views/modules/taxonomy/views_handler_argument_term_node_tid_depth_modifier.inc', 'views', 10),
('views_handler_argument_tracker_comment_user_uid', 'class', 'profiles/openpublic/modules/contrib/views/modules/tracker/views_handler_argument_tracker_comment_user_uid.inc', 'views', 10),
('views_handler_argument_users_roles_rid', 'class', 'profiles/openpublic/modules/contrib/views/modules/user/views_handler_argument_users_roles_rid.inc', 'views', 10),
('views_handler_argument_user_uid', 'class', 'profiles/openpublic/modules/contrib/views/modules/user/views_handler_argument_user_uid.inc', 'views', 10),
('views_handler_argument_vocabulary_machine_name', 'class', 'profiles/openpublic/modules/contrib/views/modules/taxonomy/views_handler_argument_vocabulary_machine_name.inc', 'views', 10),
('views_handler_argument_vocabulary_vid', 'class', 'profiles/openpublic/modules/contrib/views/modules/taxonomy/views_handler_argument_vocabulary_vid.inc', 'views', 10),
('views_handler_field', 'class', 'profiles/openpublic/modules/contrib/views/handlers/views_handler_field.inc', 'views', 10),
('views_handler_field_accesslog_path', 'class', 'profiles/openpublic/modules/contrib/views/modules/statistics/views_handler_field_accesslog_path.inc', 'views', 10),
('views_handler_field_aggregator_category', 'class', 'profiles/openpublic/modules/contrib/views/modules/aggregator/views_handler_field_aggregator_category.inc', 'views', 10),
('views_handler_field_aggregator_title_link', 'class', 'profiles/openpublic/modules/contrib/views/modules/aggregator/views_handler_field_aggregator_title_link.inc', 'views', 10),
('views_handler_field_aggregator_xss', 'class', 'profiles/openpublic/modules/contrib/views/modules/aggregator/views_handler_field_aggregator_xss.inc', 'views', 10),
('views_handler_field_boolean', 'class', 'profiles/openpublic/modules/contrib/views/handlers/views_handler_field_boolean.inc', 'views', 10),
('views_handler_field_broken', 'class', 'profiles/openpublic/modules/contrib/views/handlers/views_handler_field.inc', 'views', 10),
('views_handler_field_comment', 'class', 'profiles/openpublic/modules/contrib/views/modules/comment/views_handler_field_comment.inc', 'views', 10),
('views_handler_field_comment_depth', 'class', 'profiles/openpublic/modules/contrib/views/modules/comment/views_handler_field_comment_depth.inc', 'views', 10),
('views_handler_field_comment_link', 'class', 'profiles/openpublic/modules/contrib/views/modules/comment/views_handler_field_comment_link.inc', 'views', 10),
('views_handler_field_comment_link_approve', 'class', 'profiles/openpublic/modules/contrib/views/modules/comment/views_handler_field_comment_link_approve.inc', 'views', 10),
('views_handler_field_comment_link_delete', 'class', 'profiles/openpublic/modules/contrib/views/modules/comment/views_handler_field_comment_link_delete.inc', 'views', 10),
('views_handler_field_comment_link_edit', 'class', 'profiles/openpublic/modules/contrib/views/modules/comment/views_handler_field_comment_link_edit.inc', 'views', 10),
('views_handler_field_comment_link_reply', 'class', 'profiles/openpublic/modules/contrib/views/modules/comment/views_handler_field_comment_link_reply.inc', 'views', 10),
('views_handler_field_comment_node_link', 'class', 'profiles/openpublic/modules/contrib/views/modules/comment/views_handler_field_comment_node_link.inc', 'views', 10),
('views_handler_field_comment_username', 'class', 'profiles/openpublic/modules/contrib/views/modules/comment/views_handler_field_comment_username.inc', 'views', 10),
('views_handler_field_contact_link', 'class', 'profiles/openpublic/modules/contrib/views/modules/contact/views_handler_field_contact_link.inc', 'views', 10),
('views_handler_field_contextual_links', 'class', 'profiles/openpublic/modules/contrib/views/handlers/views_handler_field_contextual_links.inc', 'views', 10),
('views_handler_field_counter', 'class', 'profiles/openpublic/modules/contrib/views/handlers/views_handler_field_counter.inc', 'views', 10),
('views_handler_field_ctools_dropdown', 'class', 'profiles/openpublic/modules/contrib/views/handlers/views_handler_field_ctools_dropdown.inc', 'views', 10),
('views_handler_field_custom', 'class', 'profiles/openpublic/modules/contrib/views/handlers/views_handler_field_custom.inc', 'views', 10),
('views_handler_field_date', 'class', 'profiles/openpublic/modules/contrib/views/handlers/views_handler_field_date.inc', 'views', 10),
('views_handler_field_entity', 'class', 'profiles/openpublic/modules/contrib/views/handlers/views_handler_field_entity.inc', 'views', 10),
('views_handler_field_field', 'class', 'profiles/openpublic/modules/contrib/views/modules/field/views_handler_field_field.inc', 'views', 10),
('views_handler_field_file', 'class', 'profiles/openpublic/modules/contrib/views/modules/system/views_handler_field_file.inc', 'views', 10),
('views_handler_field_file_extension', 'class', 'profiles/openpublic/modules/contrib/views/modules/system/views_handler_field_file_extension.inc', 'views', 10),
('views_handler_field_file_filemime', 'class', 'profiles/openpublic/modules/contrib/views/modules/system/views_handler_field_file_filemime.inc', 'views', 10),
('views_handler_field_file_filename', 'class', 'sites/all/modules/contrib/file_entity/views/views_handler_field_file_filename.inc', 'file_entity', 0),
('views_handler_field_file_link', 'class', 'sites/all/modules/contrib/file_entity/views/views_handler_field_file_link.inc', 'file_entity', 0),
('views_handler_field_file_link_delete', 'class', 'sites/all/modules/contrib/file_entity/views/views_handler_field_file_link_delete.inc', 'file_entity', 0),
('views_handler_field_file_link_download', 'class', 'sites/all/modules/contrib/file_entity/views/views_handler_field_file_link_download.inc', 'file_entity', 0),
('views_handler_field_file_link_edit', 'class', 'sites/all/modules/contrib/file_entity/views/views_handler_field_file_link_edit.inc', 'file_entity', 0),
('views_handler_field_file_link_usage', 'class', 'sites/all/modules/contrib/file_entity/views/views_handler_field_file_link_usage.inc', 'file_entity', 0),
('views_handler_field_file_rendered', 'class', 'sites/all/modules/contrib/file_entity/views/views_handler_field_file_rendered.inc', 'file_entity', 0),
('views_handler_field_file_size', 'class', 'profiles/openpublic/modules/contrib/views/handlers/views_handler_field.inc', 'views', 10),
('views_handler_field_file_status', 'class', 'profiles/openpublic/modules/contrib/views/modules/system/views_handler_field_file_status.inc', 'views', 10),
('views_handler_field_file_type', 'class', 'sites/all/modules/contrib/file_entity/views/views_handler_field_file_type.inc', 'file_entity', 0),
('views_handler_field_file_uri', 'class', 'profiles/openpublic/modules/contrib/views/modules/system/views_handler_field_file_uri.inc', 'views', 10),
('views_handler_field_filter_format_name', 'class', 'profiles/openpublic/modules/contrib/views/modules/filter/views_handler_field_filter_format_name.inc', 'views', 10),
('views_handler_field_history_user_timestamp', 'class', 'profiles/openpublic/modules/contrib/views/modules/node/views_handler_field_history_user_timestamp.inc', 'views', 10),
('views_handler_field_last_comment_timestamp', 'class', 'profiles/openpublic/modules/contrib/views/modules/comment/views_handler_field_last_comment_timestamp.inc', 'views', 10),
('views_handler_field_links', 'class', 'profiles/openpublic/modules/contrib/views/handlers/views_handler_field_links.inc', 'views', 10),
('views_handler_field_locale_group', 'class', 'profiles/openpublic/modules/contrib/views/modules/locale/views_handler_field_locale_group.inc', 'views', 10),
('views_handler_field_locale_language', 'class', 'profiles/openpublic/modules/contrib/views/modules/locale/views_handler_field_locale_language.inc', 'views', 10),
('views_handler_field_locale_link_edit', 'class', 'profiles/openpublic/modules/contrib/views/modules/locale/views_handler_field_locale_link_edit.inc', 'views', 10),
('views_handler_field_machine_name', 'class', 'profiles/openpublic/modules/contrib/views/handlers/views_handler_field_machine_name.inc', 'views', 10),
('views_handler_field_markup', 'class', 'profiles/openpublic/modules/contrib/views/handlers/views_handler_field_markup.inc', 'views', 10),
('views_handler_field_math', 'class', 'profiles/openpublic/modules/contrib/views/handlers/views_handler_field_math.inc', 'views', 10),
('views_handler_field_ncs_last_comment_name', 'class', 'profiles/openpublic/modules/contrib/views/modules/comment/views_handler_field_ncs_last_comment_name.inc', 'views', 10),
('views_handler_field_ncs_last_updated', 'class', 'profiles/openpublic/modules/contrib/views/modules/comment/views_handler_field_ncs_last_updated.inc', 'views', 10),
('views_handler_field_node', 'class', 'profiles/openpublic/modules/contrib/views/modules/node/views_handler_field_node.inc', 'views', 10),
('views_handler_field_node_comment', 'class', 'profiles/openpublic/modules/contrib/views/modules/comment/views_handler_field_node_comment.inc', 'views', 10),
('views_handler_field_node_counter_timestamp', 'class', 'profiles/openpublic/modules/contrib/views/modules/statistics/views_handler_field_node_counter_timestamp.inc', 'views', 10),
('views_handler_field_node_language', 'class', 'profiles/openpublic/modules/contrib/views/modules/locale/views_handler_field_node_language.inc', 'views', 10),
('views_handler_field_node_link', 'class', 'profiles/openpublic/modules/contrib/views/modules/node/views_handler_field_node_link.inc', 'views', 10),
('views_handler_field_node_link_delete', 'class', 'profiles/openpublic/modules/contrib/views/modules/node/views_handler_field_node_link_delete.inc', 'views', 10),
('views_handler_field_node_link_edit', 'class', 'profiles/openpublic/modules/contrib/views/modules/node/views_handler_field_node_link_edit.inc', 'views', 10),
('views_handler_field_node_link_translate', 'class', 'profiles/openpublic/modules/contrib/views/modules/translation/views_handler_field_node_link_translate.inc', 'views', 10),
('views_handler_field_node_new_comments', 'class', 'profiles/openpublic/modules/contrib/views/modules/comment/views_handler_field_node_new_comments.inc', 'views', 10),
('views_handler_field_node_path', 'class', 'profiles/openpublic/modules/contrib/views/modules/node/views_handler_field_node_path.inc', 'views', 10),
('views_handler_field_node_revision', 'class', 'profiles/openpublic/modules/contrib/views/modules/node/views_handler_field_node_revision.inc', 'views', 10),
('views_handler_field_node_revision_link', 'class', 'profiles/openpublic/modules/contrib/views/modules/node/views_handler_field_node_revision_link.inc', 'views', 10),
('views_handler_field_node_revision_link_delete', 'class', 'profiles/openpublic/modules/contrib/views/modules/node/views_handler_field_node_revision_link_delete.inc', 'views', 10),
('views_handler_field_node_revision_link_revert', 'class', 'profiles/openpublic/modules/contrib/views/modules/node/views_handler_field_node_revision_link_revert.inc', 'views', 10),
('views_handler_field_node_translation_link', 'class', 'profiles/openpublic/modules/contrib/views/modules/translation/views_handler_field_node_translation_link.inc', 'views', 10),
('views_handler_field_node_type', 'class', 'profiles/openpublic/modules/contrib/views/modules/node/views_handler_field_node_type.inc', 'views', 10),
('views_handler_field_node_version_count', 'class', 'profiles/openpublic/modules/contrib/views/modules/node/views_handler_field_node_version_count.inc', 'views', 10),
('views_handler_field_numeric', 'class', 'profiles/openpublic/modules/contrib/views/handlers/views_handler_field_numeric.inc', 'views', 10),
('views_handler_field_prerender_list', 'class', 'profiles/openpublic/modules/contrib/views/handlers/views_handler_field_prerender_list.inc', 'views', 10),
('views_handler_field_profile_date', 'class', 'profiles/openpublic/modules/contrib/views/modules/profile/views_handler_field_profile_date.inc', 'views', 10),
('views_handler_field_profile_list', 'class', 'profiles/openpublic/modules/contrib/views/modules/profile/views_handler_field_profile_list.inc', 'views', 10),
('views_handler_field_search_score', 'class', 'profiles/openpublic/modules/contrib/views/modules/search/views_handler_field_search_score.inc', 'views', 10),
('views_handler_field_serialized', 'class', 'profiles/openpublic/modules/contrib/views/handlers/views_handler_field_serialized.inc', 'views', 10),
('views_handler_field_statistics_numeric', 'class', 'profiles/openpublic/modules/contrib/views/modules/statistics/views_handler_field_statistics_numeric.inc', 'views', 10),
('views_handler_field_taxonomy', 'class', 'profiles/openpublic/modules/contrib/views/modules/taxonomy/views_handler_field_taxonomy.inc', 'views', 10),
('views_handler_field_term_link_edit', 'class', 'profiles/openpublic/modules/contrib/views/modules/taxonomy/views_handler_field_term_link_edit.inc', 'views', 10),
('views_handler_field_term_node_tid', 'class', 'profiles/openpublic/modules/contrib/views/modules/taxonomy/views_handler_field_term_node_tid.inc', 'views', 10),
('views_handler_field_time_interval', 'class', 'profiles/openpublic/modules/contrib/views/handlers/views_handler_field_time_interval.inc', 'views', 10),
('views_handler_field_url', 'class', 'profiles/openpublic/modules/contrib/views/handlers/views_handler_field_url.inc', 'views', 10),
('views_handler_field_user', 'class', 'profiles/openpublic/modules/contrib/views/modules/user/views_handler_field_user.inc', 'views', 10),
('views_handler_field_user_language', 'class', 'profiles/openpublic/modules/contrib/views/modules/user/views_handler_field_user_language.inc', 'views', 10),
('views_handler_field_user_link', 'class', 'profiles/openpublic/modules/contrib/views/modules/user/views_handler_field_user_link.inc', 'views', 10),
('views_handler_field_user_link_cancel', 'class', 'profiles/openpublic/modules/contrib/views/modules/user/views_handler_field_user_link_cancel.inc', 'views', 10),
('views_handler_field_user_link_edit', 'class', 'profiles/openpublic/modules/contrib/views/modules/user/views_handler_field_user_link_edit.inc', 'views', 10),
('views_handler_field_user_mail', 'class', 'profiles/openpublic/modules/contrib/views/modules/user/views_handler_field_user_mail.inc', 'views', 10),
('views_handler_field_user_name', 'class', 'profiles/openpublic/modules/contrib/views/modules/user/views_handler_field_user_name.inc', 'views', 10),
('views_handler_field_user_permissions', 'class', 'profiles/openpublic/modules/contrib/views/modules/user/views_handler_field_user_permissions.inc', 'views', 10),
('views_handler_field_user_picture', 'class', 'profiles/openpublic/modules/contrib/views/modules/user/views_handler_field_user_picture.inc', 'views', 10),
('views_handler_field_user_roles', 'class', 'profiles/openpublic/modules/contrib/views/modules/user/views_handler_field_user_roles.inc', 'views', 10),
('views_handler_field_xss', 'class', 'profiles/openpublic/modules/contrib/views/handlers/views_handler_field.inc', 'views', 10),
('views_handler_filter', 'class', 'profiles/openpublic/modules/contrib/views/handlers/views_handler_filter.inc', 'views', 10),
('views_handler_filter_aggregator_category_cid', 'class', 'profiles/openpublic/modules/contrib/views/modules/aggregator/views_handler_filter_aggregator_category_cid.inc', 'views', 10),
('views_handler_filter_boolean_operator', 'class', 'profiles/openpublic/modules/contrib/views/handlers/views_handler_filter_boolean_operator.inc', 'views', 10),
('views_handler_filter_boolean_operator_string', 'class', 'profiles/openpublic/modules/contrib/views/handlers/views_handler_filter_boolean_operator_string.inc', 'views', 10),
('views_handler_filter_broken', 'class', 'profiles/openpublic/modules/contrib/views/handlers/views_handler_filter.inc', 'views', 10),
('views_handler_filter_combine', 'class', 'profiles/openpublic/modules/contrib/views/handlers/views_handler_filter_combine.inc', 'views', 10),
('views_handler_filter_comment_user_uid', 'class', 'profiles/openpublic/modules/contrib/views/modules/comment/views_handler_filter_comment_user_uid.inc', 'views', 10),
('views_handler_filter_date', 'class', 'profiles/openpublic/modules/contrib/views/handlers/views_handler_filter_date.inc', 'views', 10),
('views_handler_filter_entity_bundle', 'class', 'profiles/openpublic/modules/contrib/views/handlers/views_handler_filter_entity_bundle.inc', 'views', 10),
('views_handler_filter_equality', 'class', 'profiles/openpublic/modules/contrib/views/handlers/views_handler_filter_equality.inc', 'views', 10),
('views_handler_filter_fields_compare', 'class', 'profiles/openpublic/modules/contrib/views/handlers/views_handler_filter_fields_compare.inc', 'views', 10),
('views_handler_filter_field_list', 'class', 'profiles/openpublic/modules/contrib/views/modules/field/views_handler_filter_field_list.inc', 'views', 10),
('views_handler_filter_field_list_boolean', 'class', 'profiles/openpublic/modules/contrib/views/modules/field/views_handler_filter_field_list_boolean.inc', 'views', 10),
('views_handler_filter_file_status', 'class', 'profiles/openpublic/modules/contrib/views/modules/system/views_handler_filter_file_status.inc', 'views', 10),
('views_handler_filter_file_type', 'class', 'sites/all/modules/contrib/file_entity/views/views_handler_filter_file_type.inc', 'file_entity', 0),
('views_handler_filter_group_by_numeric', 'class', 'profiles/openpublic/modules/contrib/views/handlers/views_handler_filter_group_by_numeric.inc', 'views', 10),
('views_handler_filter_history_user_timestamp', 'class', 'profiles/openpublic/modules/contrib/views/modules/node/views_handler_filter_history_user_timestamp.inc', 'views', 10),
('views_handler_filter_in_operator', 'class', 'profiles/openpublic/modules/contrib/views/handlers/views_handler_filter_in_operator.inc', 'views', 10),
('views_handler_filter_locale_group', 'class', 'profiles/openpublic/modules/contrib/views/modules/locale/views_handler_filter_locale_group.inc', 'views', 10),
('views_handler_filter_locale_language', 'class', 'profiles/openpublic/modules/contrib/views/modules/locale/views_handler_filter_locale_language.inc', 'views', 10),
('views_handler_filter_locale_version', 'class', 'profiles/openpublic/modules/contrib/views/modules/locale/views_handler_filter_locale_version.inc', 'views', 10),
('views_handler_filter_many_to_one', 'class', 'profiles/openpublic/modules/contrib/views/handlers/views_handler_filter_many_to_one.inc', 'views', 10),
('views_handler_filter_ncs_last_updated', 'class', 'profiles/openpublic/modules/contrib/views/modules/comment/views_handler_filter_ncs_last_updated.inc', 'views', 10),
('views_handler_filter_node_access', 'class', 'profiles/openpublic/modules/contrib/views/modules/node/views_handler_filter_node_access.inc', 'views', 10),
('views_handler_filter_node_comment', 'class', 'profiles/openpublic/modules/contrib/views/modules/comment/views_handler_filter_node_comment.inc', 'views', 10),
('views_handler_filter_node_language', 'class', 'profiles/openpublic/modules/contrib/views/modules/locale/views_handler_filter_node_language.inc', 'views', 10),
('views_handler_filter_node_status', 'class', 'profiles/openpublic/modules/contrib/views/modules/node/views_handler_filter_node_status.inc', 'views', 10),
('views_handler_filter_node_tnid', 'class', 'profiles/openpublic/modules/contrib/views/modules/translation/views_handler_filter_node_tnid.inc', 'views', 10),
('views_handler_filter_node_tnid_child', 'class', 'profiles/openpublic/modules/contrib/views/modules/translation/views_handler_filter_node_tnid_child.inc', 'views', 10),
('views_handler_filter_node_type', 'class', 'profiles/openpublic/modules/contrib/views/modules/node/views_handler_filter_node_type.inc', 'views', 10),
('views_handler_filter_node_uid_revision', 'class', 'profiles/openpublic/modules/contrib/views/modules/node/views_handler_filter_node_uid_revision.inc', 'views', 10),
('views_handler_filter_node_version_count', 'class', 'profiles/openpublic/modules/contrib/views/modules/node/views_handler_filter_node_version_count.inc', 'views', 10),
('views_handler_filter_numeric', 'class', 'profiles/openpublic/modules/contrib/views/handlers/views_handler_filter_numeric.inc', 'views', 10),
('views_handler_filter_profile_selection', 'class', 'profiles/openpublic/modules/contrib/views/modules/profile/views_handler_filter_profile_selection.inc', 'views', 10),
('views_handler_filter_schema_type', 'class', 'sites/all/modules/contrib/file_entity/views/views_handler_filter_schema_type.inc', 'file_entity', 0),
('views_handler_filter_search', 'class', 'profiles/openpublic/modules/contrib/views/modules/search/views_handler_filter_search.inc', 'views', 10),
('views_handler_filter_string', 'class', 'profiles/openpublic/modules/contrib/views/handlers/views_handler_filter_string.inc', 'views', 10),
('views_handler_filter_system_type', 'class', 'profiles/openpublic/modules/contrib/views/modules/system/views_handler_filter_system_type.inc', 'views', 10),
('views_handler_filter_term_node_tid', 'class', 'profiles/openpublic/modules/contrib/views/modules/taxonomy/views_handler_filter_term_node_tid.inc', 'views', 10),
('views_handler_filter_term_node_tid_depth', 'class', 'profiles/openpublic/modules/contrib/views/modules/taxonomy/views_handler_filter_term_node_tid_depth.inc', 'views', 10),
('views_handler_filter_term_node_tid_depth_join', 'class', 'profiles/openpublic/modules/contrib/views/modules/taxonomy/views_handler_filter_term_node_tid_depth_join.inc', 'views', 10),
('views_handler_filter_tracker_boolean_operator', 'class', 'profiles/openpublic/modules/contrib/views/modules/tracker/views_handler_filter_tracker_boolean_operator.inc', 'views', 10),
('views_handler_filter_tracker_comment_user_uid', 'class', 'profiles/openpublic/modules/contrib/views/modules/tracker/views_handler_filter_tracker_comment_user_uid.inc', 'views', 10),
('views_handler_filter_user_current', 'class', 'profiles/openpublic/modules/contrib/views/modules/user/views_handler_filter_user_current.inc', 'views', 10),
('views_handler_filter_user_name', 'class', 'profiles/openpublic/modules/contrib/views/modules/user/views_handler_filter_user_name.inc', 'views', 10),
('views_handler_filter_user_permissions', 'class', 'profiles/openpublic/modules/contrib/views/modules/user/views_handler_filter_user_permissions.inc', 'views', 10),
('views_handler_filter_user_roles', 'class', 'profiles/openpublic/modules/contrib/views/modules/user/views_handler_filter_user_roles.inc', 'views', 10),
('views_handler_filter_vocabulary_machine_name', 'class', 'profiles/openpublic/modules/contrib/views/modules/taxonomy/views_handler_filter_vocabulary_machine_name.inc', 'views', 10),
('views_handler_filter_vocabulary_vid', 'class', 'profiles/openpublic/modules/contrib/views/modules/taxonomy/views_handler_filter_vocabulary_vid.inc', 'views', 10),
('views_handler_relationship', 'class', 'profiles/openpublic/modules/contrib/views/handlers/views_handler_relationship.inc', 'views', 10),
('views_handler_relationship_broken', 'class', 'profiles/openpublic/modules/contrib/views/handlers/views_handler_relationship.inc', 'views', 10),
('views_handler_relationship_entity_reverse', 'class', 'profiles/openpublic/modules/contrib/views/modules/field/views_handler_relationship_entity_reverse.inc', 'views', 10),
('views_handler_relationship_groupwise_max', 'class', 'profiles/openpublic/modules/contrib/views/handlers/views_handler_relationship_groupwise_max.inc', 'views', 10),
('views_handler_relationship_node_term_data', 'class', 'profiles/openpublic/modules/contrib/views/modules/taxonomy/views_handler_relationship_node_term_data.inc', 'views', 10),
('views_handler_relationship_translation', 'class', 'profiles/openpublic/modules/contrib/views/modules/translation/views_handler_relationship_translation.inc', 'views', 10),
('views_handler_sort', 'class', 'profiles/openpublic/modules/contrib/views/handlers/views_handler_sort.inc', 'views', 10),
('views_handler_sort_broken', 'class', 'profiles/openpublic/modules/contrib/views/handlers/views_handler_sort.inc', 'views', 10),
('views_handler_sort_comment_thread', 'class', 'profiles/openpublic/modules/contrib/views/modules/comment/views_handler_sort_comment_thread.inc', 'views', 10),
('views_handler_sort_date', 'class', 'profiles/openpublic/modules/contrib/views/handlers/views_handler_sort_date.inc', 'views', 10),
('views_handler_sort_group_by_numeric', 'class', 'profiles/openpublic/modules/contrib/views/handlers/views_handler_sort_group_by_numeric.inc', 'views', 10),
('views_handler_sort_menu_hierarchy', 'class', 'profiles/openpublic/modules/contrib/views/handlers/views_handler_sort_menu_hierarchy.inc', 'views', 10),
('views_handler_sort_ncs_last_comment_name', 'class', 'profiles/openpublic/modules/contrib/views/modules/comment/views_handler_sort_ncs_last_comment_name.inc', 'views', 10),
('views_handler_sort_ncs_last_updated', 'class', 'profiles/openpublic/modules/contrib/views/modules/comment/views_handler_sort_ncs_last_updated.inc', 'views', 10),
('views_handler_sort_node_language', 'class', 'profiles/openpublic/modules/contrib/views/modules/locale/views_handler_sort_node_language.inc', 'views', 10),
('views_handler_sort_node_version_count', 'class', 'profiles/openpublic/modules/contrib/views/modules/node/views_handler_sort_node_version_count.inc', 'views', 10),
('views_handler_sort_random', 'class', 'profiles/openpublic/modules/contrib/views/handlers/views_handler_sort_random.inc', 'views', 10),
('views_handler_sort_search_score', 'class', 'profiles/openpublic/modules/contrib/views/modules/search/views_handler_sort_search_score.inc', 'views', 10),
('views_join', 'class', 'profiles/openpublic/modules/contrib/views/includes/handlers.inc', 'views', 10),
('views_join_subquery', 'class', 'profiles/openpublic/modules/contrib/views/includes/handlers.inc', 'views', 10),
('views_many_to_one_helper', 'class', 'profiles/openpublic/modules/contrib/views/includes/handlers.inc', 'views', 10),
('views_object', 'class', 'profiles/openpublic/modules/contrib/views/includes/base.inc', 'views', 10),
('views_plugin', 'class', 'profiles/openpublic/modules/contrib/views/includes/plugins.inc', 'views', 10),
('views_plugin_access', 'class', 'profiles/openpublic/modules/contrib/views/plugins/views_plugin_access.inc', 'views', 10),
('views_plugin_access_none', 'class', 'profiles/openpublic/modules/contrib/views/plugins/views_plugin_access_none.inc', 'views', 10),
('views_plugin_access_perm', 'class', 'profiles/openpublic/modules/contrib/views/plugins/views_plugin_access_perm.inc', 'views', 10),
('views_plugin_access_role', 'class', 'profiles/openpublic/modules/contrib/views/plugins/views_plugin_access_role.inc', 'views', 10),
('views_plugin_argument_default', 'class', 'profiles/openpublic/modules/contrib/views/plugins/views_plugin_argument_default.inc', 'views', 10),
('views_plugin_argument_default_book_root', 'class', 'profiles/openpublic/modules/contrib/views/modules/book/views_plugin_argument_default_book_root.inc', 'views', 10),
('views_plugin_argument_default_current_user', 'class', 'profiles/openpublic/modules/contrib/views/modules/user/views_plugin_argument_default_current_user.inc', 'views', 10),
('views_plugin_argument_default_fixed', 'class', 'profiles/openpublic/modules/contrib/views/plugins/views_plugin_argument_default_fixed.inc', 'views', 10),
('views_plugin_argument_default_node', 'class', 'profiles/openpublic/modules/contrib/views/modules/node/views_plugin_argument_default_node.inc', 'views', 10),
('views_plugin_argument_default_php', 'class', 'profiles/openpublic/modules/contrib/views/plugins/views_plugin_argument_default_php.inc', 'views', 10),
('views_plugin_argument_default_raw', 'class', 'profiles/openpublic/modules/contrib/views/plugins/views_plugin_argument_default_raw.inc', 'views', 10),
('views_plugin_argument_default_taxonomy_tid', 'class', 'profiles/openpublic/modules/contrib/views/modules/taxonomy/views_plugin_argument_default_taxonomy_tid.inc', 'views', 10),
('views_plugin_argument_default_user', 'class', 'profiles/openpublic/modules/contrib/views/modules/user/views_plugin_argument_default_user.inc', 'views', 10),
('views_plugin_argument_validate', 'class', 'profiles/openpublic/modules/contrib/views/plugins/views_plugin_argument_validate.inc', 'views', 10),
('views_plugin_argument_validate_node', 'class', 'profiles/openpublic/modules/contrib/views/modules/node/views_plugin_argument_validate_node.inc', 'views', 10),
('views_plugin_argument_validate_numeric', 'class', 'profiles/openpublic/modules/contrib/views/plugins/views_plugin_argument_validate_numeric.inc', 'views', 10),
('views_plugin_argument_validate_php', 'class', 'profiles/openpublic/modules/contrib/views/plugins/views_plugin_argument_validate_php.inc', 'views', 10),
('views_plugin_argument_validate_taxonomy_term', 'class', 'profiles/openpublic/modules/contrib/views/modules/taxonomy/views_plugin_argument_validate_taxonomy_term.inc', 'views', 10),
('views_plugin_argument_validate_user', 'class', 'profiles/openpublic/modules/contrib/views/modules/user/views_plugin_argument_validate_user.inc', 'views', 10),
('views_plugin_cache', 'class', 'profiles/openpublic/modules/contrib/views/plugins/views_plugin_cache.inc', 'views', 10),
('views_plugin_cache_none', 'class', 'profiles/openpublic/modules/contrib/views/plugins/views_plugin_cache_none.inc', 'views', 10),
('views_plugin_cache_time', 'class', 'profiles/openpublic/modules/contrib/views/plugins/views_plugin_cache_time.inc', 'views', 10),
('views_plugin_display', 'class', 'profiles/openpublic/modules/contrib/views/plugins/views_plugin_display.inc', 'views', 10),
('views_plugin_display_attachment', 'class', 'profiles/openpublic/modules/contrib/views/plugins/views_plugin_display_attachment.inc', 'views', 10),
('views_plugin_display_block', 'class', 'profiles/openpublic/modules/contrib/views/plugins/views_plugin_display_block.inc', 'views', 10),
('views_plugin_display_default', 'class', 'profiles/openpublic/modules/contrib/views/plugins/views_plugin_display_default.inc', 'views', 10),
('views_plugin_display_embed', 'class', 'profiles/openpublic/modules/contrib/views/plugins/views_plugin_display_embed.inc', 'views', 10),
('views_plugin_display_extender', 'class', 'profiles/openpublic/modules/contrib/views/plugins/views_plugin_display_extender.inc', 'views', 10),
('views_plugin_display_feed', 'class', 'profiles/openpublic/modules/contrib/views/plugins/views_plugin_display_feed.inc', 'views', 10),
('views_plugin_display_page', 'class', 'profiles/openpublic/modules/contrib/views/plugins/views_plugin_display_page.inc', 'views', 10),
('views_plugin_exposed_form', 'class', 'profiles/openpublic/modules/contrib/views/plugins/views_plugin_exposed_form.inc', 'views', 10),
('views_plugin_exposed_form_basic', 'class', 'profiles/openpublic/modules/contrib/views/plugins/views_plugin_exposed_form_basic.inc', 'views', 10),
('views_plugin_exposed_form_input_required', 'class', 'profiles/openpublic/modules/contrib/views/plugins/views_plugin_exposed_form_input_required.inc', 'views', 10),
('views_plugin_localization', 'class', 'profiles/openpublic/modules/contrib/views/plugins/views_plugin_localization.inc', 'views', 10),
('views_plugin_localization_core', 'class', 'profiles/openpublic/modules/contrib/views/plugins/views_plugin_localization_core.inc', 'views', 10),
('views_plugin_localization_none', 'class', 'profiles/openpublic/modules/contrib/views/plugins/views_plugin_localization_none.inc', 'views', 10),
('views_plugin_localization_test', 'class', 'profiles/openpublic/modules/contrib/views/tests/views_plugin_localization_test.inc', 'views', 10),
('views_plugin_pager', 'class', 'profiles/openpublic/modules/contrib/views/plugins/views_plugin_pager.inc', 'views', 10),
('views_plugin_pager_full', 'class', 'profiles/openpublic/modules/contrib/views/plugins/views_plugin_pager_full.inc', 'views', 10),
('views_plugin_pager_mini', 'class', 'profiles/openpublic/modules/contrib/views/plugins/views_plugin_pager_mini.inc', 'views', 10),
('views_plugin_pager_none', 'class', 'profiles/openpublic/modules/contrib/views/plugins/views_plugin_pager_none.inc', 'views', 10),
('views_plugin_pager_some', 'class', 'profiles/openpublic/modules/contrib/views/plugins/views_plugin_pager_some.inc', 'views', 10),
('views_plugin_query', 'class', 'profiles/openpublic/modules/contrib/views/plugins/views_plugin_query.inc', 'views', 10),
('views_plugin_query_default', 'class', 'profiles/openpublic/modules/contrib/views/plugins/views_plugin_query_default.inc', 'views', 10),
('views_plugin_row', 'class', 'profiles/openpublic/modules/contrib/views/plugins/views_plugin_row.inc', 'views', 10),
('views_plugin_row_aggregator_rss', 'class', 'profiles/openpublic/modules/contrib/views/modules/aggregator/views_plugin_row_aggregator_rss.inc', 'views', 10),
('views_plugin_row_comment_rss', 'class', 'profiles/openpublic/modules/contrib/views/modules/comment/views_plugin_row_comment_rss.inc', 'views', 10),
('views_plugin_row_comment_view', 'class', 'profiles/openpublic/modules/contrib/views/modules/comment/views_plugin_row_comment_view.inc', 'views', 10),
('views_plugin_row_fields', 'class', 'profiles/openpublic/modules/contrib/views/plugins/views_plugin_row_fields.inc', 'views', 10),
('views_plugin_row_file_rss', 'class', 'sites/all/modules/contrib/file_entity/views/views_plugin_row_file_rss.inc', 'file_entity', 0),
('views_plugin_row_file_view', 'class', 'sites/all/modules/contrib/file_entity/views/views_plugin_row_file_view.inc', 'file_entity', 0),
('views_plugin_row_node_rss', 'class', 'profiles/openpublic/modules/contrib/views/modules/node/views_plugin_row_node_rss.inc', 'views', 10),
('views_plugin_row_node_view', 'class', 'profiles/openpublic/modules/contrib/views/modules/node/views_plugin_row_node_view.inc', 'views', 10),
('views_plugin_row_rss_fields', 'class', 'profiles/openpublic/modules/contrib/views/plugins/views_plugin_row_rss_fields.inc', 'views', 10),
('views_plugin_row_search_view', 'class', 'profiles/openpublic/modules/contrib/views/modules/search/views_plugin_row_search_view.inc', 'views', 10),
('views_plugin_row_user_view', 'class', 'profiles/openpublic/modules/contrib/views/modules/user/views_plugin_row_user_view.inc', 'views', 10),
('views_plugin_style', 'class', 'profiles/openpublic/modules/contrib/views/plugins/views_plugin_style.inc', 'views', 10),
('views_plugin_style_default', 'class', 'profiles/openpublic/modules/contrib/views/plugins/views_plugin_style_default.inc', 'views', 10),
('views_plugin_style_grid', 'class', 'profiles/openpublic/modules/contrib/views/plugins/views_plugin_style_grid.inc', 'views', 10),
('views_plugin_style_jump_menu', 'class', 'profiles/openpublic/modules/contrib/views/plugins/views_plugin_style_jump_menu.inc', 'views', 10),
('views_plugin_style_list', 'class', 'profiles/openpublic/modules/contrib/views/plugins/views_plugin_style_list.inc', 'views', 10),
('views_plugin_style_mapping', 'class', 'profiles/openpublic/modules/contrib/views/plugins/views_plugin_style_mapping.inc', 'views', 10),
('views_plugin_style_rss', 'class', 'profiles/openpublic/modules/contrib/views/plugins/views_plugin_style_rss.inc', 'views', 10),
('views_plugin_style_summary', 'class', 'profiles/openpublic/modules/contrib/views/plugins/views_plugin_style_summary.inc', 'views', 10),
('views_plugin_style_summary_jump_menu', 'class', 'profiles/openpublic/modules/contrib/views/plugins/views_plugin_style_summary_jump_menu.inc', 'views', 10),
('views_plugin_style_summary_unformatted', 'class', 'profiles/openpublic/modules/contrib/views/plugins/views_plugin_style_summary_unformatted.inc', 'views', 10),
('views_plugin_style_table', 'class', 'profiles/openpublic/modules/contrib/views/plugins/views_plugin_style_table.inc', 'views', 10),
('views_test_area_access', 'class', 'profiles/openpublic/modules/contrib/views/tests/test_handlers/views_test_area_access.inc', 'views', 10),
('views_test_plugin_access_test_dynamic', 'class', 'profiles/openpublic/modules/contrib/views/tests/test_plugins/views_test_plugin_access_test_dynamic.inc', 'views', 10),
('views_test_plugin_access_test_static', 'class', 'profiles/openpublic/modules/contrib/views/tests/test_plugins/views_test_plugin_access_test_static.inc', 'views', 10),
('views_test_plugin_style_test_mapping', 'class', 'profiles/openpublic/modules/contrib/views/tests/test_plugins/views_test_plugin_style_test_mapping.inc', 'views', 10),
('views_ui', 'class', 'profiles/openpublic/modules/contrib/views/plugins/export_ui/views_ui.class.php', 'views_ui', 0),
('WebformComponentsTestCase', 'class', 'profiles/openpublic/modules/contrib/webform/tests/components.test', 'webform', -1),
('WebformGeneralTestCase', 'class', 'profiles/openpublic/modules/contrib/webform/tests/webform.test', 'webform', -1),
('WebformPermissionsTestCase', 'class', 'profiles/openpublic/modules/contrib/webform/tests/permissions.test', 'webform', -1),
('WebformSubmissionTestCase', 'class', 'profiles/openpublic/modules/contrib/webform/tests/submission.test', 'webform', -1),
('WebformTestCase', 'class', 'profiles/openpublic/modules/contrib/webform/tests/webform.test', 'webform', -1),
('webform_exporter', 'class', 'profiles/openpublic/modules/contrib/webform/includes/webform.export.inc', 'webform', -1),
('webform_exporter_delimited', 'class', 'profiles/openpublic/modules/contrib/webform/includes/webform.export.inc', 'webform', -1),
('webform_exporter_excel', 'class', 'profiles/openpublic/modules/contrib/webform/includes/webform.export.inc', 'webform', -1),
('webform_handler_field_form_body', 'class', 'profiles/openpublic/modules/contrib/webform/views/webform_handler_field_form_body.inc', 'webform', -1),
('webform_handler_field_is_draft', 'class', 'profiles/openpublic/modules/contrib/webform/views/webform_handler_field_is_draft.inc', 'webform', -1),
('webform_handler_field_node_link_edit', 'class', 'profiles/openpublic/modules/contrib/webform/views/webform_handler_field_node_link_edit.inc', 'webform', -1),
('webform_handler_field_node_link_results', 'class', 'profiles/openpublic/modules/contrib/webform/views/webform_handler_field_node_link_results.inc', 'webform', -1),
('webform_handler_field_submission_count', 'class', 'profiles/openpublic/modules/contrib/webform/views/webform_handler_field_submission_count.inc', 'webform', -1),
('webform_handler_field_submission_link', 'class', 'profiles/openpublic/modules/contrib/webform/views/webform_handler_field_submission_link.inc', 'webform', -1),
('webform_handler_field_webform_status', 'class', 'profiles/openpublic/modules/contrib/webform/views/webform_handler_field_webform_status.inc', 'webform', -1),
('webform_handler_filter_is_draft', 'class', 'profiles/openpublic/modules/contrib/webform/views/webform_handler_filter_is_draft.inc', 'webform', -1),
('webform_handler_filter_webform_status', 'class', 'profiles/openpublic/modules/contrib/webform/views/webform_handler_filter_webform_status.inc', 'webform', -1),
('WordLevelDiff', 'class', 'profiles/openpublic/modules/contrib/diff/DiffEngine.php', 'diff', 0),
('WysiwygProfileController', 'class', 'profiles/openpublic/modules/contrib/wysiwyg/wysiwyg.module', 'wysiwyg', 0),
('XMLSitemapException', 'class', 'profiles/openpublic/modules/contrib/xmlsitemap/xmlsitemap.xmlsitemap.inc', 'xmlsitemap', 1),
('XMLSitemapFunctionalTest', 'class', 'profiles/openpublic/modules/contrib/xmlsitemap/xmlsitemap.test', 'xmlsitemap', 1),
('XMLSitemapGenerationException', 'class', 'profiles/openpublic/modules/contrib/xmlsitemap/xmlsitemap.xmlsitemap.inc', 'xmlsitemap', 1),
('XMLSitemapIndexWriter', 'class', 'profiles/openpublic/modules/contrib/xmlsitemap/xmlsitemap.xmlsitemap.inc', 'xmlsitemap', 1),
('XMLSitemapRobotsTxtIntegrationTest', 'class', 'profiles/openpublic/modules/contrib/xmlsitemap/xmlsitemap.test', 'xmlsitemap', 1),
('XMLSitemapTestHelper', 'class', 'profiles/openpublic/modules/contrib/xmlsitemap/xmlsitemap.test', 'xmlsitemap', 1),
('XMLSitemapUnitTest', 'class', 'profiles/openpublic/modules/contrib/xmlsitemap/xmlsitemap.test', 'xmlsitemap', 1),
('XMLSitemapWriter', 'class', 'profiles/openpublic/modules/contrib/xmlsitemap/xmlsitemap.xmlsitemap.inc', 'xmlsitemap', 1),
('_DiffEngine', 'class', 'profiles/openpublic/modules/contrib/diff/DiffEngine.php', 'diff', 0),
('_DiffOp', 'class', 'profiles/openpublic/modules/contrib/diff/DiffEngine.php', 'diff', 0),
('_DiffOp_Add', 'class', 'profiles/openpublic/modules/contrib/diff/DiffEngine.php', 'diff', 0),
('_DiffOp_Change', 'class', 'profiles/openpublic/modules/contrib/diff/DiffEngine.php', 'diff', 0),
('_DiffOp_Copy', 'class', 'profiles/openpublic/modules/contrib/diff/DiffEngine.php', 'diff', 0),
('_DiffOp_Delete', 'class', 'profiles/openpublic/modules/contrib/diff/DiffEngine.php', 'diff', 0),
('_HWLDF_WordAccumulator', 'class', 'profiles/openpublic/modules/contrib/diff/DiffEngine.php', 'diff', 0);

-- --------------------------------------------------------

--
-- Структура таблицы `registry_file`
--

