-- Table structure for table `search_dataset`
--

CREATE TABLE IF NOT EXISTS `search_dataset` (
  `sid` int(10) UNSIGNED NOT NULL DEFAULT '0' COMMENT 'Search item ID, e.g. node ID for nodes.',
  `langcode` varchar(12) CHARACTER SET ascii NOT NULL DEFAULT '' COMMENT 'The languages.langcode of the item variant.',
  `type` varchar(64) CHARACTER SET ascii NOT NULL COMMENT 'Type of item, e.g. node.',
  `data` longtext NOT NULL COMMENT 'List of space-separated words from the item.',
  `reindex` int(10) UNSIGNED NOT NULL DEFAULT '0' COMMENT 'Set to force node reindexing.',
  PRIMARY KEY (`sid`,`langcode`,`type`)
) ENGINE=InnoDB DEFAULT CHARSET=utf8mb4 COMMENT='Stores items that will be searched.';

--
-- Dumping data for table `search_dataset`
--

INSERT INTO `search_dataset` (`sid`, `langcode`, `type`, `data`, `reindex`) VALUES
(2, 'en', 'node_search', ' homepage homepage smeadmin wed 2052020 1459  smeff2021  smeff2021 register  smeff2021 register  smeff2021 register  smeff2021 why attend while significant progress has been made in driving the growth of green finance little of this has touched smes this is despite the fact that smes just as they contribute substantially to jobs creation and economies also cumulatively account for significant amounts of environmental and social problems this year s global sme finance forum will focus not only on the importance of greening sme finance and its role in promoting a more resilient and sustainable growth of the smes postcovid19 but also address some of the key issues and challenges especially on greenwashing data benchmarking and verification and misalignment between supply and demand  learn about industry trends meet industry leaders make partnerships business deals agenda greening sme finance toward a more sustainable and resilient future the conference will take place from october 18th to 21st and will convene global thought leaders climate finance advocates leading experts and practitioners in the field of sme finance to share their visions insights and experiences in promoting green finance for smes  book the dates in your agenda and stay tuned for more updates to come  speakers keynote speaker example speaker example 1 lorem ipsum dolor sit amet consectetur adipiscing elit sed do eiusmod speaker example 2 senior vice president of international institutions engagement for the strategic growth team of mastercard sponsors from 2020 gold silver bronze testimonials congratulations on the perfect organization both in terms of contents and for the efficient technology used for online delivery with a virtual conference environment so realistic a very deserved success giuseppe argiro intesa sanpaolo thank you for a very insightful and interesting conference my team and i attended different sessions and it was very interesting ali gokhan cengiz sme banking assistant general manager at teb excellent organization and quality event very userfriendly platform always on time with the usual diversity of players from across the globe congrats to you and your team paulina gonzalez pardo senior investment officer proparco strategic partners press coverage sdcasdasd asdasdas  ', 0),
(14, 'en', 'node_search', ' giuseppe argiro intesa sanpaolo giuseppe argiro intesa sanpaolo smeadmin thu 2132020 1228 congratulations on the perfect organization both in terms of contents and for the efficient technology used for online delivery with a virtual conference environment so realistic a very deserved success signature giuseppe argiro intesa sanpaolo  ', 0),
(15, 'en', 'node_search', ' ali gokhan cengiz sme banking assistant general manager at teb ali gokhan cengiz sme banking assistant general manager at teb smeadmin thu 2132020 1232 thank you for a very insightful and interesting conference my team and i attended different sessions and it was very interesting signature ali gokhan cengiz sme banking assistant general manager at teb  ', 0),
(16, 'en', 'node_search', ' u gro capital u gro capital smeadmin thu 2132020 1313 sponsor picture sponsor url https wwwugrocapitalcom  sponsor category gold ', 0),
(24, 'en', 'node_search', ' speaker example 2 speaker example 2 smeadmin wed 3112020 840 lorem ipsum dolor sit amet consectetur adipiscing elit sed do eiusmod tempor incididunt ut labore et dolore magna aliqua ut enim ad minim veniam quis nostrud exercitation ullamco laboris nisi ut aliquip ex ea commodo consequat first name speaker last name example 2 keynote vip speaker on techpitch speakers off regular off position senior vice president of international institutions engagement for the strategic growth team of mastercard twitter link https wwwifcorg wps wcm connect corpextcontent ifcexternalcorporatesit  linkedin link https wwwifcorg wps wcm connect corpextcontent ifcexternalcorporatesit  website link https wwwifcorg wps wcm connect corpextcontent ifcexternalcorporatesit  speaker picture  ', 0),
(38, 'en', 'node_search', ' global sme finance forum 2021 global sme finance forum 2021 smeadmin tue 5192020 1855 20211018 slide with white text off  image 6 september on register  sites default files 20210700smeffhpglobal2021mobilejpg  ', 0),
(39, 'en', 'node_search', ' lorem ipsum dolor sit amet consectetu lorem ipsum dolor sit amet consectetu smeadmin tue 5192020 1859 div id videoembed1 div id vivideo1container datavideoisplaying true dataaudiovolume 1 iframe allow autoplay allowfullscreen frameborder  id vibannervideo1 mozallowfullscreen src https playervimeocom video 624666498 autoplay 1 amp loop 1 amp title  amp byline  amp portrait  autopause  amp background 1 amp api 1 amp playerid vvvvimeovideo7000186 style position absolute top  left  width 100 height 100 webkitallowfullscreen iframe div div slide with white text off  image 5 test on sites default files 20211000smeffhpglobal2021mobilejpg  ', 0),
(40, 'en', 'node_search', ' speaker last name speaker last name smeadmin tue 5192020 1913 lorem ipsum dolor sit amet consectetur adipiscing elit sed do eiusmod tempor incididunt first name speaker last name last name keynote vip speaker off techpitch speakers on regular off speaker picture  ', 0),
(41, 'en', 'node_search', ' keynote speaker example keynote speaker example smeadmin tue 5192020 1915 lorem ipsum dolor sit amet consectetur adipiscing elit sed do eiusmod tempor incididunt lorem ipsum dolor sit amet consectetur adipiscing elit sed do eiusmod tempor incididunt first name keynote speaker last name example keynote vip speaker on techpitch speakers off regular off speaker picture  ', 0),
(42, 'en', 'node_search', ' speaker example 1 speaker example 1 smeadmin wed 6302021 828 lorem ipsum dolor sit amet consectetur adipiscing elit sed do eiusmod tempor incididunt ut labore et dolore magna aliqua first name speaker last name example 1 keynote vip speaker on techpitch speakers off regular off position lorem ipsum dolor sit amet consectetur adipiscing elit sed do eiusmod twitter link https wwwifcorg wps wcm connect corpextcontent ifcexternalcorporatesit  linkedin link https wwwifcorg wps wcm connect corpextcontent ifcexternalcorporatesit  website link https wwwifcorg wps wcm connect corpextcontent ifcexternalcorporatesit  speaker picture  ', 0),
(45, 'en', 'node_search', ' experian experian carina mon 7122021 2046 sponsor picture sponsor url https wwwexperiancom  sponsor category silver ', 0),
(47, 'en', 'node_search', ' s p market intelligence s p market intelligence carina mon 7122021 2048 sponsor picture sponsor url https wwwspglobalcom marketintelligence en  sponsor category bronze ', 0),
(48, 'en', 'node_search', ' vcita vcita carina mon 7122021 2049 sponsor picture sponsor url https wwwvcitacom industriesmenustyle icons sponsor category bronze ', 0),
(49, 'en', 'node_search', ' rural agri sme rural agri sme carina mon 7122021 2101 day october 18 speakers speaker example 2 topics agrifinance event type plenary ', 0),
(50, 'en', 'node_search', ' hpd lendscape hpd lendscape carina mon 7122021 2112 sponsor picture sponsor url https wwwhpdlendscapecom  sponsor category bronze ', 0),
(51, 'en', 'node_search', ' paulina gonzalez pardo senior investment officer proparco paulina gonzalez pardo senior investment officer proparco carina mon 7122021 2120 excellent organization and quality event very userfriendly platform always on time with the usual diversity of players from across the globe congrats to you and your team signature paulina gonzalez pardo senior investment officer proparco  ', 0),
(52, 'en', 'node_search', ' tourism panel tourism panel carina mon 7122021 2154 time of the event 900 1000 am location https bitly covidjuly1421 day october 19 topics tourism event type plenary ', 0),
(53, 'en', 'node_search', ' session 3 session 3 carina mon 7122021 2203 time of the event 1000 1200 location online day october 20 speakers speaker last name topics natural resources event type event closing ', 0);

-- --------------------------------------------------------

--
-- Table structure for table `search_index`
--

CREATE TABLE IF NOT EXISTS `search_index` (
  `word` varchar(50) NOT NULL DEFAULT '' COMMENT 'The search_total.word that is associated with the search item.',
  `sid` int(10) UNSIGNED NOT NULL DEFAULT '0' COMMENT 'The search_dataset.sid of the searchable item to which the word belongs.',
  `langcode` varchar(12) CHARACTER SET ascii NOT NULL DEFAULT '' COMMENT 'The languages.langcode of the item variant.',
  `type` varchar(64) CHARACTER SET ascii NOT NULL COMMENT 'The search_dataset.type of the searchable item to which the word belongs.',
  `score` float DEFAULT NULL COMMENT 'The numeric score of the word, higher being more important.',
  PRIMARY KEY (`word`,`sid`,`langcode`,`type`),
  KEY `sid_type` (`sid`,`langcode`,`type`)
) ENGINE=InnoDB DEFAULT CHARSET=utf8mb4 COMMENT='Stores the search index, associating words, items and…';

--
-- Dumping data for table `search_index`
--

INSERT INTO `search_index` (`word`, `sid`, `langcode`, `type`, `score`) VALUES
('1', 2, 'en', 'node_search', 27.1064),
('1', 39, 'en', 'node_search', 5),
('1', 42, 'en', 'node_search', 28),
('100', 39, 'en', 'node_search', 2),
('1000', 52, 'en', 'node_search', 1),
('1000', 53, 'en', 'node_search', 1),
('1200', 53, 'en', 'node_search', 1),
('1228', 14, 'en', 'node_search', 1),
('1232', 15, 'en', 'node_search', 1),
('1313', 16, 'en', 'node_search', 1),
('1459', 2, 'en', 'node_search', 1),
('18', 49, 'en', 'node_search', 11),
('1855', 38, 'en', 'node_search', 1),
('1859', 39, 'en', 'node_search', 1),
('18th', 2, 'en', 'node_search', 1),
('19', 52, 'en', 'node_search', 11),
('1913', 40, 'en', 'node_search', 1),
('1915', 41, 'en', 'node_search', 1),
('2', 2, 'en', 'node_search', 25.9862),
('2', 24, 'en', 'node_search', 28),
('2', 49, 'en', 'node_search', 11),
('20', 53, 'en', 'node_search', 11),
('2020', 2, 'en', 'node_search', 0.860547),
('2021', 38, 'en', 'node_search', 27),
('20210700smeffhpglobal2021mobilejpg', 38, 'en', 'node_search', 1),
('20211000smeffhpglobal2021mobilejpg', 39, 'en', 'node_search', 1),
('20211018', 38, 'en', 'node_search', 1),
('2046', 45, 'en', 'node_search', 1),
('2048', 47, 'en', 'node_search', 1),
('2049', 48, 'en', 'node_search', 1),
('2052020', 2, 'en', 'node_search', 1),
('2101', 49, 'en', 'node_search', 1),
('2112', 50, 'en', 'node_search', 1),
('2120', 51, 'en', 'node_search', 1),
('2132020', 14, 'en', 'node_search', 1),
('2132020', 15, 'en', 'node_search', 1),
('2132020', 16, 'en', 'node_search', 1),
('2154', 52, 'en', 'node_search', 1),
('21st', 2, 'en', 'node_search', 1),
('2203', 53, 'en', 'node_search', 1),
('3', 53, 'en', 'node_search', 27),
('3112020', 24, 'en', 'node_search', 1),
('5', 39, 'en', 'node_search', 1),
('5192020', 38, 'en', 'node_search', 1),
('5192020', 39, 'en', 'node_search', 1),
('5192020', 40, 'en', 'node_search', 1),
('5192020', 41, 'en', 'node_search', 1),
('6', 38, 'en', 'node_search', 1),
('624666498', 39, 'en', 'node_search', 1),
('6302021', 42, 'en', 'node_search', 1),
('7122021', 45, 'en', 'node_search', 1),
('7122021', 47, 'en', 'node_search', 1),
('7122021', 48, 'en', 'node_search', 1),
('7122021', 49, 'en', 'node_search', 1),
('7122021', 50, 'en', 'node_search', 1),
('7122021', 51, 'en', 'node_search', 1),
('7122021', 52, 'en', 'node_search', 1),
('7122021', 53, 'en', 'node_search', 1),
('828', 42, 'en', 'node_search', 1),
('840', 24, 'en', 'node_search', 1),
('900', 52, 'en', 'node_search', 1),
('about', 2, 'en', 'node_search', 1),
('absolute', 39, 'en', 'node_search', 1),
('account', 2, 'en', 'node_search', 1),
('across', 2, 'en', 'node_search', 0.722831),
('across', 51, 'en', 'node_search', 1),
('address', 2, 'en', 'node_search', 1),
('adipiscing', 2, 'en', 'node_search', 10.0072),
('adipiscing', 24, 'en', 'node_search', 1),
('adipiscing', 40, 'en', 'node_search', 1),
('adipiscing', 41, 'en', 'node_search', 2),
('adipiscing', 42, 'en', 'node_search', 2),
('advocates', 2, 'en', 'node_search', 1),
('agenda', 2, 'en', 'node_search', 4.85992),
('agri', 49, 'en', 'node_search', 27),
('agrifinance', 49, 'en', 'node_search', 11),
('ali', 2, 'en', 'node_search', 0.76431),
('ali', 15, 'en', 'node_search', 28),
('aliqua', 24, 'en', 'node_search', 1),
('aliqua', 42, 'en', 'node_search', 1),
('aliquip', 24, 'en', 'node_search', 1),
('allow', 39, 'en', 'node_search', 1),
('allowfullscreen', 39, 'en', 'node_search', 1),
('also', 2, 'en', 'node_search', 2),
('always', 2, 'en', 'node_search', 0.733888),
('always', 51, 'en', 'node_search', 1),
('amet', 2, 'en', 'node_search', 10.0841),
('amet', 24, 'en', 'node_search', 1),
('amet', 39, 'en', 'node_search', 27),
('amet', 40, 'en', 'node_search', 1),
('amet', 41, 'en', 'node_search', 2),
('amet', 42, 'en', 'node_search', 2),
('amounts', 2, 'en', 'node_search', 1),
('amp', 39, 'en', 'node_search', 7),
('and', 2, 'en', 'node_search', 41.4455),
('and', 14, 'en', 'node_search', 1),
('and', 15, 'en', 'node_search', 3),
('and', 51, 'en', 'node_search', 2),
('api', 39, 'en', 'node_search', 1),
('argiro', 2, 'en', 'node_search', 0.792123),
('argiro', 14, 'en', 'node_search', 28),
('asdasdas', 2, 'en', 'node_search', 0.695602),
('assistant', 2, 'en', 'node_search', 0.754681),
('assistant', 15, 'en', 'node_search', 28),
('attend', 2, 'en', 'node_search', 1),
('attended', 2, 'en', 'node_search', 0.774192),
('attended', 15, 'en', 'node_search', 1),
('autopause', 39, 'en', 'node_search', 1),
('autoplay', 39, 'en', 'node_search', 2),
('background', 39, 'en', 'node_search', 1),
('banking', 2, 'en', 'node_search', 0.757065),
('banking', 15, 'en', 'node_search', 28),
('been', 2, 'en', 'node_search', 1),
('benchmarking', 2, 'en', 'node_search', 1),
('between', 2, 'en', 'node_search', 1),
('bitly', 52, 'en', 'node_search', 1),
('book', 2, 'en', 'node_search', 3.9074),
('both', 2, 'en', 'node_search', 0.836446),
('both', 14, 'en', 'node_search', 1),
('bronze', 2, 'en', 'node_search', 0.851346),
('bronze', 47, 'en', 'node_search', 11),
('bronze', 48, 'en', 'node_search', 11),
('bronze', 50, 'en', 'node_search', 11),
('business', 2, 'en', 'node_search', 1),
('but', 2, 'en', 'node_search', 1),
('byline', 39, 'en', 'node_search', 1),
('capital', 16, 'en', 'node_search', 27),
('carina', 45, 'en', 'node_search', 1),
('carina', 47, 'en', 'node_search', 1),
('carina', 48, 'en', 'node_search', 1),
('carina', 49, 'en', 'node_search', 1),
('carina', 50, 'en', 'node_search', 1),
('carina', 51, 'en', 'node_search', 1),
('carina', 52, 'en', 'node_search', 1),
('carina', 53, 'en', 'node_search', 1),
('category', 16, 'en', 'node_search', 1),
('category', 45, 'en', 'node_search', 1),
('category', 47, 'en', 'node_search', 1),
('category', 48, 'en', 'node_search', 1),
('category', 50, 'en', 'node_search', 1),
('cengiz', 2, 'en', 'node_search', 0.759465),
('cengiz', 15, 'en', 'node_search', 28),
('challenges', 2, 'en', 'node_search', 1),
('climate', 2, 'en', 'node_search', 1),
('closing', 53, 'en', 'node_search', 11),
('come', 2, 'en', 'node_search', 3.81358),
('commodo', 24, 'en', 'node_search', 1),
('conference', 2, 'en', 'node_search', 2.58237),
('conference', 14, 'en', 'node_search', 1),
('conference', 15, 'en', 'node_search', 1),
('congrats', 2, 'en', 'node_search', 0.718502),
('congrats', 51, 'en', 'node_search', 1),
('congratulations', 2, 'en', 'node_search', 0.845322),
('congratulations', 14, 'en', 'node_search', 1),
('connect', 24, 'en', 'node_search', 33),
('connect', 42, 'en', 'node_search', 33),
('consectetu', 39, 'en', 'node_search', 27),
('consectetur', 2, 'en', 'node_search', 10.0455),
('consectetur', 24, 'en', 'node_search', 1),
('consectetur', 40, 'en', 'node_search', 1),
('consectetur', 41, 'en', 'node_search', 2),
('consectetur', 42, 'en', 'node_search', 2),
('consequat', 24, 'en', 'node_search', 1),
('contents', 2, 'en', 'node_search', 0.830633),
('contents', 14, 'en', 'node_search', 1),
('contribute', 2, 'en', 'node_search', 1),
('convene', 2, 'en', 'node_search', 1),
('corpextcontent', 24, 'en', 'node_search', 33),
('corpextcontent', 42, 'en', 'node_search', 33),
('coverage', 2, 'en', 'node_search', 0.699655),
('covidjuly1421', 52, 'en', 'node_search', 1),
('creation', 2, 'en', 'node_search', 1),
('cumulatively', 2, 'en', 'node_search', 1),
('data', 2, 'en', 'node_search', 1),
('dataaudiovolume', 39, 'en', 'node_search', 1),
('datavideoisplaying', 39, 'en', 'node_search', 1),
('dates', 2, 'en', 'node_search', 3.89144),
('day', 49, 'en', 'node_search', 1),
('day', 52, 'en', 'node_search', 1),
('day', 53, 'en', 'node_search', 1),
('deals', 2, 'en', 'node_search', 1),
('default', 38, 'en', 'node_search', 1),
('default', 39, 'en', 'node_search', 1),
('delivery', 2, 'en', 'node_search', 0.816452),
('delivery', 14, 'en', 'node_search', 1),
('demand', 2, 'en', 'node_search', 1),
('deserved', 2, 'en', 'node_search', 0.800068),
('deserved', 14, 'en', 'node_search', 1),
('despite', 2, 'en', 'node_search', 1),
('different', 2, 'en', 'node_search', 0.771698),
('different', 15, 'en', 'node_search', 1),
('div', 39, 'en', 'node_search', 4),
('diversity', 2, 'en', 'node_search', 0.727213),
('diversity', 51, 'en', 'node_search', 1),
('dolor', 2, 'en', 'node_search', 10.1622),
('dolor', 24, 'en', 'node_search', 1),
('dolor', 39, 'en', 'node_search', 27),
('dolor', 40, 'en', 'node_search', 1),
('dolor', 41, 'en', 'node_search', 2),
('dolor', 42, 'en', 'node_search', 2),
('dolore', 24, 'en', 'node_search', 1),
('dolore', 42, 'en', 'node_search', 1),
('driving', 2, 'en', 'node_search', 1),
('economies', 2, 'en', 'node_search', 1),
('efficient', 2, 'en', 'node_search', 0.827757),
('efficient', 14, 'en', 'node_search', 1),
('eiusmod', 2, 'en', 'node_search', 9.89399),
('eiusmod', 24, 'en', 'node_search', 1),
('eiusmod', 40, 'en', 'node_search', 1),
('eiusmod', 41, 'en', 'node_search', 2),
('eiusmod', 42, 'en', 'node_search', 2),
('elit', 2, 'en', 'node_search', 9.96916),
('elit', 24, 'en', 'node_search', 1),
('elit', 40, 'en', 'node_search', 1),
('elit', 41, 'en', 'node_search', 2),
('elit', 42, 'en', 'node_search', 2),
('engagement', 2, 'en', 'node_search', 9.6397),
('engagement', 24, 'en', 'node_search', 1),
('enim', 24, 'en', 'node_search', 1),
('environment', 2, 'en', 'node_search', 0.808176),
('environment', 14, 'en', 'node_search', 1),
('environmental', 2, 'en', 'node_search', 1),
('especially', 2, 'en', 'node_search', 1),
('event', 2, 'en', 'node_search', 0.740689),
('event', 49, 'en', 'node_search', 1),
('event', 51, 'en', 'node_search', 1),
('event', 52, 'en', 'node_search', 2),
('event', 53, 'en', 'node_search', 13),
('example', 2, 'en', 'node_search', 80.3057),
('example', 24, 'en', 'node_search', 28),
('example', 41, 'en', 'node_search', 28),
('example', 42, 'en', 'node_search', 28),
('example', 49, 'en', 'node_search', 11),
('excellent', 2, 'en', 'node_search', 0.745294),
('excellent', 51, 'en', 'node_search', 1),
('exercitation', 24, 'en', 'node_search', 1),
('experian', 45, 'en', 'node_search', 27),
('experiences', 2, 'en', 'node_search', 0.980874),
('experts', 2, 'en', 'node_search', 1),
('fact', 2, 'en', 'node_search', 1),
('field', 2, 'en', 'node_search', 1),
('files', 38, 'en', 'node_search', 1),
('files', 39, 'en', 'node_search', 1),
('finance', 2, 'en', 'node_search', 24.9742),
('finance', 38, 'en', 'node_search', 27),
('first', 24, 'en', 'node_search', 1),
('first', 40, 'en', 'node_search', 1),
('first', 41, 'en', 'node_search', 1),
('first', 42, 'en', 'node_search', 1),
('focus', 2, 'en', 'node_search', 1),
('for', 2, 'en', 'node_search', 17.8364),
('for', 14, 'en', 'node_search', 2),
('for', 15, 'en', 'node_search', 1),
('for', 24, 'en', 'node_search', 1),
('forum', 2, 'en', 'node_search', 1),
('forum', 38, 'en', 'node_search', 27),
('frameborder', 39, 'en', 'node_search', 1),
('from', 2, 'en', 'node_search', 2.58338),
('from', 51, 'en', 'node_search', 1),
('future', 2, 'en', 'node_search', 22),
('general', 2, 'en', 'node_search', 0.752312),
('general', 15, 'en', 'node_search', 28),
('giuseppe', 2, 'en', 'node_search', 0.794753),
('giuseppe', 14, 'en', 'node_search', 28),
('global', 2, 'en', 'node_search', 2),
('global', 38, 'en', 'node_search', 27),
('globe', 2, 'en', 'node_search', 0.72066),
('globe', 51, 'en', 'node_search', 1),
('gokhan', 2, 'en', 'node_search', 0.76188),
('gokhan', 15, 'en', 'node_search', 28),
('gold', 2, 'en', 'node_search', 0.857458),
('gold', 16, 'en', 'node_search', 11),
('gonzalez', 2, 'en', 'node_search', 0.714225),
('gonzalez', 51, 'en', 'node_search', 28),
('green', 2, 'en', 'node_search', 1.97685),
('greening', 2, 'en', 'node_search', 20),
('greenwashing', 2, 'en', 'node_search', 1),
('gro', 16, 'en', 'node_search', 27),
('growth', 2, 'en', 'node_search', 11.5695),
('growth', 24, 'en', 'node_search', 1),
('has', 2, 'en', 'node_search', 2),
('height', 39, 'en', 'node_search', 1),
('homepage', 2, 'en', 'node_search', 27),
('hpd', 50, 'en', 'node_search', 27),
('https', 16, 'en', 'node_search', 11),
('https', 24, 'en', 'node_search', 33),
('https', 39, 'en', 'node_search', 1),
('https', 42, 'en', 'node_search', 33),
('https', 45, 'en', 'node_search', 11),
('https', 47, 'en', 'node_search', 11),
('https', 48, 'en', 'node_search', 11),
('https', 50, 'en', 'node_search', 11),
('https', 52, 'en', 'node_search', 1),
('icons', 48, 'en', 'node_search', 11),
('ifcexternalcorporatesit', 24, 'en', 'node_search', 33),
('ifcexternalcorporatesit', 42, 'en', 'node_search', 33),
('iframe', 39, 'en', 'node_search', 2),
('image', 38, 'en', 'node_search', 1),
('image', 39, 'en', 'node_search', 1),
('importance', 2, 'en', 'node_search', 1),
('incididunt', 24, 'en', 'node_search', 1),
('incididunt', 40, 'en', 'node_search', 1),
('incididunt', 41, 'en', 'node_search', 2),
('incididunt', 42, 'en', 'node_search', 1),
('industriesmenustyle', 48, 'en', 'node_search', 11),
('industry', 2, 'en', 'node_search', 2),
('insightful', 2, 'en', 'node_search', 0.779231),
('insightful', 15, 'en', 'node_search', 1),
('insights', 2, 'en', 'node_search', 0.98493),
('institutions', 2, 'en', 'node_search', 9.67522),
('institutions', 24, 'en', 'node_search', 1),
('intelligence', 47, 'en', 'node_search', 27),
('interesting', 2, 'en', 'node_search', 1.54101),
('interesting', 15, 'en', 'node_search', 2),
('international', 2, 'en', 'node_search', 9.711),
('international', 24, 'en', 'node_search', 1),
('intesa', 2, 'en', 'node_search', 0.78951),
('intesa', 14, 'en', 'node_search', 28),
('investment', 2, 'en', 'node_search', 0.71),
('investment', 51, 'en', 'node_search', 28),
('ipsum', 2, 'en', 'node_search', 10.2017),
('ipsum', 24, 'en', 'node_search', 1),
('ipsum', 39, 'en', 'node_search', 27),
('ipsum', 40, 'en', 'node_search', 1),
('ipsum', 41, 'en', 'node_search', 2),
('ipsum', 42, 'en', 'node_search', 2),
('issues', 2, 'en', 'node_search', 1),
('its', 2, 'en', 'node_search', 1),
('jobs', 2, 'en', 'node_search', 1),
('just', 2, 'en', 'node_search', 1),
('key', 2, 'en', 'node_search', 1),
('keynote', 2, 'en', 'node_search', 27.429),
('keynote', 24, 'en', 'node_search', 1),
('keynote', 40, 'en', 'node_search', 1),
('keynote', 41, 'en', 'node_search', 29),
('keynote', 42, 'en', 'node_search', 1),
('labore', 24, 'en', 'node_search', 1),
('labore', 42, 'en', 'node_search', 1),
('laboris', 24, 'en', 'node_search', 1),
('last', 24, 'en', 'node_search', 1),
('last', 40, 'en', 'node_search', 29),
('last', 41, 'en', 'node_search', 1),
('last', 42, 'en', 'node_search', 1),
('last', 53, 'en', 'node_search', 11),
('leaders', 2, 'en', 'node_search', 2),
('leading', 2, 'en', 'node_search', 1),
('learn', 2, 'en', 'node_search', 1),
('left', 39, 'en', 'node_search', 1),
('lendscape', 50, 'en', 'node_search', 27),
('link', 24, 'en', 'node_search', 3),
('link', 42, 'en', 'node_search', 3),
('linkedin', 24, 'en', 'node_search', 1),
('linkedin', 42, 'en', 'node_search', 1),
('little', 2, 'en', 'node_search', 1),
('location', 52, 'en', 'node_search', 1),
('location', 53, 'en', 'node_search', 1),
('loop', 39, 'en', 'node_search', 1),
('lorem', 2, 'en', 'node_search', 10.2416),
('lorem', 24, 'en', 'node_search', 1),
('lorem', 39, 'en', 'node_search', 27),
('lorem', 40, 'en', 'node_search', 1),
('lorem', 41, 'en', 'node_search', 2),
('lorem', 42, 'en', 'node_search', 2),
('made', 2, 'en', 'node_search', 1),
('magna', 24, 'en', 'node_search', 1),
('magna', 42, 'en', 'node_search', 1),
('make', 2, 'en', 'node_search', 1),
('manager', 2, 'en', 'node_search', 0.749958),
('manager', 15, 'en', 'node_search', 28),
('market', 47, 'en', 'node_search', 27),
('marketintelligence', 47, 'en', 'node_search', 11),
('mastercard', 2, 'en', 'node_search', 9.53472),
('mastercard', 24, 'en', 'node_search', 1),
('meet', 2, 'en', 'node_search', 1),
('minim', 24, 'en', 'node_search', 1),
('misalignment', 2, 'en', 'node_search', 1),
('mon', 45, 'en', 'node_search', 1),
('mon', 47, 'en', 'node_search', 1),
('mon', 48, 'en', 'node_search', 1),
('mon', 49, 'en', 'node_search', 1),
('mon', 50, 'en', 'node_search', 1),
('mon', 51, 'en', 'node_search', 1),
('mon', 52, 'en', 'node_search', 1),
('mon', 53, 'en', 'node_search', 1),
('more', 2, 'en', 'node_search', 26.8289),
('mozallowfullscreen', 39, 'en', 'node_search', 1),
('name', 24, 'en', 'node_search', 2),
('name', 40, 'en', 'node_search', 30),
('name', 41, 'en', 'node_search', 2),
('name', 42, 'en', 'node_search', 2),
('name', 53, 'en', 'node_search', 11),
('natural', 53, 'en', 'node_search', 11),
('nisi', 24, 'en', 'node_search', 1),
('nostrud', 24, 'en', 'node_search', 1),
('not', 2, 'en', 'node_search', 1),
('october', 2, 'en', 'node_search', 1),
('october', 49, 'en', 'node_search', 11),
('october', 52, 'en', 'node_search', 11),
('october', 53, 'en', 'node_search', 11),
('off', 24, 'en', 'node_search', 2),
('off', 38, 'en', 'node_search', 1),
('off', 39, 'en', 'node_search', 1),
('off', 40, 'en', 'node_search', 2),
('off', 41, 'en', 'node_search', 2),
('off', 42, 'en', 'node_search', 2),
('officer', 2, 'en', 'node_search', 0.707906),
('officer', 51, 'en', 'node_search', 28),
('online', 2, 'en', 'node_search', 0.819249),
('online', 14, 'en', 'node_search', 1),
('online', 53, 'en', 'node_search', 1),
('only', 2, 'en', 'node_search', 1),
('organization', 2, 'en', 'node_search', 1.58237),
('organization', 14, 'en', 'node_search', 1),
('organization', 51, 'en', 'node_search', 1),
('panel', 52, 'en', 'node_search', 27),
('pardo', 2, 'en', 'node_search', 0.712106),
('pardo', 51, 'en', 'node_search', 28),
('partners', 2, 'en', 'node_search', 0.703756),
('partnerships', 2, 'en', 'node_search', 1),
('paulina', 2, 'en', 'node_search', 0.716357),
('paulina', 51, 'en', 'node_search', 28),
('perfect', 2, 'en', 'node_search', 0.842342),
('perfect', 14, 'en', 'node_search', 1),
('picture', 16, 'en', 'node_search', 1),
('picture', 24, 'en', 'node_search', 1),
('picture', 40, 'en', 'node_search', 1),
('picture', 41, 'en', 'node_search', 1),
('picture', 42, 'en', 'node_search', 1),
('picture', 45, 'en', 'node_search', 1),
('picture', 47, 'en', 'node_search', 1),
('picture', 48, 'en', 'node_search', 1),
('picture', 50, 'en', 'node_search', 1),
('place', 2, 'en', 'node_search', 1),
('platform', 2, 'en', 'node_search', 0.736141),
('platform', 51, 'en', 'node_search', 1),
('playerid', 39, 'en', 'node_search', 1),
('players', 2, 'en', 'node_search', 0.725015),
('players', 51, 'en', 'node_search', 1),
('playervimeocom', 39, 'en', 'node_search', 1),
('plenary', 49, 'en', 'node_search', 11),
('plenary', 52, 'en', 'node_search', 11),
('portrait', 39, 'en', 'node_search', 1),
('position', 24, 'en', 'node_search', 1),
('position', 39, 'en', 'node_search', 1),
('position', 42, 'en', 'node_search', 1),
('postcovid19', 2, 'en', 'node_search', 1),
('practitioners', 2, 'en', 'node_search', 1),
('president', 2, 'en', 'node_search', 9.74705),
('president', 24, 'en', 'node_search', 1),
('press', 2, 'en', 'node_search', 0.7017),
('problems', 2, 'en', 'node_search', 1),
('progress', 2, 'en', 'node_search', 1),
('promoting', 2, 'en', 'node_search', 1.97685),
('proparco', 2, 'en', 'node_search', 0.705825),
('proparco', 51, 'en', 'node_search', 28),
('quality', 2, 'en', 'node_search', 0.742984),
('quality', 51, 'en', 'node_search', 1),
('quis', 24, 'en', 'node_search', 1),
('realistic', 2, 'en', 'node_search', 0.805455),
('realistic', 14, 'en', 'node_search', 1),
('register', 2, 'en', 'node_search', 33),
('register', 38, 'en', 'node_search', 11),
('regular', 24, 'en', 'node_search', 1),
('regular', 40, 'en', 'node_search', 1),
('regular', 41, 'en', 'node_search', 1),
('regular', 42, 'en', 'node_search', 1),
('resilient', 2, 'en', 'node_search', 23),
('resources', 53, 'en', 'node_search', 11),
('role', 2, 'en', 'node_search', 1),
('rural', 49, 'en', 'node_search', 27),
('sanpaolo', 2, 'en', 'node_search', 0.786915),
('sanpaolo', 14, 'en', 'node_search', 28),
('sdcasdasd', 2, 'en', 'node_search', 0.697623),
('sed', 2, 'en', 'node_search', 9.93143),
('sed', 24, 'en', 'node_search', 1),
('sed', 40, 'en', 'node_search', 1),
('sed', 41, 'en', 'node_search', 2),
('sed', 42, 'en', 'node_search', 2),
('senior', 2, 'en', 'node_search', 10.53),
('senior', 24, 'en', 'node_search', 1),
('senior', 51, 'en', 'node_search', 28),
('september', 38, 'en', 'node_search', 1),
('session', 53, 'en', 'node_search', 27),
('sessions', 2, 'en', 'node_search', 0.769219),
('sessions', 15, 'en', 'node_search', 1),
('share', 2, 'en', 'node_search', 0.997306),
('signature', 14, 'en', 'node_search', 1),
('signature', 15, 'en', 'node_search', 1),
('signature', 51, 'en', 'node_search', 1),
('significant', 2, 'en', 'node_search', 2),
('silver', 2, 'en', 'node_search', 0.854391),
('silver', 45, 'en', 'node_search', 11),
('sit', 2, 'en', 'node_search', 10.123),
('sit', 24, 'en', 'node_search', 1),
('sit', 39, 'en', 'node_search', 27),
('sit', 40, 'en', 'node_search', 1),
('sit', 41, 'en', 'node_search', 2),
('sit', 42, 'en', 'node_search', 2),
('sites', 38, 'en', 'node_search', 1),
('sites', 39, 'en', 'node_search', 1),
('slide', 38, 'en', 'node_search', 1),
('slide', 39, 'en', 'node_search', 1),
('sme', 2, 'en', 'node_search', 22.7544),
('sme', 15, 'en', 'node_search', 28),
('sme', 38, 'en', 'node_search', 27),
('sme', 49, 'en', 'node_search', 27),
('smeadmin', 2, 'en', 'node_search', 1),
('smeadmin', 14, 'en', 'node_search', 1),
('smeadmin', 15, 'en', 'node_search', 1),
('smeadmin', 16, 'en', 'node_search', 1),
('smeadmin', 24, 'en', 'node_search', 1),
('smeadmin', 38, 'en', 'node_search', 1),
('smeadmin', 39, 'en', 'node_search', 1),
('smeadmin', 40, 'en', 'node_search', 1),
('smeadmin', 41, 'en', 'node_search', 1),
('smeadmin', 42, 'en', 'node_search', 1),
('smeff2021', 2, 'en', 'node_search', 5),
('smes', 2, 'en', 'node_search', 3.97685),
('social', 2, 'en', 'node_search', 1),
('some', 2, 'en', 'node_search', 1),
('speaker', 2, 'en', 'node_search', 80.4132),
('speaker', 24, 'en', 'node_search', 30),
('speaker', 40, 'en', 'node_search', 30),
('speaker', 41, 'en', 'node_search', 30),
('speaker', 42, 'en', 'node_search', 30),
('speaker', 49, 'en', 'node_search', 11),
('speaker', 53, 'en', 'node_search', 11),
('speakers', 2, 'en', 'node_search', 0.949597),
('speakers', 24, 'en', 'node_search', 1),
('speakers', 40, 'en', 'node_search', 1),
('speakers', 41, 'en', 'node_search', 1),
('speakers', 42, 'en', 'node_search', 1),
('speakers', 49, 'en', 'node_search', 1),
('speakers', 53, 'en', 'node_search', 1),
('sponsor', 16, 'en', 'node_search', 3),
('sponsor', 45, 'en', 'node_search', 3),
('sponsor', 47, 'en', 'node_search', 3),
('sponsor', 48, 'en', 'node_search', 3),
('sponsor', 50, 'en', 'node_search', 3),
('sponsors', 2, 'en', 'node_search', 0.863659),
('src', 39, 'en', 'node_search', 1),
('stay', 2, 'en', 'node_search', 3.85992),
('strategic', 2, 'en', 'node_search', 10.3082),
('strategic', 24, 'en', 'node_search', 1),
('style', 39, 'en', 'node_search', 1),
('substantially', 2, 'en', 'node_search', 1),
('success', 2, 'en', 'node_search', 0.797402),
('success', 14, 'en', 'node_search', 1),
('supply', 2, 'en', 'node_search', 1),
('sustainable', 2, 'en', 'node_search', 23),
('take', 2, 'en', 'node_search', 1),
('team', 2, 'en', 'node_search', 11.06),
('team', 15, 'en', 'node_search', 1),
('team', 24, 'en', 'node_search', 1),
('team', 51, 'en', 'node_search', 1),
('teb', 2, 'en', 'node_search', 0.747619),
('teb', 15, 'en', 'node_search', 28),
('technology', 2, 'en', 'node_search', 0.824901),
('technology', 14, 'en', 'node_search', 1),
('techpitch', 24, 'en', 'node_search', 1),
('techpitch', 40, 'en', 'node_search', 1),
('techpitch', 41, 'en', 'node_search', 1),
('techpitch', 42, 'en', 'node_search', 1),
('tempor', 24, 'en', 'node_search', 1),
('tempor', 40, 'en', 'node_search', 1),
('tempor', 41, 'en', 'node_search', 2),
('tempor', 42, 'en', 'node_search', 1),
('terms', 2, 'en', 'node_search', 0.833529),
('terms', 14, 'en', 'node_search', 1),
('test', 39, 'en', 'node_search', 1),
('testimonials', 2, 'en', 'node_search', 0.848323),
('text', 38, 'en', 'node_search', 1),
('text', 39, 'en', 'node_search', 1),
('thank', 2, 'en', 'node_search', 0.784336),
('thank', 15, 'en', 'node_search', 1),
('that', 2, 'en', 'node_search', 1),
('the', 2, 'en', 'node_search', 23.6161),
('the', 14, 'en', 'node_search', 2),
('the', 24, 'en', 'node_search', 1),
('the', 51, 'en', 'node_search', 2),
('the', 52, 'en', 'node_search', 1),
('the', 53, 'en', 'node_search', 1),
('their', 2, 'en', 'node_search', 0.993146),
('they', 2, 'en', 'node_search', 1),
('this', 2, 'en', 'node_search', 3),
('thought', 2, 'en', 'node_search', 1),
('thu', 14, 'en', 'node_search', 1),
('thu', 15, 'en', 'node_search', 1),
('thu', 16, 'en', 'node_search', 1),
('time', 2, 'en', 'node_search', 0.731649),
('time', 51, 'en', 'node_search', 1),
('time', 52, 'en', 'node_search', 1),
('time', 53, 'en', 'node_search', 1),
('title', 39, 'en', 'node_search', 1),
('top', 39, 'en', 'node_search', 1),
('topics', 49, 'en', 'node_search', 1),
('topics', 52, 'en', 'node_search', 1),
('topics', 53, 'en', 'node_search', 1),
('touched', 2, 'en', 'node_search', 1),
('tourism', 52, 'en', 'node_search', 38),
('toward', 2, 'en', 'node_search', 22),
('trends', 2, 'en', 'node_search', 1),
('true', 39, 'en', 'node_search', 1),
('tue', 38, 'en', 'node_search', 1),
('tue', 39, 'en', 'node_search', 1),
('tue', 40, 'en', 'node_search', 1),
('tue', 41, 'en', 'node_search', 1),
('tuned', 2, 'en', 'node_search', 3.84435),
('twitter', 24, 'en', 'node_search', 1),
('twitter', 42, 'en', 'node_search', 1),
('type', 49, 'en', 'node_search', 1),
('type', 52, 'en', 'node_search', 1),
('type', 53, 'en', 'node_search', 1),
('ullamco', 24, 'en', 'node_search', 1),
('updates', 2, 'en', 'node_search', 3.8289),
('url', 16, 'en', 'node_search', 1),
('url', 45, 'en', 'node_search', 1),
('url', 47, 'en', 'node_search', 1),
('url', 48, 'en', 'node_search', 1),
('url', 50, 'en', 'node_search', 1),
('used', 2, 'en', 'node_search', 0.822065),
('used', 14, 'en', 'node_search', 1),
('userfriendly', 2, 'en', 'node_search', 0.738408),
('userfriendly', 51, 'en', 'node_search', 1),
('usual', 2, 'en', 'node_search', 0.729424),
('usual', 51, 'en', 'node_search', 1),
('vcita', 48, 'en', 'node_search', 27),
('veniam', 24, 'en', 'node_search', 1),
('verification', 2, 'en', 'node_search', 1),
('very', 2, 'en', 'node_search', 3.0847),
('very', 14, 'en', 'node_search', 1),
('very', 15, 'en', 'node_search', 2),
('very', 51, 'en', 'node_search', 1),
('vibannervideo1', 39, 'en', 'node_search', 1),
('vice', 2, 'en', 'node_search', 9.78337),
('vice', 24, 'en', 'node_search', 1),
('video', 39, 'en', 'node_search', 1),
('videoembed1', 39, 'en', 'node_search', 1),
('vip', 24, 'en', 'node_search', 1),
('vip', 40, 'en', 'node_search', 1),
('vip', 41, 'en', 'node_search', 1),
('vip', 42, 'en', 'node_search', 1),
('virtual', 2, 'en', 'node_search', 0.810915),
('virtual', 14, 'en', 'node_search', 1),
('visions', 2, 'en', 'node_search', 0.989021),
('vivideo1container', 39, 'en', 'node_search', 1),
('vvvvimeovideo7000186', 39, 'en', 'node_search', 1),
('was', 2, 'en', 'node_search', 0.766757),
('was', 15, 'en', 'node_search', 1),
('wcm', 24, 'en', 'node_search', 33),
('wcm', 42, 'en', 'node_search', 33),
('webkitallowfullscreen', 39, 'en', 'node_search', 1),
('website', 24, 'en', 'node_search', 1),
('website', 42, 'en', 'node_search', 1),
('wed', 2, 'en', 'node_search', 1),
('wed', 24, 'en', 'node_search', 1),
('wed', 42, 'en', 'node_search', 1),
('while', 2, 'en', 'node_search', 1),
('white', 38, 'en', 'node_search', 1),
('white', 39, 'en', 'node_search', 1),
('why', 2, 'en', 'node_search', 1),
('width', 39, 'en', 'node_search', 1),
('will', 2, 'en', 'node_search', 3),
('with', 2, 'en', 'node_search', 1.5431),
('with', 14, 'en', 'node_search', 1),
('with', 38, 'en', 'node_search', 1),
('with', 39, 'en', 'node_search', 1),
('with', 51, 'en', 'node_search', 1),
('wps', 24, 'en', 'node_search', 33),
('wps', 42, 'en', 'node_search', 33),
('wwwexperiancom', 45, 'en', 'node_search', 11),
('wwwhpdlendscapecom', 50, 'en', 'node_search', 11),
('wwwifcorg', 24, 'en', 'node_search', 33),
('wwwifcorg', 42, 'en', 'node_search', 33),
('wwwspglobalcom', 47, 'en', 'node_search', 11),
('wwwugrocapitalcom', 16, 'en', 'node_search', 11),
('wwwvcitacom', 48, 'en', 'node_search', 11),
('year', 2, 'en', 'node_search', 1),
('you', 2, 'en', 'node_search', 1.49813),
('you', 15, 'en', 'node_search', 1),
('you', 51, 'en', 'node_search', 1),
('your', 2, 'en', 'node_search', 4.59197),
('your', 51, 'en', 'node_search', 1);

-- --------------------------------------------------------

--
-- Table structure for table `search_total`
--

CREATE TABLE IF NOT EXISTS `search_total` (
  `word` varchar(50) NOT NULL DEFAULT '' COMMENT 'Primary Key: Unique word in the search index.',
  `count` float DEFAULT NULL COMMENT 'The count of the word in the index using Zipf''s law to equalize the probability distribution.',
  PRIMARY KEY (`word`)
) ENGINE=InnoDB DEFAULT CHARSET=utf8mb4 COMMENT='Stores search totals for words.';

--
-- Dumping data for table `search_total`
--

INSERT INTO `search_total` (`word`, `count`) VALUES
('1', 0.00716598),
('100', 0.176091),
('1000', 0.0601132),
('1200', 0.113036),
('1228', 0.30103),
('1232', 0.30103),
('1313', 0.30103),
('1459', 0.30103),
('18', 0.0187016),
('1855', 0.30103),
('1859', 0.30103),
('18th', 0.30103),
('19', 0.0187637),
('1913', 0.30103),
('1915', 0.30103),
('2', 0.00663198),
('20', 0.0188082),
('2020', 0.30103),
('2021', 0.0157943),
('20210700smeffhpglobal2021mobilejpg', 0.30103),
('20211000smeffhpglobal2021mobilejpg', 0.30103),
('20211018', 0.30103),
('2046', 0.30103),
('2048', 0.30103),
('2049', 0.30103),
('2052020', 0.30103),
('2101', 0.30103),
('2112', 0.30103),
('2120', 0.30103),
('2132020', 0.124939),
('2154', 0.30103),
('21st', 0.30103),
('2203', 0.30103),
('3', 0.00690729),
('3112020', 0.30103),
('5', 0.30103),
('5192020', 0.09691),
('6', 0.30103),
('624666498', 0.30103),
('6302021', 0.30103),
('7122021', 0.0511525),
('828', 0.30103),
('840', 0.30103),
('900', 0.112699),
('about', 0.30103),
('absolute', 0.30103),
('account', 0.30103),
('across', 0.198778),
('address', 0.30103),
('adipiscing', 0.0263175),
('advocates', 0.30103),
('agenda', 0.0812626),
('agri', 0.00683089),
('agrifinance', 0.029342),
('ali', 0.0148419),
('aliqua', 0.176091),
('aliquip', 0.30103),
('allow', 0.30103),
('allowfullscreen', 0.30103),
('also', 0.176091),
('always', 0.19776),
('amet', 0.00996496),
('amounts', 0.30103),
('amp', 0.0579919),
('and', 0.00905841),
('api', 0.30103),
('argiro', 0.0148278),
('asdasdas', 0.30103),
('assistant', 0.0148467),
('attend', 0.30103),
('attended', 0.194136),
('autopause', 0.30103),
('autoplay', 0.176091),
('background', 0.30103),
('banking', 0.0148455),
('been', 0.30103),
('benchmarking', 0.30103),
('between', 0.30103),
('bitly', 0.113026),
('book', 0.0989635),
('both', 0.188796),
('bronze', 0.0126436),
('business', 0.30103),
('but', 0.30103),
('byline', 0.30103),
('capital', 0.0157943),
('carina', 0.0511525),
('category', 0.0791812),
('cengiz', 0.0148443),
('challenges', 0.30103),
('climate', 0.30103),
('closing', 0.0295025),
('come', 0.101135),
('commodo', 0.30103),
('conference', 0.0857285),
('congrats', 0.19918),
('congratulations', 0.188059),
('connect', 0.00653087),
('consectetu', 0.0157943),
('consectetur', 0.0262565),
('consequat', 0.30103),
('contents', 0.189282),
('contribute', 0.30103),
('convene', 0.30103),
('corpextcontent', 0.00653087),
('coverage', 0.30103),
('covidjuly1421', 0.113106),
('creation', 0.30103),
('cumulatively', 0.30103),
('data', 0.30103),
('dataaudiovolume', 0.30103),
('datavideoisplaying', 0.30103),
('dates', 0.0993263),
('day', 0.124939),
('deals', 0.30103),
('default', 0.176091),
('delivery', 0.190478),
('demand', 0.30103),
('deserved', 0.19188),
('despite', 0.30103),
('different', 0.194356),
('div', 0.09691),
('diversity', 0.198373),
('dolor', 0.00994712),
('dolore', 0.176091),
('driving', 0.30103),
('economies', 0.30103),
('efficient', 0.189524),
('eiusmod', 0.0264993),
('elit', 0.0263783),
('engagement', 0.0390124),
('enim', 0.30103),
('environment', 0.191184),
('environmental', 0.30103),
('especially', 0.30103),
('event', 0.0238151),
('example', 0.00247032),
('excellent', 0.19672),
('exercitation', 0.30103),
('experian', 0.0157943),
('experiences', 0.30103),
('experts', 0.30103),
('fact', 0.30103),
('field', 0.30103),
('files', 0.176091),
('finance', 0.0082766),
('first', 0.09691),
('focus', 0.30103),
('for', 0.0194466),
('forum', 0.01524),
('frameborder', 0.30103),
('from', 0.106893),
('future', 0.0193052),
('general', 0.0148479),
('giuseppe', 0.0148264),
('global', 0.0147233),
('globe', 0.198979),
('gokhan', 0.0148431),
('gold', 0.0351635),
('gonzalez', 0.0148673),
('green', 0.177783),
('greening', 0.0211893),
('greenwashing', 0.30103),
('gro', 0.0157943),
('growth', 0.0332459),
('has', 0.176091),
('height', 0.30103),
('homepage', 0.0157943),
('hpd', 0.0157943),
('https', 0.00351657),
('icons', 0.0377886),
('ifcexternalcorporatesit', 0.00653087),
('iframe', 0.176091),
('image', 0.176091),
('importance', 0.30103),
('incididunt', 0.0669468),
('industriesmenustyle', 0.0377886),
('industry', 0.176091),
('insightful', 0.193692),
('insights', 0.30103),
('institutions', 0.0388882),
('intelligence', 0.0157943),
('interesting', 0.108025),
('international', 0.038764),
('intesa', 0.0148291),
('investment', 0.0148695),
('ipsum', 0.00993813),
('issues', 0.30103),
('its', 0.30103),
('jobs', 0.30103),
('just', 0.30103),
('key', 0.30103),
('keynote', 0.00724698),
('labore', 0.176091),
('laboris', 0.30103),
('last', 0.00821023),
('leaders', 0.176091),
('leading', 0.30103),
('learn', 0.30103),
('left', 0.30103),
('lendscape', 0.0157943),
('link', 0.0669468),
('linkedin', 0.176091),
('little', 0.30103),
('location', 0.176091),
('loop', 0.30103),
('lorem', 0.00992907),
('made', 0.30103),
('magna', 0.176091),
('make', 0.30103),
('manager', 0.0148491),
('market', 0.0157943),
('marketintelligence', 0.0377886),
('mastercard', 0.039384),
('meet', 0.30103),
('minim', 0.30103),
('misalignment', 0.30103),
('mon', 0.0511525),
('more', 0.0158932),
('mozallowfullscreen', 0.30103),
('name', 0.00763751),
('natural', 0.0294566),
('nisi', 0.30103),
('nostrud', 0.30103),
('not', 0.30103),
('october', 0.0125891),
('off', 0.0413927),
('officer', 0.0148705),
('online', 0.131845),
('only', 0.30103),
('organization', 0.10692),
('panel', 0.00688888),
('pardo', 0.0148684),
('partners', 0.30103),
('partnerships', 0.30103),
('paulina', 0.0148662),
('perfect', 0.188306),
('picture', 0.0457575),
('place', 0.30103),
('platform', 0.197553),
('playerid', 0.30103),
('players', 0.198576),
('playervimeocom', 0.30103),
('plenary', 0.0158825),
('portrait', 0.30103),
('position', 0.124939),
('postcovid19', 0.30103),
('practitioners', 0.30103),
('president', 0.0386396),
('press', 0.30103),
('problems', 0.30103),
('progress', 0.30103),
('promoting', 0.177783),
('proparco', 0.0148716),
('quality', 0.19693),
('quis', 0.30103),
('realistic', 0.191417),
('register', 0.00975984),
('regular', 0.09691),
('resilient', 0.0184834),
('resources', 0.0294633),
('role', 0.30103),
('rural', 0.00682596),
('sanpaolo', 0.0148304),
('sdcasdasd', 0.30103),
('sed', 0.0264389),
('senior', 0.0108498),
('september', 0.30103),
('session', 0.0069029),
('sessions', 0.194576),
('share', 0.30103),
('signature', 0.124939),
('significant', 0.176091),
('silver', 0.0351723),
('sit', 0.00995607),
('sites', 0.176091),
('slide', 0.176091),
('sme', 0.00412617),
('smeadmin', 0.0413927),
('smeff2021', 0.0791812),
('smes', 0.0974153),
('social', 0.30103),
('some', 0.30103),
('speaker', 0.00194827),
('speakers', 0.0583855),
('sponsor', 0.0280287),
('sponsors', 0.30103),
('src', 0.30103),
('stay', 0.100051),
('strategic', 0.036801),
('style', 0.30103),
('substantially', 0.30103),
('success', 0.19211),
('supply', 0.30103),
('sustainable', 0.0184834),
('take', 0.30103),
('team', 0.0298396),
('teb', 0.0148503),
('technology', 0.189764),
('techpitch', 0.09691),
('tempor', 0.0669468),
('terms', 0.18904),
('test', 0.30103),
('testimonials', 0.30103),
('text', 0.176091),
('thank', 0.193245),
('that', 0.30103),
('the', 0.0139584),
('their', 0.30103),
('they', 0.30103),
('this', 0.124939),
('thought', 0.30103),
('thu', 0.124939),
('time', 0.103112),
('title', 0.30103),
('top', 0.30103),
('topics', 0.0840269),
('touched', 0.30103),
('tourism', 0.005619),
('toward', 0.0193052),
('trends', 0.30103),
('true', 0.30103),
('tue', 0.09691),
('tuned', 0.100413),
('twitter', 0.176091),
('type', 0.124939),
('ullamco', 0.30103),
('updates', 0.100774),
('url', 0.0791812),
('used', 0.190003),
('userfriendly', 0.197346),
('usual', 0.198169),
('vcita', 0.0157943),
('veniam', 0.30103),
('verification', 0.30103),
('very', 0.0573424),
('vibannervideo1', 0.30103),
('vice', 0.038515),
('video', 0.30103),
('videoembed1', 0.30103),
('vip', 0.09691),
('virtual', 0.19095),
('visions', 0.30103),
('vivideo1container', 0.30103),
('vvvvimeovideo7000186', 0.30103),
('was', 0.194794),
('wcm', 0.00653087),
('webkitallowfullscreen', 0.30103),
('website', 0.176091),
('wed', 0.124939),
('while', 0.30103),
('white', 0.176091),
('why', 0.30103),
('width', 0.30103),
('will', 0.124939),
('with', 0.0720309),
('wps', 0.00653087),
('wwwexperiancom', 0.0377886),
('wwwhpdlendscapecom', 0.0377886),
('wwwifcorg', 0.00653087),
('wwwspglobalcom', 0.0377886),
('wwwugrocapitalcom', 0.0377886),
('wwwvcitacom', 0.0377886),
('year', 0.30103),
('you', 0.109196),
('your', 0.0714503);

-- --------------------------------------------------------

--
-- Table structure for table `semaphore`
--

CREATE TABLE IF NOT EXISTS `semaphore` (
  `name` varchar(255) CHARACTER SET ascii NOT NULL DEFAULT '' COMMENT 'Primary Key: Unique name.',
  `value` varchar(255) CHARACTER SET ascii NOT NULL DEFAULT '' COMMENT 'A value for the semaphore.',
  `expire` double NOT NULL COMMENT 'A Unix timestamp with microseconds indicating when the semaphore should expire.',
  PRIMARY KEY (`name`),
  KEY `value` (`value`),
  KEY `expire` (`expire`)
) ENGINE=InnoDB DEFAULT CHARSET=utf8mb4 COMMENT='Table for holding semaphores, locks, flags, etc. that…';

-- --------------------------------------------------------

--
-- Table structure for table `sequences`
--

CREATE TABLE IF NOT EXISTS `sequences` (
  `value` int(10) UNSIGNED NOT NULL AUTO_INCREMENT COMMENT 'The value of the sequence.',
  PRIMARY KEY (`value`)
) ENGINE=InnoDB AUTO_INCREMENT=29 DEFAULT CHARSET=utf8mb4 COMMENT='Stores IDs.';

--
-- Dumping data for table `sequences`
--

INSERT INTO `sequences` (`value`) VALUES
(28);

-- --------------------------------------------------------

--
-- Table structure for table `sessions`
--

CREATE TABLE IF NOT EXISTS `sessions` (
  `uid` int(10) UNSIGNED NOT NULL COMMENT 'The users.uid corresponding to a session, or 0 for anonymous user.',
  `sid` varchar(128) CHARACTER SET ascii NOT NULL COMMENT 'A session ID (hashed). The value is generated by Drupal''s session handlers.',
  `hostname` varchar(128) CHARACTER SET ascii NOT NULL DEFAULT '' COMMENT 'The IP address that last used this session ID (sid).',
  `timestamp` int(11) NOT NULL DEFAULT '0' COMMENT 'The Unix timestamp when this session last requested a page. Old records are purged by PHP automatically.',
  `session` longblob COMMENT 'The serialized contents of $_SESSION, an array of name/value pairs that persists across page requests by this session ID. Drupal loads $_SESSION from here at the start of each request and saves it at the end.',
  PRIMARY KEY (`sid`),
  KEY `timestamp` (`timestamp`),
  KEY `uid` (`uid`)
) ENGINE=InnoDB DEFAULT CHARSET=utf8mb4 COMMENT='Drupal''s session handlers read and write into the sessions…';

--
-- Dumping data for table `sessions`
--

INSERT INTO `sessions` (`uid`, `sid`, `hostname`, `timestamp`, `session`) VALUES
(1, '9ElY_OvEtnrq9GfoM7GawcvKJpsH5vY0iG_pKNY4JGM', '127.0.0.1', 1699622507, 0x5f7366325f617474726962757465737c613a313a7b733a333a22756964223b733a313a2231223b7d5f7366325f6d6574617c613a343a7b733a313a2275223b693a313639393632323530383b733a313a2263223b693a313639393237353834343b733a313a226c223b733a373a2232303030303030223b733a313a2273223b733a34333a225f504945686d766e3576354570755f6154656b34324a516e53596f7656757849464a68324d4a64724a686b223b7d706173735f72657365745f317c733a37343a2263516c506f307269717a5877425837504a7861326b3333377637564a5a4e4f496969393357667363534d6e4f5666346772483748374d346c39564467663449496c4c516c734d35385877223b757064617465735f72656d61696e696e677c613a303a7b7d);

-- --------------------------------------------------------

--
-- Table structure for table `shortcut`
--

CREATE TABLE IF NOT EXISTS `shortcut` (
  `id` int(10) UNSIGNED NOT NULL AUTO_INCREMENT,
  `shortcut_set` varchar(32) CHARACTER SET ascii NOT NULL COMMENT 'The ID of the target entity.',
  `uuid` varchar(128) CHARACTER SET ascii NOT NULL,
  `langcode` varchar(12) CHARACTER SET ascii NOT NULL,
  PRIMARY KEY (`id`),
  UNIQUE KEY `shortcut_field__uuid__value` (`uuid`),
  KEY `shortcut_field__shortcut_set__target_id` (`shortcut_set`)
) ENGINE=InnoDB AUTO_INCREMENT=3 DEFAULT CHARSET=utf8mb4 COMMENT='The base table for shortcut entities.';

--
-- Dumping data for table `shortcut`
--

INSERT INTO `shortcut` (`id`, `shortcut_set`, `uuid`, `langcode`) VALUES
(1, 'default', '137c51c2-d06c-4027-b5dd-9bdc7d33df96', 'en'),
(2, 'default', '47973bf0-ce4a-4d45-ab32-c1661eb3889b', 'en');

-- --------------------------------------------------------

--
-- Table structure for table `shortcut_field_data`
--

CREATE TABLE IF NOT EXISTS `shortcut_field_data` (
  `id` int(10) UNSIGNED NOT NULL,
  `shortcut_set` varchar(32) CHARACTER SET ascii NOT NULL COMMENT 'The ID of the target entity.',
  `langcode` varchar(12) CHARACTER SET ascii NOT NULL,
  `title` varchar(255) DEFAULT NULL,
  `weight` int(11) DEFAULT NULL,
  `link__uri` varchar(2048) DEFAULT NULL COMMENT 'The URI of the link.',
  `link__title` varchar(255) DEFAULT NULL COMMENT 'The link text.',
  `link__options` longblob COMMENT 'Serialized array of options for the link.',
  `default_langcode` tinyint(4) NOT NULL,
  PRIMARY KEY (`id`,`langcode`),
  KEY `shortcut__id__default_langcode__langcode` (`id`,`default_langcode`,`langcode`),
  KEY `shortcut_field__shortcut_set__target_id` (`shortcut_set`),
  KEY `shortcut_field__link__uri` (`link__uri`(30))
) ENGINE=InnoDB DEFAULT CHARSET=utf8mb4 COMMENT='The data table for shortcut entities.';

--
-- Dumping data for table `shortcut_field_data`
--

INSERT INTO `shortcut_field_data` (`id`, `shortcut_set`, `langcode`, `title`, `weight`, `link__uri`, `link__title`, `link__options`, `default_langcode`) VALUES
(1, 'default', 'en', 'Add content', -20, 'internal:/node/add', NULL, 0x613a303a7b7d, 1),
(2, 'default', 'en', 'All content', -19, 'internal:/admin/content', NULL, 0x613a303a7b7d, 1);

-- --------------------------------------------------------

--
-- Table structure for table `shortcut_set_users`
--

CREATE TABLE IF NOT EXISTS `shortcut_set_users` (
  `uid` int(10) UNSIGNED NOT NULL DEFAULT '0' COMMENT 'The users.uid for this set.',
  `set_name` varchar(32) CHARACTER SET ascii NOT NULL DEFAULT '' COMMENT 'The shortcut_set.set_name that will be displayed for this user.',
  PRIMARY KEY (`uid`),
  KEY `set_name` (`set_name`)
) ENGINE=InnoDB DEFAULT CHARSET=utf8mb4 COMMENT='Maps users to shortcut sets.';

-- --------------------------------------------------------

--
-- Table structure for table `taxonomy_index`
--

CREATE TABLE IF NOT EXISTS `taxonomy_index` (
  `nid` int(10) UNSIGNED NOT NULL DEFAULT '0' COMMENT 'The node.nid this record tracks.',
  `tid` int(10) UNSIGNED NOT NULL DEFAULT '0' COMMENT 'The term ID.',
  `status` int(11) NOT NULL DEFAULT '1' COMMENT 'Boolean indicating whether the node is published (visible to non-administrators).',
  `sticky` tinyint(4) DEFAULT '0' COMMENT 'Boolean indicating whether the node is sticky.',
  `created` int(11) NOT NULL DEFAULT '0' COMMENT 'The Unix timestamp when the node was created.',
  PRIMARY KEY (`nid`,`tid`),
  KEY `term_node` (`tid`,`status`,`sticky`,`created`)
) ENGINE=InnoDB DEFAULT CHARSET=utf8mb4 COMMENT='Maintains denormalized information about node/term…';

--
-- Dumping data for table `taxonomy_index`
--

INSERT INTO `taxonomy_index` (`nid`, `tid`, `status`, `sticky`, `created`) VALUES
(16, 3, 1, 0, 1581599629),
(45, 4, 1, 0, 1626122781),
(47, 5, 1, 0, 1626122887),
(48, 5, 1, 0, 1626122951),
(50, 5, 1, 0, 1626124330),
(49, 7, 1, 0, 1626123669),
(52, 8, 1, 0, 1626126883),
(53, 9, 1, 0, 1626127402),
(52, 12, 1, 0, 1626126883),
(53, 14, 1, 0, 1626127402),
(49, 15, 1, 0, 1626123669),
(53, 17, 1, 0, 1626127402),
(49, 18, 1, 0, 1626123669),
(52, 18, 1, 0, 1626126883);

-- --------------------------------------------------------

--
-- Table structure for table `taxonomy_term_data`
--

CREATE TABLE IF NOT EXISTS `taxonomy_term_data` (
  `tid` int(10) UNSIGNED NOT NULL AUTO_INCREMENT,
  `revision_id` int(10) UNSIGNED DEFAULT NULL,
  `vid` varchar(32) CHARACTER SET ascii NOT NULL COMMENT 'The ID of the target entity.',
  `uuid` varchar(128) CHARACTER SET ascii NOT NULL,
  `langcode` varchar(12) CHARACTER SET ascii NOT NULL,
  PRIMARY KEY (`tid`),
  UNIQUE KEY `taxonomy_term_field__uuid__value` (`uuid`),
  UNIQUE KEY `taxonomy_term__revision_id` (`revision_id`),
  KEY `taxonomy_term_field__vid__target_id` (`vid`)
) ENGINE=InnoDB AUTO_INCREMENT=21 DEFAULT CHARSET=utf8mb4 COMMENT='The base table for taxonomy_term entities.';

--
-- Dumping data for table `taxonomy_term_data`
--

INSERT INTO `taxonomy_term_data` (`tid`, `revision_id`, `vid`, `uuid`, `langcode`) VALUES
(1, 1, 'sponsors_categories', 'f6a46d88-c8b0-41e2-82c2-317d3972cdcd', 'en'),
(2, 2, 'sponsors_categories', '98af2311-fef0-4766-8dd7-8a108a311f93', 'en'),
(3, 3, 'sponsors_categories', 'ef13ec01-0bc5-49c8-bc35-17f2b6583166', 'en'),
(4, 4, 'sponsors_categories', 'e771d9bb-58ca-4b75-8786-347ee575e7f4', 'en'),
(5, 5, 'sponsors_categories', '7b556476-e65a-4a5c-a522-526aecc5a887', 'en'),
(6, 6, 'sponsors_categories', 'b6558baa-0e90-4665-96ca-0e53030a1e25', 'en'),
(7, 7, 'event_dates', 'b47b9395-d771-4ffe-b82f-e18039d5b62f', 'en'),
(8, 8, 'event_dates', '8d1734f4-2104-42ec-bd4b-1c350a9c0fb3', 'en'),
(9, 9, 'event_dates', 'f946d957-0206-4cba-a624-93b26d212fda', 'en'),
(10, 10, 'event_dates', 'aa085bfe-90b7-428f-bdb0-65f42d41223a', 'en'),
(11, 11, 'event_types', '53d5aef6-866f-4151-be00-7cfecbf33a66', 'en'),
(12, 12, 'topics', '07a015be-70f7-48ee-91d1-fdc2f854e543', 'en'),
(13, 13, 'topics', '6239555f-2490-4f15-8c9d-608315096ff9', 'en'),
(14, 14, 'topics', 'abe2257a-5e4a-4032-8ec8-435861e69467', 'en'),
(15, 15, 'topics', '0e4fc0e2-2550-44c4-8cc3-0205ca378c94', 'en'),
(16, 16, 'event_types', 'd2df6cff-9933-4ddd-83f3-530aac47928d', 'en'),
(17, 17, 'event_types', 'fe852025-acbc-4e16-99b6-7c53ab9b0207', 'en'),
(18, 18, 'event_types', 'd5563817-b9f3-443e-8951-d955e0550bbd', 'en'),
(20, 20, 'event_types', '99185ac5-3a75-406f-b508-c90d5966ee85', 'en');

-- --------------------------------------------------------

--
-- Table structure for table `taxonomy_term_field_data`
--

CREATE TABLE IF NOT EXISTS `taxonomy_term_field_data` (
  `tid` int(10) UNSIGNED NOT NULL,
  `revision_id` int(10) UNSIGNED NOT NULL,
  `vid` varchar(32) CHARACTER SET ascii NOT NULL COMMENT 'The ID of the target entity.',
  `langcode` varchar(12) CHARACTER SET ascii NOT NULL,
  `status` tinyint(4) NOT NULL,
  `name` varchar(255) NOT NULL,
  `description__value` longtext,
  `description__format` varchar(255) CHARACTER SET ascii DEFAULT NULL,
  `weight` int(11) NOT NULL,
  `changed` int(11) DEFAULT NULL,
  `default_langcode` tinyint(4) NOT NULL,
  `revision_translation_affected` tinyint(4) DEFAULT NULL,
  PRIMARY KEY (`tid`,`langcode`),
  KEY `taxonomy_term__id__default_langcode__langcode` (`tid`,`default_langcode`,`langcode`),
  KEY `taxonomy_term__revision_id` (`revision_id`),
  KEY `taxonomy_term_field__name` (`name`(191)),
  KEY `taxonomy_term__status_vid` (`status`,`vid`,`tid`),
  KEY `taxonomy_term__tree` (`vid`,`weight`,`name`(191)),
  KEY `taxonomy_term__vid_name` (`vid`,`name`(191))
) ENGINE=InnoDB DEFAULT CHARSET=utf8mb4 COMMENT='The data table for taxonomy_term entities.';

--
-- Dumping data for table `taxonomy_term_field_data`
--

INSERT INTO `taxonomy_term_field_data` (`tid`, `revision_id`, `vid`, `langcode`, `status`, `name`, `description__value`, `description__format`, `weight`, `changed`, `default_langcode`, `revision_translation_affected`) VALUES
(1, 1, 'sponsors_categories', 'en', 1, 'Diamond', NULL, NULL, 0, 1581512790, 1, 1),
(2, 2, 'sponsors_categories', 'en', 1, 'Platinum', NULL, NULL, 0, 1581512798, 1, 1),
(3, 3, 'sponsors_categories', 'en', 1, 'Gold', NULL, NULL, 0, 1581512805, 1, 1),
(4, 4, 'sponsors_categories', 'en', 1, 'Silver', NULL, NULL, 0, 1581512811, 1, 1),
(5, 5, 'sponsors_categories', 'en', 1, 'Bronze', NULL, NULL, 0, 1581512818, 1, 1),
(6, 6, 'sponsors_categories', 'en', 1, 'Other', NULL, NULL, 0, 1581512824, 1, 1),
(7, 7, 'event_dates', 'en', 1, 'October 18', NULL, NULL, 0, 1626123802, 1, 1),
(8, 8, 'event_dates', 'en', 1, 'October 19', NULL, NULL, 1, 1626123274, 1, 1),
(9, 9, 'event_dates', 'en', 1, 'October 20', NULL, NULL, 2, 1626123284, 1, 1),
(10, 10, 'event_dates', 'en', 1, 'October 21', NULL, NULL, 3, 1626123293, 1, 1),
(11, 11, 'event_types', 'en', 1, 'Opening Remarks', NULL, NULL, 0, 1626123309, 1, 1),
(12, 12, 'topics', 'en', 1, 'Tourism', NULL, NULL, 0, 1626123535, 1, 1),
(13, 13, 'topics', 'en', 1, 'Supply Chain Finance', NULL, NULL, 0, 1626123547, 1, 1),
(14, 14, 'topics', 'en', 1, 'Natural Resources', NULL, NULL, 0, 1626123600, 1, 1),
(15, 15, 'topics', 'en', 1, 'AgriFinance', NULL, NULL, 0, 1626123526, 1, 1),
(16, 16, 'event_types', 'en', 1, 'Keynote', NULL, NULL, 0, 1626123390, 1, 1),
(17, 17, 'event_types', 'en', 1, 'Event Closing', NULL, NULL, 0, 1626123462, 1, 1),
(18, 18, 'event_types', 'en', 1, 'Plenary', NULL, NULL, 0, 1626123474, 1, 1),
(20, 20, 'event_types', 'en', 1, 'Awards', NULL, NULL, 0, 1626123662, 1, 1);

-- --------------------------------------------------------

--
-- Table structure for table `taxonomy_term_field_revision`
--

CREATE TABLE IF NOT EXISTS `taxonomy_term_field_revision` (
  `tid` int(10) UNSIGNED NOT NULL,
  `revision_id` int(10) UNSIGNED NOT NULL,
  `langcode` varchar(12) CHARACTER SET ascii NOT NULL,
  `status` tinyint(4) NOT NULL,
  `name` varchar(255) DEFAULT NULL,
  `description__value` longtext,
  `description__format` varchar(255) CHARACTER SET ascii DEFAULT NULL,
  `changed` int(11) DEFAULT NULL,
  `default_langcode` tinyint(4) NOT NULL,
  `revision_translation_affected` tinyint(4) DEFAULT NULL,
  PRIMARY KEY (`revision_id`,`langcode`),
  KEY `taxonomy_term__id__default_langcode__langcode` (`tid`,`default_langcode`,`langcode`),
  KEY `taxonomy_term_field__description__format` (`description__format`)
) ENGINE=InnoDB DEFAULT CHARSET=utf8mb4 COMMENT='The revision data table for taxonomy_term entities.';

--
-- Dumping data for table `taxonomy_term_field_revision`
--

INSERT INTO `taxonomy_term_field_revision` (`tid`, `revision_id`, `langcode`, `status`, `name`, `description__value`, `description__format`, `changed`, `default_langcode`, `revision_translation_affected`) VALUES
(1, 1, 'en', 1, 'Diamond', NULL, NULL, 1581512790, 1, 1),
(2, 2, 'en', 1, 'Platinum', NULL, NULL, 1581512798, 1, 1),
(3, 3, 'en', 1, 'Gold', NULL, NULL, 1581512805, 1, 1),
(4, 4, 'en', 1, 'Silver', NULL, NULL, 1581512811, 1, 1),
(5, 5, 'en', 1, 'Bronze', NULL, NULL, 1581512818, 1, 1),
(6, 6, 'en', 1, 'Other', NULL, NULL, 1581512824, 1, 1),
(7, 7, 'en', 1, 'October 18', NULL, NULL, 1626123802, 1, 1),
(8, 8, 'en', 1, 'October 19', NULL, NULL, 1626123274, 1, 1),
(9, 9, 'en', 1, 'October 20', NULL, NULL, 1626123284, 1, 1),
(10, 10, 'en', 1, 'October 21', NULL, NULL, 1626123293, 1, 1),
(11, 11, 'en', 1, 'Opening Remarks', NULL, NULL, 1626123309, 1, 1),
(12, 12, 'en', 1, 'Tourism', NULL, NULL, 1626123535, 1, 1),
(13, 13, 'en', 1, 'Supply Chain Finance', NULL, NULL, 1626123547, 1, 1),
(14, 14, 'en', 1, 'Natural Resources', NULL, NULL, 1626123600, 1, 1),
(15, 15, 'en', 1, 'AgriFinance', NULL, NULL, 1626123526, 1, 1),
(16, 16, 'en', 1, 'Keynote', NULL, NULL, 1626123390, 1, 1),
(17, 17, 'en', 1, 'Event Closing', NULL, NULL, 1626123462, 1, 1),
(18, 18, 'en', 1, 'Plenary', NULL, NULL, 1626123474, 1, 1),
(20, 20, 'en', 1, 'Awards', NULL, NULL, 1626123662, 1, 1);

-- --------------------------------------------------------

--
-- Table structure for table `taxonomy_term_revision`
--

CREATE TABLE IF NOT EXISTS `taxonomy_term_revision` (
  `tid` int(10) UNSIGNED NOT NULL,
  `revision_id` int(10) UNSIGNED NOT NULL AUTO_INCREMENT,
  `langcode` varchar(12) CHARACTER SET ascii NOT NULL,
  `revision_user` int(10) UNSIGNED DEFAULT NULL COMMENT 'The ID of the target entity.',
  `revision_created` int(11) DEFAULT NULL,
  `revision_log_message` longtext,
  `revision_default` tinyint(4) DEFAULT NULL,
  PRIMARY KEY (`revision_id`),
  KEY `taxonomy_term__tid` (`tid`),
  KEY `taxonomy_term_field__revision_user__target_id` (`revision_user`)
) ENGINE=InnoDB AUTO_INCREMENT=21 DEFAULT CHARSET=utf8mb4 COMMENT='The revision table for taxonomy_term entities.';

--
-- Dumping data for table `taxonomy_term_revision`
--

INSERT INTO `taxonomy_term_revision` (`tid`, `revision_id`, `langcode`, `revision_user`, `revision_created`, `revision_log_message`, `revision_default`) VALUES
(1, 1, 'en', NULL, 1581512790, NULL, 1),
(2, 2, 'en', NULL, 1581512798, NULL, 1),
(3, 3, 'en', NULL, 1581512805, NULL, 1),
(4, 4, 'en', NULL, 1581512811, NULL, 1),
(5, 5, 'en', NULL, 1581512818, NULL, 1),
(6, 6, 'en', NULL, 1581512824, NULL, 1),
(7, 7, 'en', NULL, 1589371135, NULL, 1),
(8, 8, 'en', NULL, 1589371148, NULL, 1),
(9, 9, 'en', NULL, 1589371155, NULL, 1),
(10, 10, 'en', NULL, 1589371161, NULL, 1),
(11, 11, 'en', NULL, 1589371405, NULL, 1),
(12, 12, 'en', NULL, 1589373132, NULL, 1),
(13, 13, 'en', NULL, 1589373144, NULL, 1),
(14, 14, 'en', NULL, 1589373151, NULL, 1),
(15, 15, 'en', NULL, 1589373164, NULL, 1),
(16, 16, 'en', NULL, 1626123390, NULL, 1),
(17, 17, 'en', NULL, 1626123462, NULL, 1),
(18, 18, 'en', NULL, 1626123474, NULL, 1),
(20, 20, 'en', NULL, 1626123662, NULL, 1);

-- --------------------------------------------------------

--
-- Table structure for table `taxonomy_term_revision__field_icon`
--

CREATE TABLE IF NOT EXISTS `taxonomy_term_revision__field_icon` (
  `bundle` varchar(128) CHARACTER SET ascii NOT NULL DEFAULT '' COMMENT 'The field instance bundle to which this row belongs, used when deleting a field instance',
  `deleted` tinyint(4) NOT NULL DEFAULT '0' COMMENT 'A boolean indicating whether this data item has been deleted',
  `entity_id` int(10) UNSIGNED NOT NULL COMMENT 'The entity id this data is attached to',
  `revision_id` int(10) UNSIGNED NOT NULL COMMENT 'The entity revision id this data is attached to',
  `langcode` varchar(32) CHARACTER SET ascii NOT NULL DEFAULT '' COMMENT 'The language code for this data item.',
  `delta` int(10) UNSIGNED NOT NULL COMMENT 'The sequence number for this data item, used for multi-value fields',
  `field_icon_target_id` int(10) UNSIGNED NOT NULL COMMENT 'The ID of the file entity.',
  `field_icon_alt` varchar(512) DEFAULT NULL COMMENT 'Alternative image text, for the image''s ''alt'' attribute.',
  `field_icon_title` varchar(1024) DEFAULT NULL COMMENT 'Image title text, for the image''s ''title'' attribute.',
  `field_icon_width` int(10) UNSIGNED DEFAULT NULL COMMENT 'The width of the image in pixels.',
  `field_icon_height` int(10) UNSIGNED DEFAULT NULL COMMENT 'The height of the image in pixels.',
  PRIMARY KEY (`entity_id`,`revision_id`,`deleted`,`delta`,`langcode`),
  KEY `bundle` (`bundle`),
  KEY `revision_id` (`revision_id`),
  KEY `field_icon_target_id` (`field_icon_target_id`)
) ENGINE=InnoDB DEFAULT CHARSET=utf8mb4 COMMENT='Revision archive storage for taxonomy_term field field_icon.';

-- --------------------------------------------------------

--
-- Table structure for table `taxonomy_term_revision__parent`
--

CREATE TABLE IF NOT EXISTS `taxonomy_term_revision__parent` (
  `bundle` varchar(128) CHARACTER SET ascii NOT NULL DEFAULT '' COMMENT 'The field instance bundle to which this row belongs, used when deleting a field instance',
  `deleted` tinyint(4) NOT NULL DEFAULT '0' COMMENT 'A boolean indicating whether this data item has been deleted',
  `entity_id` int(10) UNSIGNED NOT NULL COMMENT 'The entity id this data is attached to',
  `revision_id` int(10) UNSIGNED NOT NULL COMMENT 'The entity revision id this data is attached to',
  `langcode` varchar(32) CHARACTER SET ascii NOT NULL DEFAULT '' COMMENT 'The language code for this data item.',
  `delta` int(10) UNSIGNED NOT NULL COMMENT 'The sequence number for this data item, used for multi-value fields',
  `parent_target_id` int(10) UNSIGNED NOT NULL COMMENT 'The ID of the target entity.',
  PRIMARY KEY (`entity_id`,`revision_id`,`deleted`,`delta`,`langcode`),
  KEY `bundle` (`bundle`),
  KEY `revision_id` (`revision_id`),
  KEY `parent_target_id` (`parent_target_id`)
) ENGINE=InnoDB DEFAULT CHARSET=utf8mb4 COMMENT='Revision archive storage for taxonomy_term field parent.';

--
-- Dumping data for table `taxonomy_term_revision__parent`
--

INSERT INTO `taxonomy_term_revision__parent` (`bundle`, `deleted`, `entity_id`, `revision_id`, `langcode`, `delta`, `parent_target_id`) VALUES
('sponsors_categories', 0, 1, 1, 'en', 0, 0),
('sponsors_categories', 0, 2, 2, 'en', 0, 0),
('sponsors_categories', 0, 3, 3, 'en', 0, 0),
('sponsors_categories', 0, 4, 4, 'en', 0, 0),
('sponsors_categories', 0, 5, 5, 'en', 0, 0),
('sponsors_categories', 0, 6, 6, 'en', 0, 0),
('event_dates', 0, 7, 7, 'en', 0, 0),
('event_dates', 0, 8, 8, 'en', 0, 0),
('event_dates', 0, 9, 9, 'en', 0, 0),
('event_dates', 0, 10, 10, 'en', 0, 0),
('event_types', 0, 11, 11, 'en', 0, 0),
('topics', 0, 12, 12, 'en', 0, 0),
('topics', 0, 13, 13, 'en', 0, 0),
('topics', 0, 14, 14, 'en', 0, 0),
('topics', 0, 15, 15, 'en', 0, 0),
('event_types', 0, 16, 16, 'en', 0, 0),
('event_types', 0, 17, 17, 'en', 0, 0),
('event_types', 0, 18, 18, 'en', 0, 0),
('event_types', 0, 20, 20, 'en', 0, 0);

-- --------------------------------------------------------

--
-- Table structure for table `taxonomy_term__field_icon`
--

CREATE TABLE IF NOT EXISTS `taxonomy_term__field_icon` (
  `bundle` varchar(128) CHARACTER SET ascii NOT NULL DEFAULT '' COMMENT 'The field instance bundle to which this row belongs, used when deleting a field instance',
  `deleted` tinyint(4) NOT NULL DEFAULT '0' COMMENT 'A boolean indicating whether this data item has been deleted',
  `entity_id` int(10) UNSIGNED NOT NULL COMMENT 'The entity id this data is attached to',
  `revision_id` int(10) UNSIGNED NOT NULL COMMENT 'The entity revision id this data is attached to',
  `langcode` varchar(32) CHARACTER SET ascii NOT NULL DEFAULT '' COMMENT 'The language code for this data item.',
  `delta` int(10) UNSIGNED NOT NULL COMMENT 'The sequence number for this data item, used for multi-value fields',
  `field_icon_target_id` int(10) UNSIGNED NOT NULL COMMENT 'The ID of the file entity.',
  `field_icon_alt` varchar(512) DEFAULT NULL COMMENT 'Alternative image text, for the image''s ''alt'' attribute.',
  `field_icon_title` varchar(1024) DEFAULT NULL COMMENT 'Image title text, for the image''s ''title'' attribute.',
  `field_icon_width` int(10) UNSIGNED DEFAULT NULL COMMENT 'The width of the image in pixels.',
  `field_icon_height` int(10) UNSIGNED DEFAULT NULL COMMENT 'The height of the image in pixels.',
  PRIMARY KEY (`entity_id`,`deleted`,`delta`,`langcode`),
  KEY `bundle` (`bundle`),
  KEY `revision_id` (`revision_id`),
  KEY `field_icon_target_id` (`field_icon_target_id`)
) ENGINE=InnoDB DEFAULT CHARSET=utf8mb4 COMMENT='Data storage for taxonomy_term field field_icon.';

-- --------------------------------------------------------

--
-- Table structure for table `taxonomy_term__parent`
--

CREATE TABLE IF NOT EXISTS `taxonomy_term__parent` (
  `bundle` varchar(128) CHARACTER SET ascii NOT NULL DEFAULT '' COMMENT 'The field instance bundle to which this row belongs, used when deleting a field instance',
  `deleted` tinyint(4) NOT NULL DEFAULT '0' COMMENT 'A boolean indicating whether this data item has been deleted',
  `entity_id` int(10) UNSIGNED NOT NULL COMMENT 'The entity id this data is attached to',
  `revision_id` int(10) UNSIGNED NOT NULL COMMENT 'The entity revision id this data is attached to',
  `langcode` varchar(32) CHARACTER SET ascii NOT NULL DEFAULT '' COMMENT 'The language code for this data item.',
  `delta` int(10) UNSIGNED NOT NULL COMMENT 'The sequence number for this data item, used for multi-value fields',
  `parent_target_id` int(10) UNSIGNED NOT NULL COMMENT 'The ID of the target entity.',
  PRIMARY KEY (`entity_id`,`deleted`,`delta`,`langcode`),
  KEY `revision_id` (`revision_id`),
  KEY `parent_target_id` (`parent_target_id`),
  KEY `bundle_delta_target_id` (`bundle`,`delta`,`parent_target_id`)
) ENGINE=InnoDB DEFAULT CHARSET=utf8mb4 COMMENT='Data storage for taxonomy_term field parent.';

--
-- Dumping data for table `taxonomy_term__parent`
--

INSERT INTO `taxonomy_term__parent` (`bundle`, `deleted`, `entity_id`, `revision_id`, `langcode`, `delta`, `parent_target_id`) VALUES
('sponsors_categories', 0, 1, 1, 'en', 0, 0),
('sponsors_categories', 0, 2, 2, 'en', 0, 0),
('sponsors_categories', 0, 3, 3, 'en', 0, 0),
('sponsors_categories', 0, 4, 4, 'en', 0, 0),
('sponsors_categories', 0, 5, 5, 'en', 0, 0),
('sponsors_categories', 0, 6, 6, 'en', 0, 0),
('event_dates', 0, 7, 7, 'en', 0, 0),
('event_dates', 0, 8, 8, 'en', 0, 0),
('event_dates', 0, 9, 9, 'en', 0, 0),
('event_dates', 0, 10, 10, 'en', 0, 0),
('event_types', 0, 11, 11, 'en', 0, 0),
('topics', 0, 12, 12, 'en', 0, 0),
('topics', 0, 13, 13, 'en', 0, 0),
('topics', 0, 14, 14, 'en', 0, 0),
('topics', 0, 15, 15, 'en', 0, 0),
('event_types', 0, 16, 16, 'en', 0, 0),
('event_types', 0, 17, 17, 'en', 0, 0),
('event_types', 0, 18, 18, 'en', 0, 0),
('event_types', 0, 20, 20, 'en', 0, 0);

-- --------------------------------------------------------

--
-- Table structure for table `users`
--

CREATE TABLE IF NOT EXISTS `users` (
  `uid` int(11) NOT NULL AUTO_INCREMENT,
  `uuid` varchar(128) CHARACTER SET ascii NOT NULL,
  `langcode` varchar(12) CHARACTER SET ascii NOT NULL,
  PRIMARY KEY (`uid`),
  UNIQUE KEY `user_field__uuid__value` (`uuid`)
) ENGINE=InnoDB AUTO_INCREMENT=15 DEFAULT CHARSET=utf8mb4 COMMENT='The base table for user entities.';

--
-- Dumping data for table `users`
--

INSERT INTO `users` (`uid`, `uuid`, `langcode`) VALUES
(0, 'edb5c3a8-85ca-4e3c-8d22-fc5f5808cbec', 'en'),
(1, '64914a40-6676-41c1-b034-049a132756ce', 'en'),
(14, '8a4530c7-8cde-422b-bd53-f343b30a602a', 'en');

-- --------------------------------------------------------

--
-- Table structure for table `users_data`
--

CREATE TABLE IF NOT EXISTS `users_data` (
  `uid` int(10) UNSIGNED NOT NULL DEFAULT '0' COMMENT 'The users.uid this record affects.',
  `module` varchar(50) CHARACTER SET ascii NOT NULL DEFAULT '' COMMENT 'The name of the module declaring the variable.',
  `name` varchar(128) CHARACTER SET ascii NOT NULL DEFAULT '' COMMENT 'The identifier of the data.',
  `value` longblob COMMENT 'The value.',
  `serialized` tinyint(3) UNSIGNED DEFAULT '0' COMMENT 'Whether value is serialized.',
  PRIMARY KEY (`uid`,`module`,`name`),
  KEY `module` (`module`),
  KEY `name` (`name`)
) ENGINE=InnoDB DEFAULT CHARSET=utf8mb4 COMMENT='Stores module data as key/value pairs per user.';

--
-- Dumping data for table `users_data`
--

INSERT INTO `users_data` (`uid`, `module`, `name`, `value`, `serialized`) VALUES
(14, 'contact', 'enabled', 0x31, 0);

-- --------------------------------------------------------

--
-- Table structure for table `users_field_data`
--

CREATE TABLE IF NOT EXISTS `users_field_data` (
  `uid` int(10) UNSIGNED NOT NULL,
  `langcode` varchar(12) CHARACTER SET ascii NOT NULL,
  `preferred_langcode` varchar(12) CHARACTER SET ascii DEFAULT NULL,
  `preferred_admin_langcode` varchar(12) CHARACTER SET ascii DEFAULT NULL,
  `name` varchar(60) NOT NULL,
  `pass` varchar(255) DEFAULT NULL,
  `mail` varchar(254) DEFAULT NULL,
  `timezone` varchar(32) DEFAULT NULL,
  `status` tinyint(4) DEFAULT NULL,
  `created` int(11) NOT NULL,
  `changed` int(11) DEFAULT NULL,
  `access` int(11) NOT NULL,
  `login` int(11) DEFAULT NULL,
  `init` varchar(254) DEFAULT NULL,
  `default_langcode` tinyint(4) NOT NULL,
  PRIMARY KEY (`uid`,`langcode`),
  UNIQUE KEY `user__name` (`name`,`langcode`),
  KEY `user__id__default_langcode__langcode` (`uid`,`default_langcode`,`langcode`),
  KEY `user_field__mail` (`mail`(191)),
  KEY `user_field__created` (`created`),
  KEY `user_field__access` (`access`)
) ENGINE=InnoDB DEFAULT CHARSET=utf8mb4 COMMENT='The data table for user entities.';

--
-- Dumping data for table `users_field_data`
--

INSERT INTO `users_field_data` (`uid`, `langcode`, `preferred_langcode`, `preferred_admin_langcode`, `name`, `pass`, `mail`, `timezone`, `status`, `created`, `changed`, `access`, `login`, `init`, `default_langcode`) VALUES
(0, 'en', 'en', NULL, '', NULL, NULL, '', 0, 1576826296, 1576826296, 0, 0, NULL, 1),
(1, 'en', 'en', NULL, 'sme_admin', '$S$ESQ9CNjh0ISWzpDr99za9KeyuEZDd2qpn3NO/pQipatiPlLRq/5G', 'hello@ectostar.com', 'UTC', 1, 1576826296, 1576826585, 1699622507, 1699275843, 'hello@ectostar.com', 1),
(14, 'en', 'en', 'en', 'carina', '$S$EWl25VyuQIqTC0I/GvPqG08nYxein7VUPqYJsid0o.Ykvn5cZ2c.', 'ccarrasco@worldbank.org', 'UTC', 1, 1625677579, 1625677635, 1626804035, 1626186459, 'ccarrasco@worldbank.org', 1);

-- --------------------------------------------------------

--
-- Table structure for table `user__roles`
--

CREATE TABLE IF NOT EXISTS `user__roles` (
  `bundle` varchar(128) CHARACTER SET ascii NOT NULL DEFAULT '' COMMENT 'The field instance bundle to which this row belongs, used when deleting a field instance',
  `deleted` tinyint(4) NOT NULL DEFAULT '0' COMMENT 'A boolean indicating whether this data item has been deleted',
  `entity_id` int(10) UNSIGNED NOT NULL COMMENT 'The entity id this data is attached to',
  `revision_id` int(10) UNSIGNED NOT NULL COMMENT 'The entity revision id this data is attached to, which for an unversioned entity type is the same as the entity id',
  `langcode` varchar(32) CHARACTER SET ascii NOT NULL DEFAULT '' COMMENT 'The language code for this data item.',
  `delta` int(10) UNSIGNED NOT NULL COMMENT 'The sequence number for this data item, used for multi-value fields',
  `roles_target_id` varchar(255) CHARACTER SET ascii NOT NULL COMMENT 'The ID of the target entity.',
  PRIMARY KEY (`entity_id`,`deleted`,`delta`,`langcode`),
  KEY `bundle` (`bundle`),
  KEY `revision_id` (`revision_id`),
  KEY `roles_target_id` (`roles_target_id`)
) ENGINE=InnoDB DEFAULT CHARSET=utf8mb4 COMMENT='Data storage for user field roles.';

--
-- Dumping data for table `user__roles`
--

INSERT INTO `user__roles` (`bundle`, `deleted`, `entity_id`, `revision_id`, `langcode`, `delta`, `roles_target_id`) VALUES
('user', 0, 1, 1, 'en', 0, 'administrator'),
('user', 0, 14, 14, 'en', 0, 'administrator');

-- --------------------------------------------------------

--
-- Table structure for table `user__user_picture`
--

CREATE TABLE IF NOT EXISTS `user__user_picture` (
  `bundle` varchar(128) CHARACTER SET ascii NOT NULL DEFAULT '' COMMENT 'The field instance bundle to which this row belongs, used when deleting a field instance',
  `deleted` tinyint(4) NOT NULL DEFAULT '0' COMMENT 'A boolean indicating whether this data item has been deleted',
  `entity_id` int(10) UNSIGNED NOT NULL COMMENT 'The entity id this data is attached to',
  `revision_id` int(10) UNSIGNED NOT NULL COMMENT 'The entity revision id this data is attached to, which for an unversioned entity type is the same as the entity id',
  `langcode` varchar(32) CHARACTER SET ascii NOT NULL DEFAULT '' COMMENT 'The language code for this data item.',
  `delta` int(10) UNSIGNED NOT NULL COMMENT 'The sequence number for this data item, used for multi-value fields',
  `user_picture_target_id` int(10) UNSIGNED NOT NULL COMMENT 'The ID of the file entity.',
  `user_picture_alt` varchar(512) DEFAULT NULL COMMENT 'Alternative image text, for the image''s ''alt'' attribute.',
  `user_picture_title` varchar(1024) DEFAULT NULL COMMENT 'Image title text, for the image''s ''title'' attribute.',
  `user_picture_width` int(10) UNSIGNED DEFAULT NULL COMMENT 'The width of the image in pixels.',
  `user_picture_height` int(10) UNSIGNED DEFAULT NULL COMMENT 'The height of the image in pixels.',
  PRIMARY KEY (`entity_id`,`deleted`,`delta`,`langcode`),
  KEY `bundle` (`bundle`),
  KEY `revision_id` (`revision_id`),
  KEY `user_picture_target_id` (`user_picture_target_id`)
) ENGINE=InnoDB DEFAULT CHARSET=utf8mb4 COMMENT='Data storage for user field user_picture.';

-- --------------------------------------------------------

--
-- Table structure for table `watchdog`
--

CREATE TABLE IF NOT EXISTS `watchdog` (
  `wid` int(11) NOT NULL AUTO_INCREMENT COMMENT 'Primary Key: Unique watchdog event ID.',
  `uid` int(10) UNSIGNED NOT NULL DEFAULT '0' COMMENT 'The users.uid of the user who triggered the event.',
  `type` varchar(64) CHARACTER SET ascii NOT NULL DEFAULT '' COMMENT 'Type of log message, for example "user" or "page not found."',
  `message` longtext NOT NULL COMMENT 'Text of log message to be passed into the t() function.',
  `variables` longblob NOT NULL COMMENT 'Serialized array of variables that match the message string and that is passed into the t() function.',
  `severity` tinyint(3) UNSIGNED NOT NULL DEFAULT '0' COMMENT 'The severity level of the event. ranges from 0 (Emergency) to 7 (Debug)',
  `link` text COMMENT 'Link to view the result of the event.',
  `location` text NOT NULL COMMENT 'URL of the origin of the event.',
  `referer` text COMMENT 'URL of referring page.',
  `hostname` varchar(128) CHARACTER SET ascii NOT NULL DEFAULT '' COMMENT 'Hostname of the user who triggered the event.',
  `timestamp` int(11) NOT NULL DEFAULT '0' COMMENT 'Unix timestamp of when event occurred.',
  PRIMARY KEY (`wid`),
  KEY `type` (`type`),
  KEY `uid` (`uid`),
  KEY `severity` (`severity`)
) ENGINE=InnoDB AUTO_INCREMENT=12763 DEFAULT CHARSET=utf8mb4 COMMENT='Table that contains logs of all system events.';

--
-- Dumping data for table `watchdog`
--

INSERT INTO `watchdog` (`wid`, `uid`, `type`, `message`, `variables`, `severity`, `link`, `location`, `referer`, `hostname`, `timestamp`) VALUES
(11745, 0, 'php', '%type: @message in %function (line %line of %file) @backtrace_string.', 0x[encoded data, 25568 characters], 5, '', 'http://j-source-uat.ectostarservers.com/sme-annual-d8/dev/index.php/', '', '47.128.25.19', 1691940642),
(11746, 0, 'php', '%type: @message in %function (line %line of %file) @backtrace_string.', 0x[encoded data, 17610 characters], 5, '', 'http://j-source-uat.ectostarservers.com/sme-annual-d8/dev/index.php/', '', '47.128.25.19', 1691940642);
INSERT INTO `watchdog` (`wid`, `uid`, `type`, `message`, `variables`, `severity`, `link`, `location`, `referer`, `hostname`, `timestamp`) VALUES
(11747, 0, 'php', '%type: @message in %function (line %line of %file) @backtrace_string.', 0x[encoded data, 21072 characters], 5, '', 'http://j-source-uat.ectostarservers.com/sme-annual-d8/dev/index.php/', '', '47.128.25.19', 1691940642),
(11748, 0, 'php', '%type: @message in %function (line %line of %file) @backtrace_string.', 0x[encoded data, 23320 characters], 5, '', 'http://j-source-uat.ectostarservers.com/sme-annual-d8/dev/index.php/', '', '47.128.25.19', 1691940642);
INSERT INTO `watchdog` (`wid`, `uid`, `type`, `message`, `variables`, `severity`, `link`, `location`, `referer`, `hostname`, `timestamp`) VALUES
(11749, 0, 'php', '%type: @message in %function (line %line of %file) @backtrace_string.', 0x[encoded data, 25568 characters], 5, '', 'http://j-source-uat.ectostarservers.com/sme-annual-d8/dev/index.php/', '', '47.128.25.19', 1691940642),
(11750, 0, 'php', '%type: @message in %function (line %line of %file) @backtrace_string.', 0x[encoded data, 11656 characters], 5, '', 'http://j-source-uat.ectostarservers.com/sme-annual-d8/dev/index.php/', '', '47.128.25.19', 1691940642);
INSERT INTO `watchdog` (`wid`, `uid`, `type`, `message`, `variables`, `severity`, `link`, `location`, `referer`, `hostname`, `timestamp`) VALUES
(11751, 0, 'php', '%type: @message in %function (line %line of %file) @backtrace_string.', 0x[encoded data, 15362 characters], 5, '', 'http://j-source-uat.ectostarservers.com/sme-annual-d8/dev/index.php/', '', '47.128.25.19', 1691940642),
(11752, 0, 'php', '%type: @message in %function (line %line of %file) @backtrace_string.', 0x[encoded data, 15362 characters], 5, '', 'http://j-source-uat.ectostarservers.com/sme-annual-d8/dev/index.php/', '', '47.128.25.19', 1691940642),
(11753, 0, 'php', '%type: @message in %function (line %line of %file) @backtrace_string.', 0x[encoded data, 15362 characters], 5, '', 'http://j-source-uat.ectostarservers.com/sme-annual-d8/dev/index.php/', '', '47.128.25.19', 1691940642);
INSERT INTO `watchdog` (`wid`, `uid`, `type`, `message`, `variables`, `severity`, `link`, `location`, `referer`, `hostname`, `timestamp`) VALUES
(11754, 0, 'php', '%type: @message in %function (line %line of %file) @backtrace_string.', 0x[encoded data, 15116 characters], 5, '', 'http://j-source-uat.ectostarservers.com/sme-annual-d8/dev/index.php/', '', '47.128.25.19', 1691940642),
(11755, 0, 'php', '%type: @message in %function (line %line of %file) @backtrace_string.', 0x[encoded data, 6850 characters], 5, '', 'http://j-source-uat.ectostarservers.com/sme-annual-d8/dev/index.php/', '', '47.128.25.19', 1691940642),
(11756, 0, 'php', '%type: @message in %function (line %line of %file) @backtrace_string.', 0x[encoded data, 9100 characters], 5, '', 'http://j-source-uat.ectostarservers.com/sme-annual-d8/dev/index.php/', '', '47.128.25.19', 1691940642),
(11757, 0, 'php', '%type: @message in %function (line %line of %file) @backtrace_string.', 0x[encoded data, 11342 characters], 5, '', 'http://j-source-uat.ectostarservers.com/sme-annual-d8/dev/index.php/', '', '47.128.25.19', 1691940642);
INSERT INTO `watchdog` (`wid`, `uid`, `type`, `message`, `variables`, `severity`, `link`, `location`, `referer`, `hostname`, `timestamp`) VALUES
(11758, 0, 'php', '%type: @message in %function (line %line of %file) @backtrace_string.', 0x[encoded data, 11948 characters], 5, '', 'http://j-source-uat.ectostarservers.com/sme-annual-d8/dev/index.php/', '', '47.128.25.19', 1691940642),
(11759, 0, 'php', '%type: @message in %function (line %line of %file) @backtrace_string.', 0x[encoded data, 11948 characters], 5, '', 'http://j-source-uat.ectostarservers.com/sme-annual-d8/dev/index.php/', '', '47.128.25.19', 1691940642),
(11760, 0, 'php', '%type: @message in %function (line %line of %file) @backtrace_string.', 0x[encoded data, 11948 characters], 5, '', 'http://j-source-uat.ectostarservers.com/sme-annual-d8/dev/index.php/', '', '47.128.25.19', 1691940642),
(11761, 0, 'php', '%type: @message in %function (line %line of %file) @backtrace_string.', 0x[encoded data, 11948 characters], 5, '', 'http://j-source-uat.ectostarservers.com/sme-annual-d8/dev/index.php/', '', '47.128.25.19', 1691940642);
INSERT INTO `watchdog` (`wid`, `uid`, `type`, `message`, `variables`, `severity`, `link`, `location`, `referer`, `hostname`, `timestamp`) VALUES
(11762, 0, 'php', '%type: @message in %function (line %line of %file) @backtrace_string.', 0x[encoded data, 11350 characters], 5, '', 'http://j-source-uat.ectostarservers.com/sme-annual-d8/dev/index.php/', '', '47.128.25.19', 1691940642),
(11763, 0, 'php', '%type: @message in %function (line %line of %file) @backtrace_string.', 0x[encoded data, 11956 characters], 5, '', 'http://j-source-uat.ectostarservers.com/sme-annual-d8/dev/index.php/', '', '47.128.25.19', 1691940642),
(11764, 0, 'php', '%type: @message in %function (line %line of %file) @backtrace_string.', 0x[encoded data, 12202 characters], 5, '', 'http://j-source-uat.ectostarservers.com/sme-annual-d8/dev/index.php/', '', '47.128.25.19', 1691940642),
(11765, 0, 'php', '%type: @message in %function (line %line of %file) @backtrace_string.', 0x[encoded data, 11956 characters], 5, '', 'http://j-source-uat.ectostarservers.com/sme-annual-d8/dev/index.php/', '', '47.128.25.19', 1691940642);
